299
CXUS53 KIWX 010810
CF6GSH
PRELIMINARY LOCAL CLIMATOLOGICAL DATA (WS FORM: F-6)
STATION: GOSHEN
MONTH: SEPTEMBER
YEAR: 2020
LATITUDE: 41 31 N
LONGITUDE: 85 47 W
TEMPERATURE IN F: :PCPN: SNOW: WIND :SUNSHINE: SKY :PK WND
================================================================================
1 2 3 4 5 6A 6B 7 8 9 10 11 12 13 14 15 16 17 18
12Z AVG MX 2MIN
DY MAX MIN AVG DEP HDD CDD WTR SNW DPTH SPD SPD DIR MIN PSBL S-S WX SPD DR
================================================================================
1 M M M M M M T 0.0 0 4.2 12 300 M M 6 138 M M
2 81 64 73 5 0 8 T 0.0 0 7.2 17 280 M M 3 1 24 290
3 86 59 73 5 0 8 0.00 0.0 0 10.5 25 270 M M 1 1 34 260
4 74 52 63 -4 2 0 0.00 0.0 0 6.3 22 310 M M 0 31 310
5 84 53 69 2 0 4 0.00 0.0 0 9.9 30 230 M M 2 41 220
6 79 48 64 -3 1 0 0.02 M 0 8.7 26 210 M M 3 39 210
7 80 67 74 8 0 9 0.04 0.0 0 10.4 25 220 M M 8 3 40 210
8 81 58 70 4 0 5 0.91 0.0 0 9.7 25 290 M M 8 13 37 290
9 81 57 69 3 0 4 0.00 0.0 0 6.0 16 330 M M 6 12 22 320
10 65 59 62 -3 3 0 0.00 0.0 0 8.3 13 20 M M 10 1 16 20
11 73 58 66 1 0 1 0.00 0.0 0 9.5 16 100 M M 6 1 22 110
12 78 59 69 4 0 4 0.23 0.0 0 6.7 16 280 M M 10 138 20 170
13 74 56 65 1 0 0 0.01 0.0 0 7.6 15 330 M M 2 1 22 270
14 71 50 61 -3 4 0 0.00 0.0 0 3.1 9 80 M M 2 12 13 80
15 73 51 62 -1 3 0 0.00 0.0 0 4.8 12 180 M M 0 16 170
16 78 50 64 1 1 0 0.00 0.0 0 5.3 14 260 M M 2 19 260
17 71 52 62 -1 3 0 0.00 0.0 0 8.9 15 30 M M 7 22 40
18 62 46 54 -8 11 0 0.00 0.0 0 9.2 16 30 M M 0 23 360
19 66 34 50 -12 15 0 0.00 0.0 0 3.6 10 120 M M 0 16 120
20 72 39 56 -5 9 0 0.00 0.0 0 6.0 17 90 M M 0 1 23 80
21 75 40 58 -3 7 0 0.00 0.0 0 5.6 13 180 M M 0 20 170
22 78 43 61 1 4 0 0.00 0.0 0 3.4 10 280 M M 0 14 280
23 78 48 63 3 2 0 0.00 0.0 0 5.0 16 270 M M 0 1 21 270
24 78 51 65 5 0 0 0.00 0.0 0 4.6 14 270 M M 1 23 250
25 81 49 65 6 0 0 0.00 0.0 0 4.4 17 170 M M 0 1 24 170
26 81 59 70 11 0 5 0.00 0.0 0 13.4 22 200 M M 1 1 32 210
27 76 60 68 10 0 3 0.07 0.0 0 11.1 18 350 M M 6 1 26 200
28 60 48 54 -4 11 0 0.12 M M 8.2 18 300 M M 8 1 25 300
29 63 43 53 -4 12 0 T M 0 8.2 15 280 M M 4 19 280
30 66 46 56 -1 9 0 0.09 M M 14.5 36 270 M M 5 49 270
================================================================================
SM 2165 1499 97 51 1.49 0.0 224.3 M 101
================================================================================
AV 74.7 51.7 7.5 FASTST M M 3 MAX(MPH)
MISC ----> 36 270 49 270
================================================================================
NOTES:
# LAST OF SEVERAL OCCURRENCES
COLUMN 17 PEAK WIND IN M.P.H.
PRELIMINARY LOCAL CLIMATOLOGICAL DATA (WS FORM: F-6) , PAGE 2
STATION: GOSHEN
MONTH: SEPTEMBER
YEAR: 2020
LATITUDE: 41 31 N
LONGITUDE: 85 47 W
[TEMPERATURE DATA] [PRECIPITATION DATA] SYMBOLS USED IN COLUMN 16
AVERAGE MONTHLY: 63.2 TOTAL FOR MONTH: 1.49 1 = FOG OR MIST
DPTR FM NORMAL: 0.2 DPTR FM NORMAL: -1.74 2 = FOG REDUCING VISIBILITY
HIGHEST: 86 ON 3 GRTST 24HR 0.91 ON 8- 8 TO 1/4 MILE OR LESS
LOWEST: 34 ON 19 3 = THUNDER
SNOW, ICE PELLETS, HAIL 4 = ICE PELLETS
TOTAL MONTH: 0.0 INCH 5 = HAIL
GRTST 24HR 0.0 6 = FREEZING RAIN OR DRIZZLE
GRTST DEPTH: 0 7 = DUSTSTORM OR SANDSTORM:
VSBY 1/2 MILE OR LESS
8 = SMOKE OR HAZE
[NO. OF DAYS WITH] [WEATHER - DAYS WITH] 9 = BLOWING SNOW
X = TORNADO
MAX 32 OR BELOW: 0 0.01 INCH OR MORE: 8
MAX 90 OR ABOVE: 0 0.10 INCH OR MORE: 3
MIN 32 OR BELOW: 0 0.50 INCH OR MORE: 1
MIN 0 OR BELOW: 0 1.00 INCH OR MORE: 0
[HDD (BASE 65) ]
TOTAL THIS MO. 97 CLEAR (SCALE 0-3) 17
DPTR FM NORMAL -27 PTCLDY (SCALE 4-7) 10
TOTAL FM JUL 1 100 CLOUDY (SCALE 8-10) 3
DPTR FM NORMAL -41
[CDD (BASE 65) ]
TOTAL THIS MO. 51
DPTR FM NORMAL -11 [PRESSURE DATA]
TOTAL FM JAN 1 889 HIGHEST SLP 30.49 ON 20
DPTR FM NORMAL 237 LOWEST SLP 29.56 ON 30
[REMARKS]
#FINAL-09-20#