000
CXUS52 KGSP 010917
CF6GSP
PRELIMINARY LOCAL CLIMATOLOGICAL DATA (WS FORM: F-6)
STATION: GREENVILLE-SPARTANBURG SC
MONTH: JANUARY
YEAR: 2022
LATITUDE: 34 54 N
LONGITUDE: 82 13 W
TEMPERATURE IN F: :PCPN: SNOW: WIND :SUNSHINE: SKY :PK WND
================================================================================
1 2 3 4 5 6A 6B 7 8 9 10 11 12 13 14 15 16 17 18
12Z AVG MX 2MIN
DY MAX MIN AVG DEP HDD CDD WTR SNW DPTH SPD SPD DIR MIN PSBL S-S WX SPD DR
================================================================================
1 75 61 68 25 0 3 0.06 0.0 0 14.7 31 210 M M 9 1 40 180
2 70 57 64 21 1 0 0.78 0.0 0 11.8 33 210 M M 10 1 45 220
3 57 30 44 2 21 0 1.45 T 0 10.6 25 350 M M 5 134 36 340
4 45 26 36 -6 29 0 0.00 0.0 0 3.5 9 80 M M 2 17 130
5 57 37 47 5 18 0 0.00 0.0 0 7.5 22 230 M M 4 25 240
6 58 33 46 4 19 0 T 0.0 0 4.4 15 250 M M 4 18 20 320
7 45 27 36 -6 29 0 0.00 0.0 0 4.2 12 330 M M 1 17 350
8 44 23 34 -8 31 0 0.00 0.0 0 3.6 9 90 M M 3 13 50
9 50 40 45 3 20 0 0.42 0.0 0 3.9 12 360 M M 9 18 17 360
10 50 34 42 0 23 0 0.00 0.0 0 9.0 21 10 M M 2 29 350
11 47 27 37 -5 28 0 0.00 0.0 0 5.8 20 360 M M 0 27 360
12 52 25 39 -3 26 0 0.00 0.0 0 6.3 16 240 M M 0 19 210
13 54 30 42 0 23 0 0.00 0.0 0 3.2 9 360 M M 2 14 360
14 56 35 46 4 19 0 0.00 0.0 0 5.2 12 10 M M 0 17 320
15 43 33 38 -4 27 0 0.00 0.0 0 8.0 15 50 M M 6 22 70
16 38 24 31 -11 34 0 1.54 6.5 4 14.3 32 40 M M 10 1248 43 50
17 42 26 34 -8 31 0 0.00 0.0 6 10.4 20 240 M M 1 25 230
18 49 22 36 -6 29 0 0.00 0.0 3 2.9 9 270 M M 0 11 310
19 53 28 41 -1 24 0 0.00 0.0 2 5.1 17 210 M M 1 21 210
20 45 36 41 -1 24 0 0.28 0.0 1 6.2 16 50 M M 10 1 22 60
21 36 28 32 -10 33 0 T T T 10.1 16 60 M M 10 8 21 40
22 40 26 33 -9 32 0 0.00 0.0 T 3.6 12 50 M M 5 17 90
23 52 22 37 -5 28 0 0.00 0.0 0 5.9 17 220 M M 0 18 22 220
24 55 26 41 -2 24 0 0.00 0.0 0 5.1 15 210 M M 0 20 210
25 62 40 51 8 14 0 0.00 0.0 0 4.6 10 220 M M 1 14 250
26 50 30 40 -3 25 0 0.00 0.0 0 6.6 15 60 M M 0 20 50
27 46 25 36 -7 29 0 0.00 0.0 0 3.2 7 60 M M 0 11 110
28 50 29 40 -3 25 0 0.02 T 0 4.3 13 340 M M 6 21 330
29 35 22 29 -14 36 0 0.00 0.0 0 8.1 20 340 M M 2 35 340
30 51 18 35 -8 30 0 0.00 0.0 0 7.8 22 220 M M 0 33 210
31 56 29 43 0 22 0 0.00 0.0 0 2.3 8 30 M M 0 10 30
================================================================================
SM 1563 949 754 3 4.55 6.5 202.2 M 103
================================================================================
AV 50.4 30.6 6.5 FASTST M M 3 MAX(MPH)
MISC ----> 33 210 45 220
================================================================================
NOTES:
# LAST OF SEVERAL OCCURRENCES
COLUMN 17 PEAK WIND IN M.P.H.
PRELIMINARY LOCAL CLIMATOLOGICAL DATA (WS FORM: F-6) , PAGE 2
STATION: GREENVILLE-SPARTANBURG SC
MONTH: JANUARY
YEAR: 2022
LATITUDE: 34 54 N
LONGITUDE: 82 13 W
[TEMPERATURE DATA] [PRECIPITATION DATA] SYMBOLS USED IN COLUMN 16
AVERAGE MONTHLY: 40.5 TOTAL FOR MONTH: 4.55 1 = FOG OR MIST
DPTR FM NORMAL: -2.0 DPTR FM NORMAL: 0.43 2 = FOG REDUCING VISIBILITY
HIGHEST: 75 ON 1 GRTST 24HR 1.91 ON 2- 3 TO 1/4 MILE OR LESS
LOWEST: 18 ON 30 3 = THUNDER
SNOW, ICE PELLETS, HAIL 4 = ICE PELLETS
TOTAL MONTH: 6.5 INCHES 5 = HAIL
GRTST 24HR 6.5 ON 16-16 6 = FREEZING RAIN OR DRIZZLE
GRTST DEPTH: 6 ON 17 7 = DUSTSTORM OR SANDSTORM:
VSBY 1/2 MILE OR LESS
8 = SMOKE OR HAZE
[NO. OF DAYS WITH] [WEATHER - DAYS WITH] 9 = BLOWING SNOW
X = TORNADO
MAX 32 OR BELOW: 0 0.01 INCH OR MORE: 7
MAX 90 OR ABOVE: 0 0.10 INCH OR MORE: 5
MIN 32 OR BELOW: 21 0.50 INCH OR MORE: 3
MIN 0 OR BELOW: 0 1.00 INCH OR MORE: 2
[HDD (BASE 65) ]
TOTAL THIS MO. 754 CLEAR (SCALE 0-3) 19
DPTR FM NORMAL 55 PTCLDY (SCALE 4-7) 6
TOTAL FM JUL 1 1714 CLOUDY (SCALE 8-10) 6
DPTR FM NORMAL -180
[CDD (BASE 65) ]
TOTAL THIS MO. 3
DPTR FM NORMAL 3 [PRESSURE DATA]
TOTAL FM JAN 1 3 HIGHEST SLP 30.62 ON 8
DPTR FM NORMAL 3 LOWEST SLP 29.40 ON 3
[REMARKS]
#FINAL-01-22#