000
CXUS56 KTFX 011110
CF6GTF
PRELIMINARY LOCAL CLIMATOLOGICAL DATA (WS FORM: F-6)
STATION: GREAT FALLS MT
MONTH: JULY
YEAR: 2022
LATITUDE: 47 28 N
LONGITUDE: 111 22 W
TEMPERATURE IN F: :PCPN: SNOW: WIND :SUNSHINE: SKY :PK WND
================================================================================
1 2 3 4 5 6A 6B 7 8 9 10 11 12 13 14 15 16 17 18
12Z AVG MX 2MIN
DY MAX MIN AVG DEP HDD CDD WTR SNW DPTH SPD SPD DIR MIN PSBL S-S WX SPD DR
================================================================================
1 85 42 64 0 1 0 T 0.0 0 6.6 14 30 M M 1 19 40
2 84 51 68 4 0 3 T 0.0 0 6.3 38 230 M M 1 3 51 240
3 67 50 59 -5 6 0 0.19 0.0 0 7.0 22 270 M M 7 1 29 280
4 75 52 64 -1 1 0 0.69 0.0 0 5.2 18 130 M M 7 13 25 140
5 80 48 64 -1 1 0 0.00 0.0 0 6.4 17 210 M M 0 1 22 200
6 85 48 67 2 0 2 T 0.0 0 6.2 25 250 M M 2 35 250
7 87 53 70 4 0 5 0.22 0.0 0 7.2 28 130 M M 2 3 37 320
8 91 54 73 7 0 8 0.02 0.0 0 7.4 39 180 M M 2 3 53 170
9 88 55 72 6 0 7 0.10 0.0 0 9.0 32 240 M M 2 3 45 260
10 77 52 65 -2 0 0 0.00 0.0 0 10.5 21 250 M M 2 28 240
11 83 49 66 -1 0 1 0.00 0.0 0 6.7 16 230 M M 0 22 210
12 93 49 71 4 0 6 0.00 0.0 0 6.5 14 190 M M 0 21 200
13 93 62 78 10 0 13 0.00 0.0 0 10.2 24 190 M M 1 33 190
14 94 56 75 7 0 10 0.00 0.0 0 6.1 14 270 M M 0 19 280
15 93 59 76 8 0 11 0.00 0.0 0 11.1 33 240 M M 0 47 220
16 96 58 77 9 0 12 T 0.0 0 11.6 28 180 M M 0 37 190
17 102 64 83 14 0 18 T 0.0 0 10.5 29 260 M M 0 8 44 230
18 90 59 75 6 0 10 0.02 0.0 0 18.6 52 260 M M 1 3 74 260
19 88 56 72 3 0 7 0.00 0.0 0 13.5 24 250 M M 0 32 250
20 91 51 71 2 0 6 0.00 0.0 0 8.0 21 300 M M 0 29 300
21 93 51 72 2 0 7 0.00 0.0 0 8.5 21 290 M M 0 27 280
22 90 53 72 2 0 7 T 0.0 0 12.1 26 350 M M 1 3 39 10
23 87 48 68 -2 0 3 0.00 0.0 0 6.7 13 70 M M 0 17 60
24 91 51 71 1 0 6 T 0.0 0 10.0 25 210 M M 1 3 33 190
25 86 54 70 0 0 5 0.21 0.0 0 11.1 20 20 M M 3 13 24 20
26 84 54 69 -1 0 4 0.00 0.0 0 6.2 15 60 M M 3 20 70
27 86 51 69 -1 0 4 0.00 0.0 0 9.1 17 80 M M 0 27 60
28 94 53 74 4 0 9 0.00 0.0 0 6.5 14 70 M M 0 21 80
29 98 63 81 11 0 16 T 0.0 0 8.2 26 190 M M 1 34 180
30 94 57 76 6 0 11 0.00 0.0 0 10.3 18 50 M M 0 24 50
31 98 60 79 9 0 14 0.00 0.0 0 9.0 21 300 M M 0 30 330
================================================================================
SM 2743 1663 9 205 1.45 0.0 272.3 M 37
================================================================================
AV 88.5 53.6 8.8 FASTST M M 1 MAX(MPH)
MISC ----> 52 260 74 260
================================================================================
NOTES:
# LAST OF SEVERAL OCCURRENCES
COLUMN 17 PEAK WIND IN M.P.H.
PRELIMINARY LOCAL CLIMATOLOGICAL DATA (WS FORM: F-6) , PAGE 2
STATION: GREAT FALLS MT
MONTH: JULY
YEAR: 2022
LATITUDE: 47 28 N
LONGITUDE: 111 22 W
[TEMPERATURE DATA] [PRECIPITATION DATA] SYMBOLS USED IN COLUMN 16
AVERAGE MONTHLY: 71.1 TOTAL FOR MONTH: 1.45 1 = FOG OR MIST
DPTR FM NORMAL: 3.2 DPTR FM NORMAL: 0.22 2 = FOG REDUCING VISIBILITY
HIGHEST: 102 ON 17 GRTST 24HR 0.69 ON 4- 4 TO 1/4 MILE OR LESS
LOWEST: 42 ON 1 3 = THUNDER
SNOW, ICE PELLETS, HAIL 4 = ICE PELLETS
TOTAL MONTH: 0.0 INCH 5 = HAIL
GRTST 24HR 0.0 6 = FREEZING RAIN OR DRIZZLE
GRTST DEPTH: 0 7 = DUSTSTORM OR SANDSTORM:
VSBY 1/2 MILE OR LESS
8 = SMOKE OR HAZE
[NO. OF DAYS WITH] [WEATHER - DAYS WITH] 9 = BLOWING SNOW
X = TORNADO
MAX 32 OR BELOW: 0 0.01 INCH OR MORE: 7
MAX 90 OR ABOVE: 16 0.10 INCH OR MORE: 5
MIN 32 OR BELOW: 0 0.50 INCH OR MORE: 1
MIN 0 OR BELOW: 0 1.00 INCH OR MORE: 0
[HDD (BASE 65) ]
TOTAL THIS MO. 9 CLEAR (SCALE 0-3) 28
DPTR FM NORMAL -39 PTCLDY (SCALE 4-7) 3
TOTAL FM JUL 1 9 CLOUDY (SCALE 8-10) 0
DPTR FM NORMAL -43
[CDD (BASE 65) ]
TOTAL THIS MO. 205
DPTR FM NORMAL 69 [PRESSURE DATA]
TOTAL FM JAN 1 225 HIGHEST SLP 30.21 ON 11
DPTR FM NORMAL 62 LOWEST SLP 29.61 ON 18
[REMARKS]
#FINAL-07-22#