000
CXUS55 KTFX 010920
CLMGTF
CLIMATE REPORT
NATIONAL WEATHER SERVICE GREAT FALLS MT
220 AM MST FRI MAR 01 2024
...................................
...THE GREAT FALLS MT CLIMATE SUMMARY FOR THE MONTH OF FEBRUARY 2024...
CLIMATE NORMAL PERIOD 1991 TO 2020
CLIMATE RECORD PERIOD 1886 TO 2024
WEATHER OBSERVED NORMAL DEPART LAST YEAR`S
VALUE DATE(S) VALUE FROM VALUE
NORMAL
..............................................................
TEMPERATURE (F)
RECORD
HIGH 70 02/27/1992
02/27/1932
02/22/1896
LOW -49 02/15/1936
HIGHEST 63 02/01 40 23 53
LOWEST -12 02/16 14 -26 -22
AVG. MAXIMUM 37.6 37.1 0.5 38.3
AVG. MINIMUM 19.9 15.4 4.5 17.7
MEAN 28.8 26.2 2.6 28.0
DAYS MAX >= 90 0 0.0 0.0
DAYS MAX <= 32 12 8.8 3.2
DAYS MIN <= 32 24 25.0 -1.0
DAYS MIN <= 0 2 4.9 -2.9
PRECIPITATION (INCHES)
RECORD
MAXIMUM 2.58 2019
MINIMUM 0.01
TOTALS 1.81 0.59 1.22 0.58
DAYS >= .01 12 8.2 3.8
DAYS >= .10 5 2.0 3.0
DAYS >= .50 0 0.0 0.0
DAYS >= 1.00 0 0.0 0.0
GREATEST
24 HR. TOTAL 0.86 02/03 TO 02/04
SNOWFALL (INCHES)
RECORDS
TOTAL 32.6 2018
24 HR TOTAL 11.5 MM
TOTALS 16.9 10.1 6.8 11.5
SINCE 7/1 37.3 44.4 -7.1 MM
SNOWDEPTH AVG. 3
DAYS >= TRACE 14 8.1 5.9
DAYS >= 1.0 4 3.6 0.4
GREATEST
SNOW DEPTH 8 02/14
24 HR TOTAL 4.3 02/13 TO 02/13
DEGREE DAYS
HEATING TOTAL 1044 1085 -41 1028
SINCE 7/1 4825 5546 -721 MM
COOLING TOTAL 0 0 0 0
SINCE 1/1 0 0 0 MM
..............................................................
WIND (MPH)
AVERAGE WIND SPEED 12.2
HIGHEST WIND SPEED/DIRECTION 40/230 DATE 02/25
HIGHEST GUST SPEED/DIRECTION 51/230 DATE 02/25
51/230 02/28
SKY COVER
AVERAGE SKY COVER 0.50
AVERAGE RH (PERCENT) 73
WEATHER CONDITIONS. NUMBER OF DAYS WITH
THUNDERSTORM 0 MIXED PRECIP 0
HEAVY RAIN 0 RAIN 0
LIGHT RAIN 2 FREEZING RAIN 0
LT FREEZING RAIN 0 HAIL 0
HEAVY SNOW 0 SNOW 4
LIGHT SNOW 14 SLEET 0
FOG 15 FOG W/VIS <= 1/4 MILE 7
HAZE 3
- INDICATES NEGATIVE NUMBERS.
R INDICATES RECORD WAS SET OR TIED.
MM INDICATES DATA IS MISSING.
T INDICATES TRACE AMOUNT.
$$