000
CXUS52 KFFC 011110
CF6GVL
PRELIMINARY LOCAL CLIMATOLOGICAL DATA (WS FORM: F-6)
STATION: GAINESVILLE
MONTH: FEBRUARY
YEAR: 2021
LATITUDE: 34 16 N
LONGITUDE: 83 50 W
TEMPERATURE IN F: :PCPN: SNOW: WIND :SUNSHINE: SKY :PK WND
================================================================================
1 2 3 4 5 6A 6B 7 8 9 10 11 12 13 14 15 16 17 18
12Z AVG MX 2MIN
DY MAX MIN AVG DEP HDD CDD WTR SNW DPTH SPD SPD DIR MIN PSBL S-S WX SPD DR
================================================================================
1 46 33 40 -3 25 0 0.00 M M 15.5 26 310 M M 10 37 320
2 43 32 38 -5 27 0 0.00 M M 16.4 24 320 M M 3 34 340
3 52 26 39 -4 26 0 0.00 M M 9.2 22 320 M M 0 29 320
4 47 27 37 -6 28 0 0.00 0.0 M 4.5 8 140 M M 3 12 80
5 54 37 46 2 19 0 0.15 M M 8.2 22 300 M M 4 12 30 300
6 47 28 38 -6 27 0 0.60 M M 6.6 17 80 M M 6 1 25 70
7 52 33 43 -1 22 0 0.10 M M 7.0 17 90 M M 3 1 25 70
8 57 34 46 2 19 0 0.00 M M 7.6 14 100 M M 1 18 100
9 63 48 56 12 9 0 T M M 5.6 10 320 M M 7 16 310
10 70 40 55 10 10 0 0.00 M M 2.4 12 110 M M 1 1 15 90
11 58 48 53 8 12 0 0.20 0.0 M 3.1 9 310 M M 8 138 12 110
12 57 38 48 3 17 0 0.06 M M 8.6 18 90 M M 10 1 24 80
13 44 37 41 -4 24 0 0.40 M M 7.7 16 90 M M 10 1 21 70
14 47 40 44 -1 21 0 0.00 M M 7.3 15 90 M M 10 128 19 60
15 43 40 42 -4 23 0 0.76 0.0 M 9.8 21 90 M M 10 13 27 90
16 41 24 33 -13 32 0 0.00 M M 12.6 22 250 M M 7 1 28 290
17 50 24 37 -9 28 0 0.04 M M 9.2 18 100 M M 3 25 100
18 42 37 40 -6 25 0 0.65 M M 8.1 21 60 M M 10 13 27 60
19 54 35 45 -1 20 0 0.00 M M 8.8 17 310 M M 4 12 24 310
20 53 30 42 -5 23 0 0.00 M M 6.8 14 240 M M 0 19 250
21 56 33 45 -2 20 0 T M M 8.6 16 70 M M 2 23 100
22 60 42 51 4 14 0 0.13 M M 8.0 18 270 M M 7 12 27 280
23 67 39 53 6 12 0 0.00 M M 8.1 20 260 M M 0 33 260
24 71 40 56 8 9 0 0.00 M M 5.3 15 260 M M 0 22 240
25 73 48 61 13 4 0 0.00 M M 6.1 13 250 M M 1 20 260
26 57 43 50 2 15 0 0.67 M M 9.2 17 100 M M 8 1 30 110
27 61 42 52 4 13 0 T M M 4.3 13 80 M M 8 12 17 90
28 77 52 65 16 0 0 0.00 M M 6.9 20 240 M M 5 1 28 240
================================================================================
SM 1542 1030 524 0 3.76 0.0 221.5 M 141
================================================================================
AV 55.1 36.8 7.9 FASTST M M 5 MAX(MPH)
MISC ----> 26 310 37 320
================================================================================
NOTES:
# LAST OF SEVERAL OCCURRENCES
COLUMN 17 PEAK WIND IN M.P.H.
PRELIMINARY LOCAL CLIMATOLOGICAL DATA (WS FORM: F-6) , PAGE 2
STATION: GAINESVILLE
MONTH: FEBRUARY
YEAR: 2021
LATITUDE: 34 16 N
LONGITUDE: 83 50 W
[TEMPERATURE DATA] [PRECIPITATION DATA] SYMBOLS USED IN COLUMN 16
AVERAGE MONTHLY: 45.9 TOTAL FOR MONTH: 3.76 1 = FOG OR MIST
DPTR FM NORMAL: 0.4 DPTR FM NORMAL: -1.11 2 = FOG REDUCING VISIBILITY
HIGHEST: 77 ON 28 GRTST 24HR 0.76 ON 15-15 TO 1/4 MILE OR LESS
LOWEST: 24 ON 17,16 3 = THUNDER
SNOW, ICE PELLETS, HAIL 4 = ICE PELLETS
TOTAL MONTH: 0.0 INCH 5 = HAIL
GRTST 24HR 0.0 6 = FREEZING RAIN OR DRIZZLE
GRTST DEPTH: M ON M 7 = DUSTSTORM OR SANDSTORM:
VSBY 1/2 MILE OR LESS
8 = SMOKE OR HAZE
[NO. OF DAYS WITH] [WEATHER - DAYS WITH] 9 = BLOWING SNOW
X = TORNADO
MAX 32 OR BELOW: 0 0.01 INCH OR MORE: 11
MAX 90 OR ABOVE: 0 0.10 INCH OR MORE: 9
MIN 32 OR BELOW: 7 0.50 INCH OR MORE: 4
MIN 0 OR BELOW: 0 1.00 INCH OR MORE: 0
[HDD (BASE 65) ]
TOTAL THIS MO. 524 CLEAR (SCALE 0-3) 10
DPTR FM NORMAL -22 PTCLDY (SCALE 4-7) 10
TOTAL FM JUL 1 2151 CLOUDY (SCALE 8-10) 8
DPTR FM NORMAL -314
[CDD (BASE 65) ]
TOTAL THIS MO. 0
DPTR FM NORMAL 0 [PRESSURE DATA]
TOTAL FM JAN 1 0 HIGHEST SLP 30.50 ON 21
DPTR FM NORMAL 0 LOWEST SLP 29.71 ON 15
[REMARKS]
#FINAL-02-21#