000
CXUS54 KJAN 040816
CF6GWO
PRELIMINARY LOCAL CLIMATOLOGICAL DATA (WS FORM: F-6)
STATION: GREENWOOD
MONTH: DECEMBER
YEAR: 2023
LATITUDE: 33 30 N
LONGITUDE: 90 5 W
TEMPERATURE IN F: :PCPN: SNOW: WIND :SUNSHINE: SKY :PK WND
================================================================================
1 2 3 4 5 6A 6B 7 8 9 10 11 12 13 14 15 16 17 18
12Z AVG MX 2MIN
DY MAX MIN AVG DEP HDD CDD WTR SNW DPTH SPD SPD DIR MIN PSBL S-S WX SPD DR
================================================================================
1 74 54 64 14 1 0 0.12 0.0 0 5.7 14 220 M M 8 1 21 220
2 66 50 58 9 7 0 0.64 0.0 0 3.5 12 350 M M 10 12 15 20
3 66 48 57 8 8 0 0.00 0.0 0 3.3 10 200 M M 5 12 12 200
4 61 45 53 4 12 0 0.00 0.0 0 4.4 13 300 M M 0 22 280
5 67 32 50 1 15 0 0.00 0.0 0 5.0 16 360 M M 0 1 25 360
6 58 32 45 -4 20 0 0.00 0.0 0 4.6 13 40 M M 0 17 360
7 64 32 48 0 17 0 0.00 0.0 0 6.1 15 200 M M 0 19 220
8 69 46 58 10 7 0 T 0.0 0 10.8 18 170 M M 8 25 170
9 79 56 68 20 0 3 0.06 0.0 0 11.5 21 210 M M 8 3 34 330
10 57 31 44 -4 21 0 0.00 0.0 0 7.3 20 360 M M 1 8 32 330
11 58 27 43 -5 22 0 0.00 0.0 0 1.3 8 210 M M 0 11 220
12 65 31 48 0 17 0 0.00 0.0 0 3.0 7 70 M M 0 11 90
13 66 34 50 3 15 0 0.00 0.0 0 6.0 14 60 M M 0 19 70
14 70 44 57 10 8 0 0.00 0.0 0 7.6 16 130 M M 0 24 120
15 71 48 60 13 5 0 0.00 0.0 0 10.0 21 140 M M 0 29 130
16 59 50 55 8 10 0 0.10 0.0 0 4.1 18 130 M M 7 18 27 120
17 59 36 48 1 17 0 T 0.0 0 4.4 12 350 M M 2 1 18 330
18 60 30 45 -2 20 0 0.00 0.0 0 4.6 17 350 M M 0 1 28 340
19 55 25 40 -6 25 0 0.00 0.0 0 3.9 10 90 M M 0 16 60
20 61 29 45 -1 20 0 0.00 0.0 0 4.1 10 90 M M 0 16 170
21 64 37 51 5 14 0 0.00 0.0 0 3.1 10 160 M M 0 14 150
22 71 46 59 13 6 0 0.00 0.0 0 3.0 9 170 M M 5 13 160
23 73 55 64 18 1 0 0.05 0.0 0 8.0 14 120 M M 4 1 20 110
24 66 59 63 17 2 0 0.38 0.0 0 12.6 24 120 M M 6 1 37 140
25 63 47 55 9 10 0 0.47 0.0 0 6.6 25 120 M M 10 1 34 120
26 58 33 46 0 19 0 0.00 0.0 0 1.7 10 350 M M 2 14 360
27 59 36 48 3 17 0 0.00 0.0 0 4.0 14 220 M M 4 21 320
28 49 27 38 -7 27 0 0.00 0.0 0 3.3 12 240 M M 5 20 220
29 49 36 43 -2 22 0 0.00 0.0 0 4.4 12 290 M M 7 21 270
30 52 30 41 -4 24 0 0.00 0.0 0 3.3 12 210 M M 2 16 300
31 65 34 50 5 15 0 0.00 0.0 0 5.0 14 230 M M 0 20 210
================================================================================
SM 1954 1220 424 3 1.82 0.0 166.2 M 94
================================================================================
AV 63.0 39.4 5.4 FASTST M M 3 MAX(MPH)
MISC ----> 25 120 37 140
================================================================================
NOTES:
# LAST OF SEVERAL OCCURRENCES
COLUMN 17 PEAK WIND IN M.P.H.
PRELIMINARY LOCAL CLIMATOLOGICAL DATA (WS FORM: F-6) , PAGE 2
STATION: GREENWOOD
MONTH: DECEMBER
YEAR: 2023
LATITUDE: 33 30 N
LONGITUDE: 90 5 W
[TEMPERATURE DATA] [PRECIPITATION DATA] SYMBOLS USED IN COLUMN 16
AVERAGE MONTHLY: 51.2 TOTAL FOR MONTH: 1.82 1 = FOG OR MIST
DPTR FM NORMAL: 4.1 DPTR FM NORMAL: -3.51 2 = FOG REDUCING VISIBILITY
HIGHEST: 79 ON 9 GRTST 24HR 0.85 ON 24-25 TO 1/4 MILE OR LESS
LOWEST: 25 ON 19 3 = THUNDER
SNOW, ICE PELLETS, HAIL 4 = ICE PELLETS
TOTAL MONTH: 0.0 INCH 5 = HAIL
GRTST 24HR 0.0 6 = FREEZING RAIN OR DRIZZLE
GRTST DEPTH: 0 7 = DUSTSTORM OR SANDSTORM:
VSBY 1/2 MILE OR LESS
8 = SMOKE OR HAZE
[NO. OF DAYS WITH] [WEATHER - DAYS WITH] 9 = BLOWING SNOW
X = TORNADO
MAX 32 OR BELOW: 0 0.01 INCH OR MORE: 7
MAX 90 OR ABOVE: 0 0.10 INCH OR MORE: 5
MIN 32 OR BELOW: 11 0.50 INCH OR MORE: 1
MIN 0 OR BELOW: 0 1.00 INCH OR MORE: 0
[HDD (BASE 65) ]
TOTAL THIS MO. 424 CLEAR (SCALE 0-3) 18
DPTR FM NORMAL -139 PTCLDY (SCALE 4-7) 10
TOTAL FM JUL 1 778 CLOUDY (SCALE 8-10) 3
DPTR FM NORMAL -259
[CDD (BASE 65) ]
TOTAL THIS MO. 3
DPTR FM NORMAL -3 [PRESSURE DATA]
TOTAL FM JAN 1 2820 HIGHEST SLP 30.62 ON 13
DPTR FM NORMAL 577 LOWEST SLP 29.72 ON 25
[REMARKS]
#FINAL-12-23#