000
CXUS54 KEWX 011010
CF6GYB
PRELIMINARY LOCAL CLIMATOLOGICAL DATA (WS FORM: F-6)
STATION: GIDDINGS-LEE COUNTY AIRPORT
MONTH: MAY
YEAR: 2022
LATITUDE: 30 10 N
LONGITUDE: 96 59 W
TEMPERATURE IN F: :PCPN: SNOW: WIND :SUNSHINE: SKY :PK WND
================================================================================
1 2 3 4 5 6A 6B 7 8 9 10 11 12 13 14 15 16 17 18
12Z AVG MX 2MIN
DY MAX MIN AVG DEP HDD CDD WTR SNW DPTH SPD SPD DIR MIN PSBL S-S WX SPD DR
================================================================================
1 86 70 78 M 0 13 0.10 M M 5.0 9 150 M M 6 1 18 140
2 86 70 78 M 0 13 0.00 M M 9.0 15 200 M M 6 24 180
3 89 73 81 M 0 16 0.00 M M 5.3 10 190 M M 4 1 18 190
4 88 73 81 M 0 16 0.00 M M 7.7 15 170 M M 7 1 22 170
5 86 66 76 M 0 11 1.15 M M 8.2 16 190 M M 6 1 25 200
6 91 59 75 M 0 10 0.00 M M 2.5 9 180 M M 2 12 M M
7 91 73 82 M 0 17 0.00 M M 5.8 14 180 M M 3 1 20 180
8 94 74 84 M 0 19 0.00 M M 10.0 13 170 M M 3 21 200
9 93 76 85 M 0 20 0.00 M M 8.8 14 160 M M 4 23 160
10 91 74 83 M 0 18 0.00 M M 8.3 14 140 M M 4 1 18 140
11 90 71 81 M 0 16 0.00 M M 4.9 12 150 M M 3 12 17 150
12 91 66 79 M 0 14 0.00 M M 5.8 12 170 M M 3 12 21 170
13 89 67 78 M 0 13 0.00 M M 5.5 9 200 M M 1 17 220
14 91 68 80 M 0 15 0.00 M M 5.0 12 210 M M 0 17 220
15 91 69 80 M 0 15 0.00 M M 5.5 9 200 M M 2 18 190
16 93 71 82 M 0 17 0.00 M M 6.0 14 230 M M 1 18 200
17 94 72 83 M 0 18 0.00 M M 8.1 12 180 M M 3 22 160
18 96 74 85 M 0 20 0.00 M M 11.2 15 180 M M 2 23 180
19 93 73 83 M 0 18 0.00 M M 11.4 16 190 M M 3 24 170
20 91 74 83 M 0 18 0.00 M M 11.0 17 130 M M 3 1 31 130
21 96 70 83 M 0 18 0.16 M M 8.1 14 170 M M 3 18 28 190
22 79 61 70 M 0 5 0.07 M M 7.4 17 30 M M 3 24 30
23 86 65 76 M 0 11 0.00 M M 5.9 13 100 M M 5 1 20 110
24 85 61 73 M 0 8 0.65 M M 5.6 10 160 M M 5 41 160
25 81 60 71 M 0 6 0.37 M M 7.0 18 340 M M 1 28 340
26 92 57 75 M 0 10 0.00 M M 2.9 12 240 M M 0 17 240
27 95 67 81 M 0 16 0.00 M M 2.8 7 290 M M 0 M M
28 95 65 80 M 0 15 0.00 M M 5.9 10 180 M M 2 18 210
29 93 74 84 M 0 19 0.00 M M 10.9 16 190 M M 4 25 180
30 93 75 84 M 0 19 0.00 M M 11.4 16 190 M M 5 27 180
31 94 76 85 M 0 20 0.00 M M 8.5 13 180 M M 5 21 160
================================================================================
SM 2803 2144 0 464 2.50 M 221.5 M 99
================================================================================
AV 90.4 69.2 7.1 FASTST M M 3 MAX(MPH)
MISC ----> 18 340 41 160
================================================================================
NOTES:
# LAST OF SEVERAL OCCURRENCES
COLUMN 17 PEAK WIND IN M.P.H.
PRELIMINARY LOCAL CLIMATOLOGICAL DATA (WS FORM: F-6) , PAGE 2
STATION: GIDDINGS-LEE COUNTY AIRPORT
MONTH: MAY
YEAR: 2022
LATITUDE: 30 10 N
LONGITUDE: 96 59 W
[TEMPERATURE DATA] [PRECIPITATION DATA] SYMBOLS USED IN COLUMN 16
AVERAGE MONTHLY: 79.8 TOTAL FOR MONTH: 2.50 1 = FOG OR MIST
DPTR FM NORMAL: 0.0 DPTR FM NORMAL: M 2 = FOG REDUCING VISIBILITY
HIGHEST: 96 ON 21,18 GRTST 24HR 1.15 ON 5- 5 TO 1/4 MILE OR LESS
LOWEST: 57 ON 26 3 = THUNDER
SNOW, ICE PELLETS, HAIL 4 = ICE PELLETS
TOTAL MONTH: M 5 = HAIL
GRTST 24HR M ON M 6 = FREEZING RAIN OR DRIZZLE
GRTST DEPTH: M ON M 7 = DUSTSTORM OR SANDSTORM:
VSBY 1/2 MILE OR LESS
8 = SMOKE OR HAZE
[NO. OF DAYS WITH] [WEATHER - DAYS WITH] 9 = BLOWING SNOW
X = TORNADO
MAX 32 OR BELOW: 0 0.01 INCH OR MORE: 6
MAX 90 OR ABOVE: 21 0.10 INCH OR MORE: 5
MIN 32 OR BELOW: 0 0.50 INCH OR MORE: 2
MIN 0 OR BELOW: 0 1.00 INCH OR MORE: 1
[HDD (BASE 65) ]
TOTAL THIS MO. 0 CLEAR (SCALE 0-3) 15
DPTR FM NORMAL M PTCLDY (SCALE 4-7) 16
TOTAL FM JUL 1 1547 CLOUDY (SCALE 8-10) 0
DPTR FM NORMAL M
[CDD (BASE 65) ]
TOTAL THIS MO. 464
DPTR FM NORMAL M [PRESSURE DATA]
TOTAL FM JAN 1 727 HIGHEST SLP M ON M
DPTR FM NORMAL M LOWEST SLP M ON M
[REMARKS]
#FINAL-05-22#