000
CXUS54 KFWD 010732
CF6GYI
PRELIMINARY LOCAL CLIMATOLOGICAL DATA (WS FORM: F-6)
STATION: SHERMAN/DENISON
MONTH: MAY
YEAR: 2023
LATITUDE: 33 42 N
LONGITUDE: 96 40 W
TEMPERATURE IN F: :PCPN: SNOW: WIND :SUNSHINE: SKY :PK WND
================================================================================
1 2 3 4 5 6A 6B 7 8 9 10 11 12 13 14 15 16 17 18
12Z AVG MX 2MIN
DY MAX MIN AVG DEP HDD CDD WTR SNW DPTH SPD SPD DIR MIN PSBL S-S WX SPD DR
================================================================================
1 76 48 62 -4 3 0 0.00 M M 3.5 8 60 M M 0 M M
2 82 47 65 -2 0 0 0.00 M M 4.2 7 10 M M 0 M M
3 76 57 67 0 0 2 0.00 M M 5.1 13 300 M M 4 18 300
4 79 59 69 2 0 4 0.72 M M 9.5 16 140 M M 1 1 40 100
5 93 65 79 11 0 14 0.00 M M 9.3 15 190 M M 5 1 23 160
6 88 65 77 9 0 12 0.09 M M 11.3 20 310 M M 2 8 44 250
7 86 63 75 7 0 10 0.00 M M 11.2 22 190 M M 3 8 25 190
8 88 69 79 11 0 14 0.00 M M 7.6 13 170 M M 1 8 21 160
9 87 66 77 8 0 12 0.00 M M 8.8 16 180 M M 2 8 21 180
10 78 66 72 3 0 7 0.00 M M 5.8 12 160 M M 4 1 M M
11 87 64 76 7 0 11 0.00 M M 7.8 17 140 M M 6 25 140
12 89 74 82 13 0 17 0.00 M M 12.2 16 170 M M 6 18 26 160
13 89 67 78 8 0 13 0.01 M M 8.2 17 20 M M 3 29 20
14 76 68 72 2 0 7 0.00 M M 3.9 7 130 M M 5 1 M M
15 87 66 77 7 0 12 0.87 M M 5.3 18 220 M M 5 18 28 220
16 75 60 68 -2 0 3 0.00 M M 5.7 12 310 M M 7 16 310
17 79 56 68 -3 0 3 0.00 M M 4.0 9 330 M M 1 8 16 30
18 87 60 74 3 0 9 0.00 M M 4.4 13 350 M M 3 M M
19 90 66 78 7 0 13 0.00 M M 8.1 14 10 M M 5 28 220
20 75 57 66 -6 0 1 0.00 M M 9.5 20 10 M M 3 8 23 20
21 75 56 66 -6 0 1 0.00 M M 0.6 6 130 M M 0 M M
22 84 57 71 -1 0 6 0.00 M M 3.9 7 80 M M 1 8 M M
23 87 63 75 3 0 10 0.00 M M 6.0 10 70 M M 1 M M
24 89 65 77 4 0 12 0.00 M M 6.1 10 80 M M 2 8 M M
25 87 62 75 2 0 10 0.00 M M 3.6 9 110 M M 1 M M
26 90 66 78 5 0 13 0.00 M M 5.7 9 90 M M 2 M M
27 90 65 78 4 0 13 0.00 M M 5.9 9 90 M M 2 8 M M
28 91 66 79 5 0 14 0.16 M M 8.0 14 300 M M 5 26 300
29 90 66 78 4 0 13 0.03 M M 7.4 20 230 M M 3 25 230
30 86 64 75 1 0 10 M M M 3.5 8 160 M M 1 M M
31 92 65 79 5 0 14 0.00 M M 5.8 13 120 M M 1 1 M M
================================================================================
SM 2628 1938 3 280 1.88 M 201.7 M 85
================================================================================
AV 84.8 62.5 6.5 FASTST M M 3 MAX(MPH)
MISC ----> 22 190 44 250
================================================================================
NOTES:
# LAST OF SEVERAL OCCURRENCES
COLUMN 17 PEAK WIND IN M.P.H.
PRELIMINARY LOCAL CLIMATOLOGICAL DATA (WS FORM: F-6) , PAGE 2
STATION: SHERMAN/DENISON
MONTH: MAY
YEAR: 2023
LATITUDE: 33 42 N
LONGITUDE: 96 40 W
[TEMPERATURE DATA] [PRECIPITATION DATA] SYMBOLS USED IN COLUMN 16
AVERAGE MONTHLY: 73.6 TOTAL FOR MONTH: 1.88 1 = FOG OR MIST
DPTR FM NORMAL: 3.1 DPTR FM NORMAL: -3.44 2 = FOG REDUCING VISIBILITY
HIGHEST: 93 ON 5 GRTST 24HR 0.87 ON 15-15 TO 1/4 MILE OR LESS
LOWEST: 47 ON 2 3 = THUNDER
SNOW, ICE PELLETS, HAIL 4 = ICE PELLETS
TOTAL MONTH: M 5 = HAIL
GRTST 24HR M ON M 6 = FREEZING RAIN OR DRIZZLE
GRTST DEPTH: M ON M 7 = DUSTSTORM OR SANDSTORM:
VSBY 1/2 MILE OR LESS
8 = SMOKE OR HAZE
[NO. OF DAYS WITH] [WEATHER - DAYS WITH] 9 = BLOWING SNOW
X = TORNADO
MAX 32 OR BELOW: 0 0.01 INCH OR MORE: 6
MAX 90 OR ABOVE: 7 0.10 INCH OR MORE: 3
MIN 32 OR BELOW: 0 0.50 INCH OR MORE: 2
MIN 0 OR BELOW: 0 1.00 INCH OR MORE: 0
[HDD (BASE 65) ]
TOTAL THIS MO. 3 CLEAR (SCALE 0-3) 18
DPTR FM NORMAL -21 PTCLDY (SCALE 4-7) 13
TOTAL FM JUL 1 2306 CLOUDY (SCALE 8-10) 0
DPTR FM NORMAL -564
[CDD (BASE 65) ]
TOTAL THIS MO. 280
DPTR FM NORMAL 86 [PRESSURE DATA]
TOTAL FM JAN 1 371 HIGHEST SLP M ON M
DPTR FM NORMAL 103 LOWEST SLP M ON M
[REMARKS]
#FINAL-05-23#