000
CXUS54 KFWD 110129
CF6GYI
PRELIMINARY LOCAL CLIMATOLOGICAL DATA (WS FORM: F-6)
STATION: SHERMAN DENISON
MONTH: JUNE
YEAR: 2020
LATITUDE: 33 42 N
LONGITUDE: 96 40 W
TEMPERATURE IN F: :PCPN: SNOW: WIND :SUNSHINE: SKY :PK WND
================================================================================
1 2 3 4 5 6A 6B 7 8 9 10 11 12 13 14 15 16 17 18
12Z AVG MX 2MIN
DY MAX MIN AVG DEP HDD CDD WTR SNW DPTH SPD SPD DIR MIN PSBL S-S WX SPD DR
================================================================================
1 86 66 76 1 0 11 0.00 0.0 0 6.4 9 130 M M 0 M M
2 89 65 77 2 0 12 0.00 0.0 0 5.8 13 170 M M 3 17 160
3 91 73 82 7 0 17 0.00 0.0 0 9.5 15 190 M M 0 20 180
4 95 73 84 8 0 19 0.00 0.0 0 10.8 22 300 M M 1 40 300
5 95 70 83 7 0 18 0.00 0.0 0 8.3 15 160 M M 0 M M
6 95 72 84 8 0 19 0.00 0.0 0 4.1 8 80 M M 0 M M
7 92 72 82 6 0 17 0.00 0.0 0 6.0 12 90 M M 0 M M
8 94 72 83 6 0 18 0.00 0.0 0 2.7 7 30 M M 0 M M
9 94 67 81 4 0 16 0.00 0.0 0 15.7 23 190 M M 0 8 32 190
10 87 60 74 -3 0 9 0.00 0.0 0 10.2 18 290 M M 0 27 300
11 90 58 74 -3 0 9 0.00 0.0 0 3.5 10 100 M M 0 M M
12 91 62 77 -1 0 12 0.00 0.0 0 4.8 9 160 M M 0 M M
13 93 67 80 2 0 15 0.00 0.0 0 6.0 10 170 M M 0 8 M M
14 93 68 81 3 0 16 0.00 0.0 0 8.3 14 120 M M 0 17 150
15 94 74 84 6 0 19 0.00 0.0 0 5.7 8 120 M M 3 M M
16 94 71 83 5 0 18 0.00 0.0 0 8.2 14 80 M M 2 17 150
17 94 73 84 5 0 19 0.00 0.0 0 10.8 16 160 M M 0 25 150
18 93 73 83 4 0 18 0.00 0.0 0 12.5 18 140 M M 0 27 140
19 94 66 80 1 0 15 1.77 0.0 0 11.8 20 340 M M 4 3 35 340
20 89 68 79 0 0 14 0.17 0.0 0 7.2 17 140 M M 4 3 22 140
21 85 67 76 -3 0 11 M 0.0 0 7.8 13 80 M M 3 3 17 240
22 90 67 79 -1 0 14 0.73 0.0 0 6.0 20 360 M M 3 3 29 360
23 81 71 76 -4 0 11 0.00 0.0 0 5.7 16 220 M M 3 3 M M
24 89 65 77 -3 0 12 0.00 0.0 0 4.1 10 60 M M 1 M M
25 88 70 79 -1 0 14 0.00 0.0 0 6.9 13 90 M M 2 8 M M
26 92 74 83 3 0 18 0.00 0.0 0 11.9 17 190 M M 4 8 24 180
27 92 75 84 4 0 19 0.00 0.0 0 14.9 24 190 M M 3 8 31 170
28 90 76 83 2 0 18 M 0.0 0 16.0 23 170 M M 4 29 140
29 93 78 86 5 0 21 0.00 0.0 0 18.0 27 180 M M 5 29 190
30 91 79 85 4 0 20 0.00 0.0 0 14.3 21 160 M M 5 28 170
================================================================================
SM 2734 2092 0 469 2.67 0.0 263.9 M 50
================================================================================
AV 91.1 69.7 8.8 FASTST M M 2 MAX(MPH)
MISC ----> # 27 180 # 40 300
================================================================================
NOTES:
# LAST OF SEVERAL OCCURRENCES
COLUMN 17 PEAK WIND IN M.P.H.
PRELIMINARY LOCAL CLIMATOLOGICAL DATA (WS FORM: F-6) , PAGE 2
STATION: SHERMAN DENISON
MONTH: JUNE
YEAR: 2020
LATITUDE: 33 42 N
LONGITUDE: 96 40 W
[TEMPERATURE DATA] [PRECIPITATION DATA] SYMBOLS USED IN COLUMN 16
AVERAGE MONTHLY: 80.4 TOTAL FOR MONTH: 2.67 1 = FOG OR MIST
DPTR FM NORMAL: 2.3 DPTR FM NORMAL: -2.33 2 = FOG REDUCING VISIBILITY
HIGHEST: 95 ON 6, 5 GRTST 24HR 1.77 ON 19-19 TO 1/4 MILE OR LESS
LOWEST: 58 ON 11 3 = THUNDER
SNOW, ICE PELLETS, HAIL 4 = ICE PELLETS
TOTAL MONTH: 0.0 INCH 5 = HAIL
GRTST 24HR 0.0 6 = FREEZING RAIN OR DRIZZLE
GRTST DEPTH: 0 7 = DUSTSTORM OR SANDSTORM:
VSBY 1/2 MILE OR LESS
8 = SMOKE OR HAZE
[NO. OF DAYS WITH] [WEATHER - DAYS WITH] 9 = BLOWING SNOW
X = TORNADO
MAX 32 OR BELOW: 0 0.01 INCH OR MORE: 3
MAX 90 OR ABOVE: 22 0.10 INCH OR MORE: 3
MIN 32 OR BELOW: 0 0.50 INCH OR MORE: 2
MIN 0 OR BELOW: 0 1.00 INCH OR MORE: 1
[HDD (BASE 65) ]
TOTAL THIS MO. 0 CLEAR (SCALE 0-3) 23
DPTR FM NORMAL -1 PTCLDY (SCALE 4-7) 7
TOTAL FM JUL 1 2285 CLOUDY (SCALE 8-10) 0
DPTR FM NORMAL -588
[CDD (BASE 65) ]
TOTAL THIS MO. 469
DPTR FM NORMAL 74 [PRESSURE DATA]
TOTAL FM JAN 1 805 HIGHEST SLP M ON M
DPTR FM NORMAL 142 LOWEST SLP M ON M
[REMARKS]
#FINAL-06-20#