000
CXUS51 KGYX 020440
CF6GYX
PRELIMINARY LOCAL CLIMATOLOGICAL DATA (WS FORM: F-6)
STATION: GRAY ME
MONTH: MARCH
YEAR: 2020
LATITUDE: 43 53 N
LONGITUDE: 70 15 W
TEMPERATURE IN F: :PCPN: SNOW: WIND :SUNSHINE: SKY :PK WND
================================================================================
1 2 3 4 5 6A 6B 7 8 9 10 11 12 13 14 15 16 17 18
12Z AVG MX 2MIN
DY MAX MIN AVG DEP HDD CDD WTR SNW DPTH SPD SPD DIR MIN PSBL S-S WX SPD DR
================================================================================
1 29 13 21 -8 44 0 0.00 0.0 7 M M M M M M M M
2 39 12 26 -3 39 0 0.00 0.0 7 M M M M M M M M
3 58 32 45 16 20 0 0.13 0.0 7 M M M M M M M M
4 47 35 41 11 24 0 0.01 0.0 6 M M M M M M M M
5 47 31 39 9 26 0 0.00 0.0 5 M M M M M M M M
6 42 28 35 5 30 0 0.00 0.0 5 M M M M M M M M
7 39 22 31 1 34 0 0.00 0.0 4 M M M M M M M M
8 49 24 37 7 28 0 0.00 0.0 3 M M M M M M M M
9 66 36 51 20 14 0 0.00 0.0 2 M M M M M M M M
10 48 31 40 9 25 0 T 0.0 T M M M M M M M M
11 45 32 39 8 26 0 0.00 0.0 T M M M M M M M M
12 39 27 33 1 32 0 T T T M M M M M M M M
13 47 34 41 9 24 0 0.68 T T M M M M M M M M
14 50 33 42 10 23 0 0.00 0.0 T M M M M M M M M
15 40 21 31 -1 34 0 0.00 0.0 T M M M M M M M M
16 36 17 27 -6 38 0 0.00 0.0 T M M M M M M M M
17 38 25 32 -1 33 0 0.05 T T M M M M M M M M
18 49 30 40 7 25 0 0.00 0.0 T M M M M M M M M
19 40 33 37 3 28 0 0.11 0.0 T M M M M M M M M
20 53 33 43 9 22 0 0.04 0.0 T M M M M M M M M
21 49 22 36 2 29 0 0.00 0.0 0 M M M M M M M M
22 37 17 27 -8 38 0 0.00 0.0 0 M M M M M M M M
23 35 24 30 -5 35 0 0.63 7.0 0 M M M M M M M M
24 46 29 38 3 27 0 0.10 0.6 7 M M M M M M M M
25 43 27 35 -1 30 0 0.00 0.0 2 M M M M M M M M
26 53 27 40 4 25 0 0.00 0.0 1 M M M M M M M M
27 52 34 43 7 22 0 0.00 0.0 T M M M M M M M M
28 53 31 42 5 23 0 0.00 0.0 T M M M M M M M M
29 44 32 38 1 27 0 0.50 0.3 T M M M M M M M M
30 36 31 34 -4 31 0 0.13 0.1 T M M M M M M M M
31 44 29 37 -1 28 0 0.01 0.2 T M M M M M M M M
================================================================================
SM 1393 852 884 0 2.39 8.2 M M M
================================================================================
AV 44.9 27.5 M FASTST M M 5 MAX(MPH)
MISC ----> M M M M
================================================================================
NOTES:
# LAST OF SEVERAL OCCURRENCES
COLUMN 17 PEAK WIND IN M.P.H.
PRELIMINARY LOCAL CLIMATOLOGICAL DATA (WS FORM: F-6) , PAGE 2
STATION: GRAY ME
MONTH: MARCH
YEAR: 2020
LATITUDE: 43 53 N
LONGITUDE: 70 15 W
[TEMPERATURE DATA] [PRECIPITATION DATA] SYMBOLS USED IN COLUMN 16
AVERAGE MONTHLY: 36.2 TOTAL FOR MONTH: 2.39 1 = FOG OR MIST
DPTR FM NORMAL: 3.3 DPTR FM NORMAL: -1.78 2 = FOG REDUCING VISIBILITY
HIGHEST: 66 ON 9 GRTST 24HR 0.68 ON 13-13 TO 1/4 MILE OR LESS
LOWEST: 12 ON 2 3 = THUNDER
SNOW, ICE PELLETS, HAIL 4 = ICE PELLETS
TOTAL MONTH: 8.2 INCHES 5 = HAIL
GRTST 24HR 7.0 ON 23-23 6 = FREEZING RAIN OR DRIZZLE
GRTST DEPTH: 7 ON 24, 3 7 = DUSTSTORM OR SANDSTORM:
VSBY 1/2 MILE OR LESS
8 = SMOKE OR HAZE
[NO. OF DAYS WITH] [WEATHER - DAYS WITH] 9 = BLOWING SNOW
X = TORNADO
MAX 32 OR BELOW: 1 0.01 INCH OR MORE: 11
MAX 90 OR ABOVE: 0 0.10 INCH OR MORE: 7
MIN 32 OR BELOW: 24 0.50 INCH OR MORE: 3
MIN 0 OR BELOW: 0 1.00 INCH OR MORE: 0
[HDD (BASE 65) ]
TOTAL THIS MO. 884 CLEAR (SCALE 0-3) 0
DPTR FM NORMAL -109 PTCLDY (SCALE 4-7) 0
TOTAL FM JUL 1 5858 CLOUDY (SCALE 8-10) 0
DPTR FM NORMAL -293
[CDD (BASE 65) ]
TOTAL THIS MO. 0
DPTR FM NORMAL 0 [PRESSURE DATA]
TOTAL FM JAN 1 0 HIGHEST SLP M ON M
DPTR FM NORMAL 0 LOWEST SLP M ON M
[REMARKS]
#FINAL-03-20#