000
CXUS54 KJAN 040306
CLMHBG
CLIMATE REPORT
NATIONAL WEATHER SERVICE JACKSON MS
1006 PM CDT TUE OCT 03 2023
...................................
...THE HATTIESBURG CLIMATE SUMMARY FOR THE MONTH OF SEPTEMBER 2023...
CLIMATE NORMAL PERIOD: 1991 TO 2020
CLIMATE RECORD PERIOD: 1893 TO 2023
WEATHER OBSERVED NORMAL DEPART LAST YEAR`S
VALUE DATE(S) VALUE FROM VALUE DATE(S)
NORMAL
................................................................
TEMPERATURE (F)
RECORD
HIGH 102 09/21/1997
LOW 43 09/30/1949
HIGHEST 102R 09/07 MM MM 96 09/21
09/22
LOWEST 58 09/19 MM MM 50 09/28
09/30
AVG. MAXIMUM 93.6 88.0 5.6 87.9
AVG. MINIMUM 68.7 66.9 1.8 65.2
MEAN 81.1 77.4 3.7 76.6
DAYS MAX >= 90 28 15.0 13.0 13
DAYS MAX <= 32 0 0.0 0.0 0
DAYS MIN <= 32 0 0.0 0.0 MM
DAYS MIN <= 0 0 0.0 0.0 MM
PRECIPITATION (INCHES)
RECORD
MAXIMUM 14.81 1957
MINIMUM 0.06 2019
TOTALS 1.54 4.15 -2.61 0.86
DAILY AVG. 0.05 0.14 -0.09 0.03
DAYS >= .01 3 8.5 -5.5 4
DAYS >= .10 2 6.0 -4.0 2
DAYS >= .50 2 2.4 -0.4 1
DAYS >= 1.00 0 1.1 -1.1 0
GREATEST
24 HR. TOTAL 0.96 09/25 TO 09/25 0.63
SNOWFALL (INCHES)
TOTALS 0.0
SINCE 7/1 0.0
DAYS >= TRACE 0
DAYS >= 1.0 0
GREATEST
24 HR TOTAL MM
DEGREE DAYS
HEATING TOTAL 0 2 -2 0
SINCE 7/1 0 0 0 MM
COOLING TOTAL 493 375 118 354
SINCE 1/1 2995 2298 697 MM
................................................................
WIND (MPH)
AVERAGE WIND SPEED 3.4
HIGHEST WIND SPEED/DIRECTION 25/270 DATE 09/07
HIGHEST GUST SPEED/DIRECTION 42/250 DATE 09/07
SKY COVER
POSSIBLE SUNSHINE (PERCENT) MM
AVERAGE SKY COVER 0.22
NUMBER OF DAYS FAIR 24
NUMBER OF DAYS PC 6
NUMBER OF DAYS CLOUDY 0
AVERAGE RH (PERCENT) 64
WEATHER CONDITIONS. NUMBER OF DAYS WITH
THUNDERSTORM 3 MIXED PRECIP 0
HEAVY RAIN 2 RAIN 2
LIGHT RAIN 3 FREEZING RAIN 0
LT FREEZING RAIN 0 HAIL 0
HEAVY SNOW 0 SNOW 0
LIGHT SNOW 0 SLEET 0
FOG 8 FOG W/VIS <= 1/4 MILE 0
HAZE 1
- INDICATES NEGATIVE NUMBERS.
R INDICATES RECORD WAS SET OR TIED.
MM INDICATES DATA IS MISSING.
T INDICATES TRACE AMOUNT.
$$