000
CXUS54 KOUN 010910
CF6HBR
PRELIMINARY LOCAL CLIMATOLOGICAL DATA (WS FORM: F-6)
STATION: HOBART
MONTH: JANUARY
YEAR: 2022
LATITUDE: 35 0 N
LONGITUDE: 99 3 W
TEMPERATURE IN F: :PCPN: SNOW: WIND :SUNSHINE: SKY :PK WND
================================================================================
1 2 3 4 5 6A 6B 7 8 9 10 11 12 13 14 15 16 17 18
12Z AVG MX 2MIN
DY MAX MIN AVG DEP HDD CDD WTR SNW DPTH SPD SPD DIR MIN PSBL S-S WX SPD DR
================================================================================
1 62 13 38 -1 27 0 0.21 M 0 21.4 31 330 M M 9 1368 40 210
2 35 12 24 -15 41 0 0.00 0.0 M 7.8 12 220 M M 1 13 220
3 53 19 36 -3 29 0 0.00 0.0 0 10.3 18 200 M M 0 24 190
4 61 32 47 8 18 0 0.00 0.0 0 16.1 29 180 M M 0 36 180
5 45 27 36 -3 29 0 0.00 0.0 0 15.0 25 50 M M 0 31 50
6 28 15 22 -17 43 0 0.00 0.0 0 17.2 29 30 M M 2 36 20
7 37 11 24 -15 41 0 0.00 0.0 0 M M M M M 0 M M
8 72 33 53 14 12 0 0.00 0.0 0 13.3 23 360 M M 4 1 30 360
9 46 25 36 -3 29 0 0.00 0.0 0 18.6 33 20 M M 2 44 20
10 55 16 36 -3 29 0 0.00 0.0 0 8.7 14 200 M M 0 16 250
11 62 26 44 5 21 0 0.00 0.0 0 14.2 25 220 M M 0 33 230
12 64 29 47 8 18 0 0.00 0.0 0 8.1 15 210 M M 0 18 200
13 74 29 52 13 13 0 0.00 0.0 0 8.0 14 340 M M 0 18 360
14 64 34 49 10 16 0 0.00 0.0 0 17.3 48 360 M M 0 8 60 360
15 40 20 30 -9 35 0 0.00 0.0 0 24.5 44 10 M M 5 52 10
16 53 11 32 -7 33 0 0.00 0.0 0 6.4 14 260 M M 0 18 230
17 61 22 42 3 23 0 0.00 0.0 0 9.8 23 210 M M 0 28 220
18 62 34 48 9 17 0 0.00 0.0 0 11.6 20 180 M M 0 24 180
19 41 22 32 -8 33 0 0.00 0.0 0 23.1 39 30 M M 2 47 30
20 28 11 20 -20 45 0 0.00 0.0 0 16.8 31 30 M M 6 38 20
21 38 7 23 -17 42 0 0.00 0.0 0 8.5 15 180 M M 0 18 180
22 50 13 32 -8 33 0 0.00 0.0 0 8.8 15 190 M M 0 16 230
23 61 21 41 1 24 0 0.00 0.0 0 6.8 14 210 M M 0 15 20
24 67 24 46 6 19 0 0.00 0.0 0 8.5 21 60 M M 0 27 60
25 46 25 36 -4 29 0 0.00 M M 18.9 25 50 M M 2 32 50
26 30 24 27 -13 38 0 0.22 M M 7.8 24 50 M M 10 12 27 50
27 34 15 25 -15 40 0 T M M 7.5 14 10 M M 6 128 18 10
28 55 20 38 -2 27 0 0.00 M M 8.1 14 350 M M 0 18 280
29 68 21 45 5 20 0 0.00 M M 9.4 21 240 M M 0 27 250
30 64 24 44 3 21 0 0.00 M M 5.5 10 160 M M 0 13 190
31 70 31 51 10 14 0 0.00 0.0 M 8.5 24 180 M M 0 30 170
================================================================================
SM 1626 666 859 0 0.43 0.0 366.5 M 49
================================================================================
AV 52.5 21.5 12.2 FASTST M M 2 MAX(MPH)
MISC ----> 48 360 60 360
================================================================================
NOTES:
# LAST OF SEVERAL OCCURRENCES
COLUMN 17 PEAK WIND IN M.P.H.
PRELIMINARY LOCAL CLIMATOLOGICAL DATA (WS FORM: F-6) , PAGE 2
STATION: HOBART
MONTH: JANUARY
YEAR: 2022
LATITUDE: 35 0 N
LONGITUDE: 99 3 W
[TEMPERATURE DATA] [PRECIPITATION DATA] SYMBOLS USED IN COLUMN 16
AVERAGE MONTHLY: 37.0 TOTAL FOR MONTH: 0.43 1 = FOG OR MIST
DPTR FM NORMAL: -2.4 DPTR FM NORMAL: -0.24 2 = FOG REDUCING VISIBILITY
HIGHEST: 74 ON 13 GRTST 24HR 0.28 ON 31- 1 TO 1/4 MILE OR LESS
LOWEST: 7 ON 21 3 = THUNDER
SNOW, ICE PELLETS, HAIL 4 = ICE PELLETS
TOTAL MONTH: 0.0 INCH 5 = HAIL
GRTST 24HR 0.0 6 = FREEZING RAIN OR DRIZZLE
GRTST DEPTH: 0 7 = DUSTSTORM OR SANDSTORM:
VSBY 1/2 MILE OR LESS
8 = SMOKE OR HAZE
[NO. OF DAYS WITH] [WEATHER - DAYS WITH] 9 = BLOWING SNOW
X = TORNADO
MAX 32 OR BELOW: 3 0.01 INCH OR MORE: 2
MAX 90 OR ABOVE: 0 0.10 INCH OR MORE: 2
MIN 32 OR BELOW: 28 0.50 INCH OR MORE: 0
MIN 0 OR BELOW: 0 1.00 INCH OR MORE: 0
[HDD (BASE 65) ]
TOTAL THIS MO. 859 CLEAR (SCALE 0-3) 25
DPTR FM NORMAL 67 PTCLDY (SCALE 4-7) 4
TOTAL FM JUL 1 1750 CLOUDY (SCALE 8-10) 2
DPTR FM NORMAL -400
[CDD (BASE 65) ]
TOTAL THIS MO. 0
DPTR FM NORMAL 0 [PRESSURE DATA]
TOTAL FM JAN 1 0 HIGHEST SLP 30.76 ON 10
DPTR FM NORMAL 0 LOWEST SLP 29.48 ON 1
[REMARKS]
#FINAL-01-22#