000
CXUS54 KEWX 011110
CF6HDO
PRELIMINARY LOCAL CLIMATOLOGICAL DATA (WS FORM: F-6)
STATION: HONDO
MONTH: NOVEMBER
YEAR: 2022
LATITUDE: 29 21 N
LONGITUDE: 99 10 W
TEMPERATURE IN F: :PCPN: SNOW: WIND :SUNSHINE: SKY :PK WND
================================================================================
1 2 3 4 5 6A 6B 7 8 9 10 11 12 13 14 15 16 17 18
12Z AVG MX 2MIN
DY MAX MIN AVG DEP HDD CDD WTR SNW DPTH SPD SPD DIR MIN PSBL S-S WX SPD DR
================================================================================
1 77 60 69 3 0 4 0.00 M M 7.5 16 140 M M 5 20 150
2 77 54 66 1 0 1 0.00 M M 6.4 12 160 M M 9 16 140
3 83 68 76 11 0 11 T M M 11.5 25 140 M M 9 34 140
4 88 65 77 12 0 12 T M M 12.7 25 350 M M 5 34 330
5 80 53 67 3 0 2 0.00 M M 5.0 14 230 M M 2 17 230
6 85 47 66 2 0 1 0.00 M M 6.4 17 150 M M 3 22 140
7 88 72 80 16 0 15 0.04 M M 9.4 20 130 M M 6 25 120
8 83 68 76 13 0 11 0.01 M M 8.4 18 140 M M 8 27 140
9 84 69 77 14 0 12 T M M 12.1 20 140 M M 7 25 150
10 84 68 76 14 0 11 0.00 M M 9.8 17 160 M M 7 21 160
11 79 46 63 1 2 0 T M M 12.7 30 10 M M 9 39 10
12 64 41 53 -9 12 0 0.00 M M 10.3 18 10 M M 1 24 10
13 62 32 47 -14 18 0 0.00 M M 9.3 17 140 M M 1 23 130
14 73 50 62 1 3 0 0.09 M M 10.9 29 360 M M 6 37 360
15 61 37 49 -12 16 0 0.00 M M 8.3 28 10 M M 0 35 10
16 62 38 50 -10 15 0 0.00 M M 8.6 17 80 M M 0 8 24 90
17 59 43 51 -9 14 0 0.00 M M 6.3 14 160 M M 10 18 130
18 60 50 55 -5 10 0 0.00 M M 9.5 18 80 M M 10 24 60
19 51 42 47 -12 18 0 0.18 M M 11.9 20 20 M M 10 1 26 20
20 49 43 46 -13 19 0 T M M 5.6 12 70 M M 10 15 60
21 48 42 45 -14 20 0 0.23 M M 4.4 10 50 M M 10 1 11 50
22 55 47 51 -7 14 0 0.08 M M 4.0 9 120 M M 10 1 13 130
23 57 50 54 -4 11 0 0.12 M M 3.5 8 80 M M 10 1 12 110
24 69 57 63 5 2 0 0.07 0.0 0 6.1 18 80 M M 10 12 25 80
25 62 50 56 -1 9 0 0.65 M M 11.3 24 40 M M 10 13 33 40
26 64 43 54 -3 11 0 0.12 M M 11.9 32 290 M M 3 13 43 280
27 79 37 58 1 7 0 0.00 M M 6.3 17 260 M M 0 23 260
28 77 39 58 2 7 0 T M M 6.9 15 170 M M 2 1 19 170
29 81 55 68 12 0 3 0.02 0.0 M 6.3 13 220 M M 5 12 17 210
30 64 41 53 -3 12 0 0.00 0.0 M 13.9 29 20 M M 0 37 20
================================================================================
SM 2105 1507 220 83 1.61 0.0 257.2 M 178
================================================================================
AV 70.2 50.2 8.6 FASTST M M 6 MAX(MPH)
MISC ----> 32 290 43 280
================================================================================
NOTES:
# LAST OF SEVERAL OCCURRENCES
COLUMN 17 PEAK WIND IN M.P.H.
PRELIMINARY LOCAL CLIMATOLOGICAL DATA (WS FORM: F-6) , PAGE 2
STATION: HONDO
MONTH: NOVEMBER
YEAR: 2022
LATITUDE: 29 21 N
LONGITUDE: 99 10 W
[TEMPERATURE DATA] [PRECIPITATION DATA] SYMBOLS USED IN COLUMN 16
AVERAGE MONTHLY: 60.2 TOTAL FOR MONTH: 1.61 1 = FOG OR MIST
DPTR FM NORMAL: -0.4 DPTR FM NORMAL: 0.05 2 = FOG REDUCING VISIBILITY
HIGHEST: 88 ON 7, 4 GRTST 24HR 0.77 ON 25-26 TO 1/4 MILE OR LESS
LOWEST: 32 ON 13 3 = THUNDER
SNOW, ICE PELLETS, HAIL 4 = ICE PELLETS
TOTAL MONTH: 0.0 INCH 5 = HAIL
GRTST 24HR 0.0 6 = FREEZING RAIN OR DRIZZLE
GRTST DEPTH: 0 7 = DUSTSTORM OR SANDSTORM:
VSBY 1/2 MILE OR LESS
8 = SMOKE OR HAZE
[NO. OF DAYS WITH] [WEATHER - DAYS WITH] 9 = BLOWING SNOW
X = TORNADO
MAX 32 OR BELOW: 0 0.01 INCH OR MORE: 11
MAX 90 OR ABOVE: 0 0.10 INCH OR MORE: 5
MIN 32 OR BELOW: 1 0.50 INCH OR MORE: 1
MIN 0 OR BELOW: 0 1.00 INCH OR MORE: 0
[HDD (BASE 65) ]
TOTAL THIS MO. 220 CLEAR (SCALE 0-3) 9
DPTR FM NORMAL 32 PTCLDY (SCALE 4-7) 8
TOTAL FM JUL 1 238 CLOUDY (SCALE 8-10) 13
DPTR FM NORMAL 18
[CDD (BASE 65) ]
TOTAL THIS MO. 83
DPTR FM NORMAL 27 [PRESSURE DATA]
TOTAL FM JAN 1 3832 HIGHEST SLP 30.48 ON 20
DPTR FM NORMAL 696 LOWEST SLP 29.69 ON 4
[REMARKS]
#FINAL-11-22#