000
CXUS53 KBIS 010830
CF6HEI
PRELIMINARY LOCAL CLIMATOLOGICAL DATA (WS FORM: F-6)
STATION: HETTINGER ND
MONTH: MARCH
YEAR: 2024
LATITUDE: 46 0 N
LONGITUDE: 102 39 W
TEMPERATURE IN F: :PCPN: SNOW: WIND :SUNSHINE: SKY :PK WND
================================================================================
1 2 3 4 5 6A 6B 7 8 9 10 11 12 13 14 15 16 17 18
12Z AVG MX 2MIN
DY MAX MIN AVG DEP HDD CDD WTR SNW DPTH SPD SPD DIR MIN PSBL S-S WX SPD DR
================================================================================
1 56 24 40 16 25 0 0.00 M M 9.3 28 330 M M 2 38 340
2 44 29 37 13 28 0 M M M 13.9 25 90 M M 6 12 33 90
3 31 12 22 -3 43 0 M M M 16.7 37 270 M M 7 12 49 280
4 27 1 14 -11 51 0 0.00 M M 8.5 15 130 M M 1 20 300
5 34 10 22 -4 43 0 0.00 M M 9.8 25 80 M M 4 33 90
6 35 11 23 -3 42 0 0.00 M M 11.8 25 290 M M 7 1 32 290
7 37 10 24 -2 41 0 0.00 M M 4.9 10 80 M M 5 14 330
8 45 12 29 2 36 0 0.00 M M 5.0 18 300 M M 0 23 320
9 58 14 36 9 29 0 0.00 M M 3.2 14 240 M M 0 19 270
10 64 24 44 16 21 0 0.00 M M 5.8 21 290 M M 0 26 300
11 61 25 43 15 22 0 0.00 M M 8.0 22 310 M M 0 32 330
12 63 23 43 15 22 0 0.00 M M 6.2 22 140 M M 1 29 150
13 60 26 43 14 22 0 0.00 M M 10.6 21 30 M M 1 27 30
14 37 20 29 0 36 0 0.00 M M 11.3 21 320 M M 9 12 29 320
15 59 18 39 9 26 0 0.00 M M 13.1 30 270 M M 0 41 300
16 48 18 33 3 32 0 0.00 M M 14.8 30 310 M M 0 43 310
17 37 9 23 -8 42 0 0.00 M M 11.4 24 330 M M 2 34 340
18 68 7 38 7 27 0 0.00 M M 10.5 26 290 M M 0 36 300
19 63 22 43 11 22 0 0.00 M M 9.6 23 340 M M 4 30 340
20 29 17 23 -9 42 0 T M M 11.0 18 110 M M 9 25 110
21 25 18 22 -10 43 0 0.01 M M 10.4 17 110 M M 9 1 22 110
22 25 17 21 -12 44 0 M M M 6.1 10 120 M M 9 8 15 110
23 22 19 21 -12 44 0 M M M 17.2 24 120 M M 10 18 33 120
24 24 16 20 -14 45 0 M M M 17.4 23 70 M M 10 12 31 70
25 20 -3 9 -25 56 0 T M M 12.0 20 30 M M 4 18 27 40
26 20 -11 5 -29 60 0 0.00 M M 8.7 17 330 M M 0 23 330
27 29 -14 8 -27 57 0 0.00 M M 3.8 8 140 M M 0 8 11 120
28 39 13 26 -9 39 0 0.00 M M 13.6 25 110 M M 3 16 32 110
29 40 31 36 1 29 0 M M M 12.4 24 310 M M 10 32 320
30 33 29 31 -5 34 0 M M M 5.3 12 90 M M 10 18 15 300
31 31 28 30 -6 35 0 M M M 11.7 17 80 M M 10 12 23 80
================================================================================
SM 1264 475 1138 0 0.01 M 314.0 M 133
================================================================================
AV 40.8 15.3 10.1 FASTST M M 4 MAX(MPH)
MISC ----> 37 270 49 280
================================================================================
NOTES:
# LAST OF SEVERAL OCCURRENCES
COLUMN 17 PEAK WIND IN M.P.H.
PRELIMINARY LOCAL CLIMATOLOGICAL DATA (WS FORM: F-6) , PAGE 2
STATION: HETTINGER ND
MONTH: MARCH
YEAR: 2024
LATITUDE: 46 0 N
LONGITUDE: 102 39 W
[TEMPERATURE DATA] [PRECIPITATION DATA] SYMBOLS USED IN COLUMN 16
AVERAGE MONTHLY: 28.0 TOTAL FOR MONTH: 0.01 1 = FOG OR MIST
DPTR FM NORMAL: -2.1 DPTR FM NORMAL: -0.52 2 = FOG REDUCING VISIBILITY
HIGHEST: 68 ON 18 GRTST 24HR 0.10 ON 28-28 TO 1/4 MILE OR LESS
LOWEST: -14 ON 27 3 = THUNDER
SNOW, ICE PELLETS, HAIL 4 = ICE PELLETS
TOTAL MONTH: M 5 = HAIL
GRTST 24HR M ON M 6 = FREEZING RAIN OR DRIZZLE
GRTST DEPTH: M ON M 7 = DUSTSTORM OR SANDSTORM:
VSBY 1/2 MILE OR LESS
8 = SMOKE OR HAZE
[NO. OF DAYS WITH] [WEATHER - DAYS WITH] 9 = BLOWING SNOW
X = TORNADO
MAX 32 OR BELOW: 11 0.01 INCH OR MORE: 1
MAX 90 OR ABOVE: 0 0.10 INCH OR MORE: 0
MIN 32 OR BELOW: 31 0.50 INCH OR MORE: 0
MIN 0 OR BELOW: 3 1.00 INCH OR MORE: 0
[HDD (BASE 65) ]
TOTAL THIS MO. 1138 CLEAR (SCALE 0-3) 15
DPTR FM NORMAL 58 PTCLDY (SCALE 4-7) 7
TOTAL FM JUL 1 6533 CLOUDY (SCALE 8-10) 9
DPTR FM NORMAL -814
[CDD (BASE 65) ]
TOTAL THIS MO. 0
DPTR FM NORMAL 0 [PRESSURE DATA]
TOTAL FM JAN 1 0 HIGHEST SLP M ON M
DPTR FM NORMAL 0 LOWEST SLP 29.39 ON 3
[REMARKS]
#FINAL-03-24#