000
CXUS53 KBIS 010830
CF6HEI
PRELIMINARY LOCAL CLIMATOLOGICAL DATA (WS FORM: F-6)
STATION: HETTINGER ND
MONTH: AUGUST
YEAR: 2021
LATITUDE: 46 0 N
LONGITUDE: 102 39 W
TEMPERATURE IN F: :PCPN: SNOW: WIND :SUNSHINE: SKY :PK WND
================================================================================
1 2 3 4 5 6A 6B 7 8 9 10 11 12 13 14 15 16 17 18
12Z AVG MX 2MIN
DY MAX MIN AVG DEP HDD CDD WTR SNW DPTH SPD SPD DIR MIN PSBL S-S WX SPD DR
================================================================================
1 93 49 71 1 0 6 0.00 M M 4.9 17 10 M M 0 8 25 360
2 91 50 71 1 0 6 0.00 M M 4.6 13 100 M M 0 18 18 100
3 95 57 76 6 0 11 0.00 M M 9.1 18 130 M M 1 24 180
4 97 59 78 8 0 13 0.01 M M 9.0 25 320 M M 2 3 51 330
5 91 54 73 3 0 8 0.00 M M 7.0 22 50 M M 1 26 50
6 85 63 74 4 0 9 0.03 M M 11.5 20 110 M M 2 8 27 110
7 82 62 72 2 0 7 0.69 M M 4.9 18 30 M M 3 138 28 30
8 100 56 78 8 0 13 0.00 M M 6.3 16 120 M M 0 24 110
9 84 53 69 0 0 4 0.00 M M 14.1 30 300 M M 0 38 300
10 93 51 72 3 0 7 0.00 M M 13.2 29 270 M M 1 38 270
11 94 49 72 3 0 7 T M M 11.8 30 290 M M 3 48 290
12 82 47 65 -4 0 0 T M M 10.7 26 290 M M 4 35 310
13 87 42 65 -4 0 0 0.00 M M 4.2 13 280 M M 0 18 270
14 99 57 78 10 0 13 0.00 M M 5.3 14 160 M M 0 18 160
15 103 59 81 13 0 16 0.00 M M 4.0 15 300 M M 0 20 300
16 105 57 81 13 0 16 0.00 M M 5.2 18 270 M M 0 8 29 220
17 105 68 87 19 0 22 0.00 M M 9.7 20 140 M M 0 8 31 130
18 86 59 73 5 0 8 0.00 M M 11.7 20 290 M M 0 26 260
19 82 55 69 2 0 4 0.18 M M 9.4 26 60 M M 5 13 36 50
20 64 53 59 -8 6 0 0.46 M M 13.0 31 310 M M 9 18 51 310
21 77 45 61 -6 4 0 0.00 M M 10.6 22 110 M M 1 30 100
22 80 50 65 -2 0 0 0.02 M M 18.0 36 270 M M 2 3 47 260
23 94 46 70 4 0 5 T M M 8.5 23 130 M M 0 33 130
24 81 49 65 -1 0 0 0.00 M M 12.2 28 320 M M 0 1 37 340
25 78 45 62 -4 3 0 0.00 M M 10.1 22 110 M M 0 30 110
26 65 57 61 -5 4 0 0.87 M M 11.7 47 290 M M 8 13 60 300
27 76 57 67 2 0 2 0.21 M M 5.2 16 40 M M 7 12 21 40
28 78 52 65 0 0 0 0.04 M M 8.6 29 310 M M 3 39 300
29 80 47 64 -1 1 0 0.00 M M 5.9 14 220 M M 0 17 230
30 89 56 73 9 0 8 T M M 10.9 32 60 M M 2 3 41 60
31 82 52 67 3 0 2 0.00 M M 13.9 28 140 M M 0 1 36 130
================================================================================
SM 2698 1656 18 187 2.51 M 285.2 M 54
================================================================================
AV 87.0 53.4 9.2 FASTST M M 2 MAX(MPH)
MISC ----> 47 290 60 300
================================================================================
NOTES:
# LAST OF SEVERAL OCCURRENCES
COLUMN 17 PEAK WIND IN M.P.H.
PRELIMINARY LOCAL CLIMATOLOGICAL DATA (WS FORM: F-6) , PAGE 2
STATION: HETTINGER ND
MONTH: AUGUST
YEAR: 2021
LATITUDE: 46 0 N
LONGITUDE: 102 39 W
[TEMPERATURE DATA] [PRECIPITATION DATA] SYMBOLS USED IN COLUMN 16
AVERAGE MONTHLY: 70.2 TOTAL FOR MONTH: 2.51 1 = FOG OR MIST
DPTR FM NORMAL: 2.5 DPTR FM NORMAL: 0.96 2 = FOG REDUCING VISIBILITY
HIGHEST: 105 ON 17,16 GRTST 24HR 0.87 ON 26-26 TO 1/4 MILE OR LESS
LOWEST: 42 ON 13 3 = THUNDER
SNOW, ICE PELLETS, HAIL 4 = ICE PELLETS
TOTAL MONTH: M 5 = HAIL
GRTST 24HR M ON M 6 = FREEZING RAIN OR DRIZZLE
GRTST DEPTH: M ON M 7 = DUSTSTORM OR SANDSTORM:
VSBY 1/2 MILE OR LESS
8 = SMOKE OR HAZE
[NO. OF DAYS WITH] [WEATHER - DAYS WITH] 9 = BLOWING SNOW
X = TORNADO
MAX 32 OR BELOW: 0 0.01 INCH OR MORE: 9
MAX 90 OR ABOVE: 13 0.10 INCH OR MORE: 5
MIN 32 OR BELOW: 0 0.50 INCH OR MORE: 2
MIN 0 OR BELOW: 0 1.00 INCH OR MORE: 0
[HDD (BASE 65) ]
TOTAL THIS MO. 18 CLEAR (SCALE 0-3) 25
DPTR FM NORMAL -36 PTCLDY (SCALE 4-7) 4
TOTAL FM JUL 1 18 CLOUDY (SCALE 8-10) 2
DPTR FM NORMAL -68
[CDD (BASE 65) ]
TOTAL THIS MO. 187
DPTR FM NORMAL 48 [PRESSURE DATA]
TOTAL FM JAN 1 624 HIGHEST SLP M ON M
DPTR FM NORMAL 271 LOWEST SLP 29.49 ON 17
[REMARKS]
#FINAL-08-21#