000
CXUS54 KJAN 011414
CF6HEZ
PRELIMINARY LOCAL CLIMATOLOGICAL DATA (WS FORM: F-6)
STATION: NATCHEZ
MONTH: MAY
YEAR: 2019
LATITUDE: 31 37 N
LONGITUDE: 91 15 W
TEMPERATURE IN F: :PCPN: SNOW: WIND :SUNSHINE: SKY :PK WND
================================================================================
1 2 3 4 5 6A 6B 7 8 9 10 11 12 13 14 15 16 17 18
12Z AVG MX 2MIN
DY MAX MIN AVG DEP HDD CDD WTR SNW DPTH SPD SPD DIR MIN PSBL S-S WX SPD DR
================================================================================
1 87 69 78 M 0 13 T 0.0 0 10.1 16 180 M M 3 23 180
2 84 67 76 M 0 11 T 0.0 0 5.5 14 150 M M 4 M M
3 M M M M M M 0.77 M 0 3.7 9 70 M M 4 13 M M
4 75 63 69 M 0 4 0.48 0.0 0 6.5 14 340 M M 8 13 18 340
5 77 58 68 M 0 3 0.00 0.0 0 3.5 10 10 M M 4 12 M M
6 85 55 70 M 0 5 0.00 0.0 0 2.1 7 110 M M 0 M M
7 87 63 75 M 0 10 0.00 0.0 0 4.5 9 150 M M 0 M M
8 80 65 73 M 0 8 1.65 0.0 0 8.5 16 140 M M 6 138 21 140
9 75 63 69 M 0 4 0.26 0.0 0 8.4 18 120 M M 8 13 20 140
10 77 62 70 M 0 5 1.02 0.0 0 4.9 10 80 M M 8 13 M M
11 80 67 74 M 0 9 0.42 0.0 0 5.1 12 230 M M 9 138 M M
12 76 61 69 M 0 4 0.06 0.0 0 4.2 7 300 M M 7 13 M M
13 78 55 67 M 0 2 0.00 0.0 0 4.4 13 20 M M 0 1 17 10
14 82 53 68 M 0 3 0.00 0.0 0 2.5 7 360 M M 0 M M
15 85 60 73 M 0 8 0.00 0.0 0 2.8 7 270 M M 1 M M
16 87 62 75 M 0 10 0.00 0.0 0 2.9 8 270 M M 1 3 M M
17 88 62 75 M 0 10 0.00 0.0 0 7.0 14 150 M M 0 8 M M
18 88 67 78 M 0 13 0.00 0.0 0 10.8 17 160 M M 3 13 32 150
19 82 66 74 M 0 9 2.57 0.0 0 7.5 15 150 M M 5 13 M M
20 89 69 79 M 0 14 T 0.0 0 7.6 10 160 M M 4 M M
21 89 73 81 M 0 16 0.00 0.0 0 14.1 20 180 M M 5 32 160
22 90 74 82 M 0 17 0.00 0.0 0 11.5 17 170 M M 5 24 170
23 91 72 82 M 0 17 0.00 0.0 0 7.7 12 110 M M 4 M M
24 89 68 79 M 0 14 0.00 0.0 0 4.6 8 160 M M 2 12 M M
25 91 67 79 M 0 14 0.00 0.0 0 4.0 9 140 M M 1 18 M M
26 91 65 78 M 0 13 0.00 0.0 0 3.4 7 240 M M 2 18 M M
27 88 67 78 M 0 13 0.00 0.0 0 4.7 10 170 M M 1 1 17 180
28 91 73 82 M 0 17 0.00 0.0 0 9.1 16 170 M M 2 17 180
29 90 70 80 M 0 15 0.00 0.0 0 7.1 15 180 M M 3 18 180
30 87 68 78 M 0 13 0.00 0.0 0 4.1 16 170 M M 3 M M
31 90 71 81 M 0 16 0.00 0.0 0 2.1 9 360 M M 1 1 M M
================================================================================
SM 2549 1955 0 310 7.23 0.0 184.9 M 104
================================================================================
AV 85.0 65.2 6.0 FASTST M M 3 MAX(MPH)
MISC ----> # 20 180 # 32 150
================================================================================
NOTES:
# LAST OF SEVERAL OCCURRENCES
COLUMN 17 PEAK WIND IN M.P.H.
PRELIMINARY LOCAL CLIMATOLOGICAL DATA (WS FORM: F-6) , PAGE 2
STATION: NATCHEZ
MONTH: MAY
YEAR: 2019
LATITUDE: 31 37 N
LONGITUDE: 91 15 W
[TEMPERATURE DATA] [PRECIPITATION DATA] SYMBOLS USED IN COLUMN 16
AVERAGE MONTHLY: 75.1 TOTAL FOR MONTH: 7.23 1 = FOG OR MIST
DPTR FM NORMAL: M DPTR FM NORMAL: M 2 = FOG REDUCING VISIBILITY
HIGHEST: 91 ON 28,26 GRTST 24HR 2.57 ON 19-19 TO 1/4 MILE OR LESS
LOWEST: 53 ON 14 3 = THUNDER
SNOW, ICE PELLETS, HAIL 4 = ICE PELLETS
TOTAL MONTH: 0.0 INCH 5 = HAIL
GRTST 24HR 0.0 6 = FREEZING RAIN OR DRIZZLE
GRTST DEPTH: 0 7 = DUSTSTORM OR SANDSTORM:
VSBY 1/2 MILE OR LESS
8 = SMOKE OR HAZE
[NO. OF DAYS WITH] [WEATHER - DAYS WITH] 9 = BLOWING SNOW
X = TORNADO
MAX 32 OR BELOW: 0 0.01 INCH OR MORE: 8
MAX 90 OR ABOVE: 7 0.10 INCH OR MORE: 7
MIN 32 OR BELOW: 0 0.50 INCH OR MORE: 4
MIN 0 OR BELOW: 0 1.00 INCH OR MORE: 3
[HDD (BASE 65) ]
TOTAL THIS MO. 0 CLEAR (SCALE 0-3) 16
DPTR FM NORMAL M PTCLDY (SCALE 4-7) 14
TOTAL FM JUL 1 1893 CLOUDY (SCALE 8-10) 1
DPTR FM NORMAL M
[CDD (BASE 65) ]
TOTAL THIS MO. 310
DPTR FM NORMAL M [PRESSURE DATA]
TOTAL FM JAN 1 440 HIGHEST SLP M ON M
DPTR FM NORMAL M LOWEST SLP M ON M
[REMARKS]
#FINAL-05-19#