000
CXUS52 KGSP 011912
CF6HKY
PRELIMINARY LOCAL CLIMATOLOGICAL DATA (WS FORM: F-6)
STATION: HICKORY NC
MONTH: DECEMBER
YEAR: 2021
LATITUDE: 35 45 N
LONGITUDE: 81 23 W
TEMPERATURE IN F: :PCPN: SNOW: WIND :SUNSHINE: SKY :PK WND
================================================================================
1 2 3 4 5 6A 6B 7 8 9 10 11 12 13 14 15 16 17 18
12Z AVG MX 2MIN
DY MAX MIN AVG DEP HDD CDD WTR SNW DPTH SPD SPD DIR MIN PSBL S-S WX SPD DR
================================================================================
1 63 34 49 4 16 0 0.00 M M 1.6 9 210 M M 0 12 210
2 72 38 55 10 10 0 0.00 M M 5.2 15 230 M M 0 19 220
3 78 50 64 20 1 0 0.00 M M 3.9 12 190 M M 0 16 190
4 73 46 60 16 5 0 0.00 M M 2.0 9 20 M M 0 10 300
5 60 46 53 9 12 0 0.00 M M 4.1 12 50 M M 7 17 60
6 67 46 57 13 8 0 0.00 M M 7.4 22 200 M M 5 30 200
7 50 31 41 -3 24 0 0.00 M M 3.1 12 60 M M 3 14 70
8 55 38 47 4 18 0 0.00 M M 2.3 8 250 M M 5 10 330
9 46 27 37 -6 28 0 0.00 M M 2.1 7 210 M M 1 11 180
10 52 40 46 3 19 0 0.02 M M 1.2 10 190 M M 10 12 14 200
11 67 50 59 16 6 0 0.33 M M 8.2 20 190 M M 9 128 27 190
12 53 32 43 0 22 0 0.00 M M 2.2 17 330 M M 0 24 320
13 59 28 44 2 21 0 0.00 M M 1.6 7 210 M M 0 11 210
14 65 29 47 5 18 0 0.00 M M 3.9 8 90 M M 0 8 11 350
15 59 32 46 4 19 0 0.00 M M 0.5 5 190 M M 0 7 200
16 68 34 51 9 14 0 0.00 M M 4.4 16 210 M M 1 22 230
17 67 49 58 16 7 0 0.00 M M 2.2 9 210 M M 6 12 13 190
18 63 47 55 13 10 0 0.34 M M 3.6 12 190 M M 9 12 20 210
19 62 34 48 6 17 0 0.22 M M 5.4 15 60 M M 7 1 20 60
20 45 26 36 -5 29 0 0.00 M M 1.8 13 60 M M 0 16 70
21 47 30 39 -2 26 0 T M M 2.6 8 320 M M 5 10 320
22 55 35 45 4 20 0 0.00 M M 7.2 16 360 M M 1 24 340
23 53 29 41 0 24 0 0.00 M M 3.8 12 200 M M 0 15 190
24 57 29 43 2 22 0 0.00 M M 5.7 15 190 M M 0 22 210
25 69 50 60 19 5 0 0.00 M M 9.5 17 210 M M 0 24 190
26 74 50 62 21 3 0 0.00 M M 3.0 12 320 M M 2 14 300
27 65 43 54 14 11 0 0.00 M M 3.1 14 210 M M 0 1 19 200
28 71 44 58 18 7 0 0.00 M M 7.6 21 200 M M 4 1 27 190
29 68 64 66 26 0 1 0.02 M M 9.7 17 210 M M 9 1 23 230
30 66 57 62 22 3 0 0.13 M M 3.9 12 190 M M 7 1 15 190
31 65 52 59 19 6 0 0.00 M M 2.6 10 190 M M 8 12 13 210
================================================================================
SM 1914 1240 431 1 1.06 M 125.4 M 99
================================================================================
AV 61.7 40.0 4.0 FASTST M M 3 MAX(MPH)
MISC ----> 22 200 30 200
================================================================================
NOTES:
# LAST OF SEVERAL OCCURRENCES
COLUMN 17 PEAK WIND IN M.P.H.
PRELIMINARY LOCAL CLIMATOLOGICAL DATA (WS FORM: F-6) , PAGE 2
STATION: HICKORY NC
MONTH: DECEMBER
YEAR: 2021
LATITUDE: 35 45 N
LONGITUDE: 81 23 W
[TEMPERATURE DATA] [PRECIPITATION DATA] SYMBOLS USED IN COLUMN 16
AVERAGE MONTHLY: 50.9 TOTAL FOR MONTH: 1.06 1 = FOG OR MIST
DPTR FM NORMAL: 8.7 DPTR FM NORMAL: -2.79 2 = FOG REDUCING VISIBILITY
HIGHEST: 78 ON 3 GRTST 24HR 0.49 ON 18-19 TO 1/4 MILE OR LESS
LOWEST: 26 ON 20 3 = THUNDER
SNOW, ICE PELLETS, HAIL 4 = ICE PELLETS
TOTAL MONTH: M 5 = HAIL
GRTST 24HR M ON M 6 = FREEZING RAIN OR DRIZZLE
GRTST DEPTH: M ON M 7 = DUSTSTORM OR SANDSTORM:
VSBY 1/2 MILE OR LESS
8 = SMOKE OR HAZE
[NO. OF DAYS WITH] [WEATHER - DAYS WITH] 9 = BLOWING SNOW
X = TORNADO
MAX 32 OR BELOW: 0 0.01 INCH OR MORE: 6
MAX 90 OR ABOVE: 0 0.10 INCH OR MORE: 4
MIN 32 OR BELOW: 10 0.50 INCH OR MORE: 0
MIN 0 OR BELOW: 0 1.00 INCH OR MORE: 0
[HDD (BASE 65) ]
TOTAL THIS MO. 431 CLEAR (SCALE 0-3) 18
DPTR FM NORMAL -278 PTCLDY (SCALE 4-7) 8
TOTAL FM JUL 1 1045 CLOUDY (SCALE 8-10) 5
DPTR FM NORMAL -357
[CDD (BASE 65) ]
TOTAL THIS MO. 1
DPTR FM NORMAL 1 [PRESSURE DATA]
TOTAL FM JAN 1 1572 HIGHEST SLP 30.53 ON 15
DPTR FM NORMAL 177 LOWEST SLP 29.69 ON 25
[REMARKS]
#FINAL-12-21#