000
CXUS53 KGLD 010800
CF6HLC
PRELIMINARY LOCAL CLIMATOLOGICAL DATA (WS FORM: F-6)
STATION: HILL CITY KS
MONTH: AUGUST
YEAR: 2022
LATITUDE: 39 22 N
LONGITUDE: 99 50 W
TEMPERATURE IN F: :PCPN: SNOW: WIND :SUNSHINE: SKY :PK WND
================================================================================
1 2 3 4 5 6A 6B 7 8 9 10 11 12 13 14 15 16 17 18
12Z AVG MX 2MIN
DY MAX MIN AVG DEP HDD CDD WTR SNW DPTH SPD SPD DIR MIN PSBL S-S WX SPD DR
================================================================================
1 99 68 84 5 0 19 0.00 M M 5.8 15 140 M M 0 1 23 110
2 105 71 88 9 0 23 0.00 M M 8.0 18 200 M M 0 28 170
3 98 73 86 7 0 21 T M M 11.0 28 30 M M 0 37 30
4 98 67 83 4 0 18 0.00 M M 9.3 21 110 M M 0 29 130
5 102 72 87 8 0 22 0.00 M M 9.9 20 140 M M 0 27 140
6 107 81 94 15 0 29 0.00 M M 12.7 25 170 M M 1 36 190
7 96 68 82 4 0 17 0.02 M M 8.9 22 360 M M 0 3 30 360
8 84 63 74 -4 0 9 0.23 M M 7.1 18 30 M M 1 13 25 340
9 95 58 77 -1 0 12 0.00 M M 5.7 16 110 M M 0 26 100
10 96 60 78 0 0 13 0.00 M M 5.3 16 140 M M 0 23 150
11 97 61 79 1 0 14 0.00 M M 6.8 18 110 M M 0 24 110
12 100 58 79 1 0 14 0.00 M M 7.8 17 200 M M 0 27 220
13 104 72 88 10 0 23 0.00 M M 7.4 17 200 M M 0 25 200
14 105 65 85 8 0 20 0.00 M M 7.4 20 140 M M 2 12 28 190
15 98 69 84 7 0 19 0.02 M M 9.8 21 30 M M 1 1 29 40
16 73 65 69 -8 0 4 0.09 M M 9.4 18 10 M M 10 1 28 20
17 81 59 70 -7 0 5 0.01 M M 4.5 12 60 M M 7 1 17 40
18 93 54 74 -3 0 9 0.00 M M 3.8 15 60 M M 0 1 18 220
19 92 61 77 1 0 12 T M M 7.4 21 60 M M 1 3 30 40
20 89 57 73 -3 0 8 0.00 M M 7.4 17 20 M M 0 23 20
21 91 56 74 -2 0 9 0.00 M M 5.2 13 70 M M 0 18 80
22 93 55 74 -2 0 9 0.00 M M 5.0 16 60 M M 0 22 70
23 92 54 73 -3 0 8 0.00 M M 5.9 17 150 M M 0 24 120
24 96 57 77 2 0 12 0.00 M M 5.3 16 140 M M 0 27 110
25 99 59 79 4 0 14 0.00 M M 5.8 16 170 M M 0 24 200
26 99 67 83 8 0 18 0.00 M M 10.6 23 190 M M 1 33 200
27 91 67 79 4 0 14 0.31 M M 12.2 26 200 M M 5 13 37 170
28 106 65 86 12 0 21 0.00 M M 7.0 18 300 M M 0 25 320
29 91 69 80 6 0 15 T M M 9.5 22 20 M M 1 30 30
30 94 59 77 3 0 12 0.00 M M 5.7 13 110 M M 0 20 110
31 99 66 83 9 0 18 0.38 M M 8.9 40 320 M M 2 13 68 320
================================================================================
SM 2963 1976 0 461 1.06 M 236.5 M 32
================================================================================
AV 95.6 63.7 7.6 FASTST M M 1 MAX(MPH)
MISC ----> 40 320 68 320
================================================================================
NOTES:
# LAST OF SEVERAL OCCURRENCES
COLUMN 17 PEAK WIND IN M.P.H.
PRELIMINARY LOCAL CLIMATOLOGICAL DATA (WS FORM: F-6) , PAGE 2
STATION: HILL CITY KS
MONTH: AUGUST
YEAR: 2022
LATITUDE: 39 22 N
LONGITUDE: 99 50 W
[TEMPERATURE DATA] [PRECIPITATION DATA] SYMBOLS USED IN COLUMN 16
AVERAGE MONTHLY: 79.7 TOTAL FOR MONTH: 1.06 1 = FOG OR MIST
DPTR FM NORMAL: 2.9 DPTR FM NORMAL: -1.89 2 = FOG REDUCING VISIBILITY
HIGHEST: 107 ON 6 GRTST 24HR 0.38 ON 31-31 TO 1/4 MILE OR LESS
LOWEST: 54 ON 23,18 3 = THUNDER
SNOW, ICE PELLETS, HAIL 4 = ICE PELLETS
TOTAL MONTH: M 5 = HAIL
GRTST 24HR M ON M 6 = FREEZING RAIN OR DRIZZLE
GRTST DEPTH: M ON M 7 = DUSTSTORM OR SANDSTORM:
VSBY 1/2 MILE OR LESS
8 = SMOKE OR HAZE
[NO. OF DAYS WITH] [WEATHER - DAYS WITH] 9 = BLOWING SNOW
X = TORNADO
MAX 32 OR BELOW: 0 0.01 INCH OR MORE: 7
MAX 90 OR ABOVE: 27 0.10 INCH OR MORE: 3
MIN 32 OR BELOW: 0 0.50 INCH OR MORE: 0
MIN 0 OR BELOW: 0 1.00 INCH OR MORE: 0
[HDD (BASE 65) ]
TOTAL THIS MO. 0 CLEAR (SCALE 0-3) 28
DPTR FM NORMAL -2 PTCLDY (SCALE 4-7) 2
TOTAL FM JUL 1 0 CLOUDY (SCALE 8-10) 1
DPTR FM NORMAL -1
[CDD (BASE 65) ]
TOTAL THIS MO. 461
DPTR FM NORMAL 93 [PRESSURE DATA]
TOTAL FM JAN 1 1541 HIGHEST SLP M ON M
DPTR FM NORMAL 335 LOWEST SLP 29.56 ON 28
[REMARKS]
#FINAL-08-22#