000
CXUS53 KGLD 010800
CF6HLC
PRELIMINARY LOCAL CLIMATOLOGICAL DATA (WS FORM: F-6)
STATION: HILL CITY KS
MONTH: JULY
YEAR: 2020
LATITUDE: 39 22 N
LONGITUDE: 99 50 W
TEMPERATURE IN F: :PCPN: SNOW: WIND :SUNSHINE: SKY :PK WND
================================================================================
1 2 3 4 5 6A 6B 7 8 9 10 11 12 13 14 15 16 17 18
12Z AVG MX 2MIN
DY MAX MIN AVG DEP HDD CDD WTR SNW DPTH SPD SPD DIR MIN PSBL S-S WX SPD DR
================================================================================
1 92 65 79 1 0 14 0.00 M M 11.5 20 80 M M 2 28 80
2 98 64 81 3 0 16 0.65 M M 8.0 62 310 M M 6 138 93 310
3 89 63 76 -2 0 11 0.00 M M 5.1 14 120 M M 0 19 130
4 92 65 79 1 0 14 0.00 M M 5.8 13 90 M M 1 18 120
5 90 64 77 -1 0 12 0.00 M M 3.4 10 140 M M 0 18 16 70
6 95 65 80 1 0 15 0.00 M M 5.3 18 130 M M 1 1 29 120
7 97 68 83 4 0 18 0.00 M M 10.1 22 170 M M 1 30 170
8 100 72 86 7 0 21 0.00 M M 13.0 28 10 M M 0 8 38 20
9 90 64 77 -2 0 12 0.00 M M 8.1 17 60 M M 2 38 25 80
10 95 68 82 3 0 17 0.00 M M 9.5 18 170 M M 3 8 27 170
11 93 68 81 2 0 16 0.00 M M 10.0 25 50 M M 2 33 50
12 96 58 77 -2 0 12 T M M 8.3 24 160 M M 1 1 34 160
13 99 61 80 1 0 15 0.82 M M 10.5 31 10 M M 0 13 43 10
14 81 68 75 -5 0 10 0.13 M M 9.3 21 130 M M 7 13 27 130
15 83 64 74 -6 0 9 0.04 M M 7.4 21 20 M M 4 26 20
16 93 67 80 0 0 15 0.00 M M 9.3 20 140 M M 1 1 26 130
17 101 72 87 7 0 22 0.00 M M 9.4 20 200 M M 1 31 200
18 104 71 88 8 0 23 0.19 M M 10.2 39 320 M M 1 38 61 320
19 91 66 79 -1 0 14 0.00 M M 7.6 17 160 M M 0 38 29 160
20 90 63 77 -3 0 12 0.44 M M 11.7 41 330 M M 2 13 52 330
21 86 62 74 -6 0 9 0.30 M M 6.0 15 140 M M 2 13 21 180
22 93 67 80 0 0 15 0.07 M M 10.3 18 150 M M 1 1 27 150
23 95 72 84 4 0 19 0.00 M M 12.5 22 140 M M 1 32 150
24 97 75 86 6 0 21 0.00 M M 14.1 28 160 M M 2 38 150
25 99 76 88 8 0 23 0.00 M M 13.4 24 170 M M 1 35 170
26 98 71 85 5 0 20 1.24 M M 8.7 21 210 M M 3 123 29 200
27 87 70 79 0 0 14 0.01 M M 7.3 20 50 M M 6 1 26 60
28 88 66 77 -2 0 12 0.00 M M 4.0 13 140 M M 4 12 21 160
29 93 65 79 0 0 14 0.21 M M 4.8 30 10 M M 2 13 40 10
30 75 63 69 -10 0 4 0.12 M M 10.2 29 10 M M 8 13 38 10
31 86 60 73 -6 0 8 0.00 M M 6.4 13 10 M M 0 18 360
================================================================================
SM 2866 2063 0 457 4.22 M 271.2 M 65
================================================================================
AV 92.5 66.5 8.7 FASTST M M 2 MAX(MPH)
MISC ----> 62 310 93 310
================================================================================
NOTES:
# LAST OF SEVERAL OCCURRENCES
COLUMN 17 PEAK WIND IN M.P.H.
PRELIMINARY LOCAL CLIMATOLOGICAL DATA (WS FORM: F-6) , PAGE 2
STATION: HILL CITY KS
MONTH: JULY
YEAR: 2020
LATITUDE: 39 22 N
LONGITUDE: 99 50 W
[TEMPERATURE DATA] [PRECIPITATION DATA] SYMBOLS USED IN COLUMN 16
AVERAGE MONTHLY: 79.5 TOTAL FOR MONTH: 4.22 1 = FOG OR MIST
DPTR FM NORMAL: 0.4 DPTR FM NORMAL: 0.51 2 = FOG REDUCING VISIBILITY
HIGHEST: 104 ON 18 GRTST 24HR 1.25 ON 26-27 TO 1/4 MILE OR LESS
LOWEST: 58 ON 12 3 = THUNDER
SNOW, ICE PELLETS, HAIL 4 = ICE PELLETS
TOTAL MONTH: M 5 = HAIL
GRTST 24HR M ON M 6 = FREEZING RAIN OR DRIZZLE
GRTST DEPTH: M ON M 7 = DUSTSTORM OR SANDSTORM:
VSBY 1/2 MILE OR LESS
8 = SMOKE OR HAZE
[NO. OF DAYS WITH] [WEATHER - DAYS WITH] 9 = BLOWING SNOW
X = TORNADO
MAX 32 OR BELOW: 0 0.01 INCH OR MORE: 12
MAX 90 OR ABOVE: 23 0.10 INCH OR MORE: 9
MIN 32 OR BELOW: 0 0.50 INCH OR MORE: 3
MIN 0 OR BELOW: 0 1.00 INCH OR MORE: 1
[HDD (BASE 65) ]
TOTAL THIS MO. 0 CLEAR (SCALE 0-3) 24
DPTR FM NORMAL -1 PTCLDY (SCALE 4-7) 7
TOTAL FM JUL 1 0 CLOUDY (SCALE 8-10) 0
DPTR FM NORMAL 0
[CDD (BASE 65) ]
TOTAL THIS MO. 457
DPTR FM NORMAL 18 [PRESSURE DATA]
TOTAL FM JAN 1 892 HIGHEST SLP M ON M
DPTR FM NORMAL 119 LOWEST SLP 29.60 ON 8
[REMARKS]
#FINAL-07-20#