000
CXUS56 KTFX 011110
CF6HLN
PRELIMINARY LOCAL CLIMATOLOGICAL DATA (WS FORM: F-6)
STATION: HELENA MT
MONTH: SEPTEMBER
YEAR: 2022
LATITUDE: 46 35 N
LONGITUDE: 112 0 W
TEMPERATURE IN F: :PCPN: SNOW: WIND :SUNSHINE: SKY :PK WND
================================================================================
1 2 3 4 5 6A 6B 7 8 9 10 11 12 13 14 15 16 17 18
12Z AVG MX 2MIN
DY MAX MIN AVG DEP HDD CDD WTR SNW DPTH SPD SPD DIR MIN PSBL S-S WX SPD DR
================================================================================
1 94 55 75 11 0 10 0.00 0.0 0 8.5 25 310 M M 0 35 260
2 94 56 75 11 0 10 0.00 0.0 0 3.8 14 50 M M 0 19 50
3 99 56 78 15 0 13 0.00 0.0 0 4.8 24 270 M M 0 35 260
4 94 60 77 14 0 12 0.00 0.0 0 7.5 23 280 M M 3 8 36 260
5 93 53 73 10 0 8 0.00 0.0 0 6.0 22 300 M M 5 8 30 300
6 94 53 74 12 0 9 0.00 0.0 0 4.0 14 120 M M 0 8 19 120
7 102 57 80 18 0 15 T 0.0 0 5.5 45 290 M M 2 8 61 290
8 76 48 62 0 3 0 0.00 0.0 0 12.0 33 350 M M 4 8 45 350
9 60 41 51 -10 14 0 0.00 0.0 0 7.0 23 360 M M 2 29 360
10 76 36 56 -5 9 0 0.00 0.0 0 4.0 14 100 M M 0 20 110
11 87 44 66 5 0 1 0.00 0.0 0 2.3 12 270 M M 1 8 16 250
12 84 51 68 8 0 3 0.00 0.0 0 4.5 13 280 M M 0 8 17 290
13 75 54 65 5 0 0 T 0.0 0 4.4 17 250 M M 4 8 23 250
14 75 55 65 5 0 0 0.00 0.0 0 3.7 10 40 M M 4 18 16 20
15 73 49 61 2 4 0 0.24 0.0 0 3.8 28 180 M M 4 38 42 170
16 67 49 58 -1 7 0 0.24 0.0 0 3.4 21 300 M M 6 13 30 290
17 74 41 58 -1 7 0 0.00 0.0 0 3.2 16 80 M M 1 123 27 60
18 76 44 60 2 5 0 0.11 0.0 0 5.5 30 280 M M 2 3 40 270
19 79 47 63 5 2 0 0.00 0.0 0 5.6 25 340 M M 0 37 350
20 52 47 50 -8 15 0 0.00 0.0 0 9.0 16 340 M M 10 20 350
21 69 49 59 2 6 0 0.07 0.0 0 5.6 16 80 M M 7 23 90
22 65 49 57 0 8 0 0.27 0.0 0 7.8 26 300 M M 7 1 36 270
23 71 53 62 6 3 0 0.00 0.0 0 12.0 24 270 M M 2 35 240
24 75 51 63 7 2 0 0.00 0.0 0 8.8 20 280 M M 1 30 260
25 80 45 63 7 2 0 0.00 0.0 0 2.2 9 110 M M 0 13 110
26 82 46 64 9 1 0 0.00 0.0 M 2.8 9 250 M M 1 12 250
27 84 48 66 11 0 1 0.00 0.0 0 1.5 10 260 M M 0 13 260
28 84 47 66 12 0 1 0.00 0.0 0 2.7 13 260 M M 0 17 270
29 77 50 64 10 1 0 0.51 0.0 0 6.0 28 280 M M 3 13 38 280
30 56 50 53 0 12 0 0.51 0.0 0 3.8 10 240 M M 10 1 13 270
================================================================================
SM 2367 1484 101 83 1.95 0.0 161.7 M 79
================================================================================
AV 78.9 49.5 5.4 FASTST M M 3 MAX(MPH)
MISC ----> 45 290 61 290
================================================================================
NOTES:
# LAST OF SEVERAL OCCURRENCES
COLUMN 17 PEAK WIND IN M.P.H.
PRELIMINARY LOCAL CLIMATOLOGICAL DATA (WS FORM: F-6) , PAGE 2
STATION: HELENA MT
MONTH: SEPTEMBER
YEAR: 2022
LATITUDE: 46 35 N
LONGITUDE: 112 0 W
[TEMPERATURE DATA] [PRECIPITATION DATA] SYMBOLS USED IN COLUMN 16
AVERAGE MONTHLY: 64.2 TOTAL FOR MONTH: 1.95 1 = FOG OR MIST
DPTR FM NORMAL: 5.3 DPTR FM NORMAL: 0.99 2 = FOG REDUCING VISIBILITY
HIGHEST: 102 ON 7 GRTST 24HR 0.65 ON 29-30 TO 1/4 MILE OR LESS
LOWEST: 36 ON 10 3 = THUNDER
SNOW, ICE PELLETS, HAIL 4 = ICE PELLETS
TOTAL MONTH: 0.0 INCH 5 = HAIL
GRTST 24HR 0.0 6 = FREEZING RAIN OR DRIZZLE
GRTST DEPTH: 0 7 = DUSTSTORM OR SANDSTORM:
VSBY 1/2 MILE OR LESS
8 = SMOKE OR HAZE
[NO. OF DAYS WITH] [WEATHER - DAYS WITH] 9 = BLOWING SNOW
X = TORNADO
MAX 32 OR BELOW: 0 0.01 INCH OR MORE: 7
MAX 90 OR ABOVE: 7 0.10 INCH OR MORE: 6
MIN 32 OR BELOW: 0 0.50 INCH OR MORE: 2
MIN 0 OR BELOW: 0 1.00 INCH OR MORE: 0
[HDD (BASE 65) ]
TOTAL THIS MO. 101 CLEAR (SCALE 0-3) 19
DPTR FM NORMAL -109 PTCLDY (SCALE 4-7) 9
TOTAL FM JUL 1 103 CLOUDY (SCALE 8-10) 2
DPTR FM NORMAL -170
[CDD (BASE 65) ]
TOTAL THIS MO. 83
DPTR FM NORMAL 55 [PRESSURE DATA]
TOTAL FM JAN 1 751 HIGHEST SLP 30.37 ON 25
DPTR FM NORMAL 318 LOWEST SLP 29.71 ON 18
[REMARKS]
#FINAL-09-22#