000
CXUS56 KTFX 011110
CF6HLN
PRELIMINARY LOCAL CLIMATOLOGICAL DATA (WS FORM: F-6)
STATION: HELENA MT
MONTH: MARCH
YEAR: 2022
LATITUDE: 46 35 N
LONGITUDE: 112 0 W
TEMPERATURE IN F: :PCPN: SNOW: WIND :SUNSHINE: SKY :PK WND
================================================================================
1 2 3 4 5 6A 6B 7 8 9 10 11 12 13 14 15 16 17 18
12Z AVG MX 2MIN
DY MAX MIN AVG DEP HDD CDD WTR SNW DPTH SPD SPD DIR MIN PSBL S-S WX SPD DR
================================================================================
1 60 35 48 17 17 0 0.00 0.0 0 8.6 25 260 M M 4 35 280
2 50 31 41 10 24 0 0.04 0.0 0 3.1 10 260 M M 6 1 12 270
3 53 32 43 11 22 0 T 0.0 0 2.1 12 10 M M 5 12 14 10
4 36 27 32 0 33 0 T T 0 9.2 22 350 M M 10 8 29 360
5 32 23 28 -4 37 0 0.00 0.0 0 5.3 18 330 M M 10 23 340
6 32 15 24 -9 41 0 T T 0 7.2 23 360 M M 7 30 10
7 41 13 27 -6 38 0 T T 0 8.6 24 350 M M 6 1 41 340
8 25 8 17 -16 48 0 0.01 0.3 T 13.0 26 340 M M 10 1 33 360
9 20 2 11 -23 54 0 0.00 0.0 0 5.6 15 360 M M 4 24 350
10 31 -1 15 -19 50 0 0.00 0.0 0 5.9 23 260 M M 3 33 240
11 42 17 30 -4 35 0 0.00 0.0 0 8.3 28 270 M M 7 37 280
12 61 31 46 11 19 0 0.00 0.0 0 10.1 28 290 M M 2 39 280
13 49 30 40 5 25 0 0.00 0.0 0 9.5 24 280 M M 5 32 270
14 58 32 45 9 20 0 0.00 0.0 0 8.2 20 180 M M 7 29 210
15 55 39 47 11 18 0 0.03 0.0 0 10.1 33 270 M M 8 43 280
16 48 33 41 5 24 0 T 0.0 0 13.6 31 280 M M 2 42 280
17 54 33 44 7 21 0 0.00 0.0 0 6.8 21 260 M M 2 30 260
18 56 31 44 7 21 0 0.00 0.0 0 8.5 23 250 M M 4 31 250
19 59 27 43 6 22 0 0.01 0.0 0 5.0 24 260 M M 5 38 260
20 45 32 39 1 26 0 0.00 0.0 0 16.6 28 290 M M 6 40 300
21 49 30 40 2 25 0 0.00 0.0 0 15.6 29 280 M M 2 40 290
22 59 35 47 9 18 0 0.00 0.0 0 8.7 20 260 M M 2 26 290
23 71 31 51 13 14 0 0.00 0.0 0 6.1 17 300 M M 0 23 80
24 58 35 47 8 18 0 0.00 0.0 0 12.1 29 300 M M 2 40 290
25 59 26 43 4 22 0 0.00 0.0 0 3.4 10 70 M M 0 15 80
26 67 33 50 11 15 0 0.00 0.0 0 3.8 18 310 M M 3 24 250
27 71 34 53 13 12 0 0.00 0.0 0 4.6 15 80 M M 1 8 20 70
28 72 44 58 18 7 0 T 0.0 0 6.3 24 270 M M 4 33 270
29 48 29 39 -1 26 0 0.10 T T 7.3 24 330 M M 7 1 30 330
30 62 23 43 3 22 0 0.00 0.0 0 8.2 24 280 M M 0 32 260
31 50 32 41 0 24 0 0.00 0.0 0 12.1 28 270 M M 5 38 280
================================================================================
SM 1573 842 798 0 0.19 0.3 253.5 M 139
================================================================================
AV 50.7 27.2 8.2 FASTST M M 4 MAX(MPH)
MISC ----> 33 270 43 280
================================================================================
NOTES:
# LAST OF SEVERAL OCCURRENCES
COLUMN 17 PEAK WIND IN M.P.H.
PRELIMINARY LOCAL CLIMATOLOGICAL DATA (WS FORM: F-6) , PAGE 2
STATION: HELENA MT
MONTH: MARCH
YEAR: 2022
LATITUDE: 46 35 N
LONGITUDE: 112 0 W
[TEMPERATURE DATA] [PRECIPITATION DATA] SYMBOLS USED IN COLUMN 16
AVERAGE MONTHLY: 39.0 TOTAL FOR MONTH: 0.19 1 = FOG OR MIST
DPTR FM NORMAL: 2.9 DPTR FM NORMAL: -0.33 2 = FOG REDUCING VISIBILITY
HIGHEST: 72 ON 28 GRTST 24HR 0.10 ON 28-29 TO 1/4 MILE OR LESS
LOWEST: -1 ON 10 3 = THUNDER
SNOW, ICE PELLETS, HAIL 4 = ICE PELLETS
TOTAL MONTH: 0.3 INCH 5 = HAIL
GRTST 24HR 0.3 ON 8- 8 6 = FREEZING RAIN OR DRIZZLE
GRTST DEPTH: T 7 = DUSTSTORM OR SANDSTORM:
VSBY 1/2 MILE OR LESS
8 = SMOKE OR HAZE
[NO. OF DAYS WITH] [WEATHER - DAYS WITH] 9 = BLOWING SNOW
X = TORNADO
MAX 32 OR BELOW: 5 0.01 INCH OR MORE: 5
MAX 90 OR ABOVE: 0 0.10 INCH OR MORE: 1
MIN 32 OR BELOW: 22 0.50 INCH OR MORE: 0
MIN 0 OR BELOW: 1 1.00 INCH OR MORE: 0
[HDD (BASE 65) ]
TOTAL THIS MO. 798 CLEAR (SCALE 0-3) 11
DPTR FM NORMAL -100 PTCLDY (SCALE 4-7) 17
TOTAL FM JUL 1 5609 CLOUDY (SCALE 8-10) 3
DPTR FM NORMAL -782
[CDD (BASE 65) ]
TOTAL THIS MO. 0
DPTR FM NORMAL 0 [PRESSURE DATA]
TOTAL FM JAN 1 0 HIGHEST SLP 30.49 ON 6
DPTR FM NORMAL 0 LOWEST SLP 29.50 ON 28
[REMARKS]
#FINAL-03-22#