000
CXUS56 KTFX 011210
CF6HLN
PRELIMINARY LOCAL CLIMATOLOGICAL DATA (WS FORM: F-6)
STATION: HELENA MT
MONTH: JANUARY
YEAR: 2022
LATITUDE: 46 35 N
LONGITUDE: 112 0 W
TEMPERATURE IN F: :PCPN: SNOW: WIND :SUNSHINE: SKY :PK WND
================================================================================
1 2 3 4 5 6A 6B 7 8 9 10 11 12 13 14 15 16 17 18
12Z AVG MX 2MIN
DY MAX MIN AVG DEP HDD CDD WTR SNW DPTH SPD SPD DIR MIN PSBL S-S WX SPD DR
================================================================================
1 20 -14 3 -19 62 0 T T 3 2.0 10 330 M M 5 8 14 270
2 25 5 15 -7 50 0 0.00 0.0 3 3.8 10 280 M M 0 13 290
3 42 6 24 2 41 0 0.03 0.7 3 8.5 24 280 M M 3 1 36 180
4 35 -8 14 -8 51 0 0.02 0.2 4 7.5 15 350 M M 7 8 19 360
5 -3 -10 -6 -28 71 0 0.13 1.6 4 7.2 15 28 M M 9 8 19 29
6 7 -4 2 -20 63 0 0.23 2.0 6 0.8 8 290 M M 10 8 10 290
7 49 7 28 6 37 0 T 0.0 6 8.8 35 260 M M 4 8 54 250
8 37 24 31 9 34 0 0.00 0.0 6 14.8 31 260 M M 3 47 270
9 33 10 22 0 43 0 0.00 0.0 5 4.1 15 230 M M 0 19 220
10 28 5 17 -5 48 0 0.00 0.0 5 2.3 12 170 M M 0 13 130
11 37 11 24 2 41 0 0.00 0.0 5 3.5 13 100 M M 2 17 100
12 41 28 35 13 30 0 0.00 0.0 5 3.6 12 100 M M 8 14 100
13 41 26 34 12 31 0 0.00 0.0 4 3.9 14 30 M M 1 19 340
14 46 25 36 13 29 0 0.00 0.0 3 4.3 15 260 M M 5 22 310
15 44 22 33 10 32 0 0.00 0.0 3 5.1 17 80 M M 2 18 21 280
16 46 26 36 13 29 0 0.00 0.0 3 4.6 18 310 M M 2 23 300
17 53 36 45 22 20 0 0.00 0.0 2 7.4 20 260 M M 0 30 260
18 44 13 29 6 36 0 0.05 0.7 2 10.9 20 340 M M 9 18 23 330
19 22 10 16 -7 49 0 0.01 1.0 3 2.3 10 320 M M 5 12 320
20 41 9 25 2 40 0 0.01 T 3 4.2 24 270 M M 8 46 35 270
21 42 34 38 14 27 0 T T 3 12.7 28 270 M M 6 37 280
22 41 23 32 8 33 0 0.00 0.0 2 5.5 17 260 M M 2 25 260
23 49 18 34 10 31 0 0.00 0.0 2 5.6 24 270 M M 0 31 260
24 40 24 32 8 33 0 0.02 0.1 2 6.1 18 270 M M 6 18 23 270
25 40 26 33 9 32 0 0.00 0.0 2 6.5 22 270 M M 3 30 270
26 42 27 35 11 30 0 0.00 0.0 2 8.2 15 280 M M 2 25 250
27 34 19 27 3 38 0 T T 2 3.8 14 310 M M 2 18 100
28 30 10 20 -4 45 0 0.00 0.0 2 3.1 12 280 M M 0 8 14 290
29 36 11 24 0 41 0 0.00 0.0 2 2.5 12 60 M M 0 13 70
30 38 19 29 5 36 0 0.00 0.0 2 2.6 8 280 M M 4 10 290
31 43 15 29 4 36 0 0.05 0.6 2 14.7 36 260 M M 7 1 52 250
================================================================================
SM 1123 453 1219 0 0.55 6.9 180.9 M 115
================================================================================
AV 36.2 14.6 5.8 FASTST M M 4 MAX(MPH)
MISC ----> 36 260 54 250
================================================================================
NOTES:
# LAST OF SEVERAL OCCURRENCES
COLUMN 17 PEAK WIND IN M.P.H.
PRELIMINARY LOCAL CLIMATOLOGICAL DATA (WS FORM: F-6) , PAGE 2
STATION: HELENA MT
MONTH: JANUARY
YEAR: 2022
LATITUDE: 46 35 N
LONGITUDE: 112 0 W
[TEMPERATURE DATA] [PRECIPITATION DATA] SYMBOLS USED IN COLUMN 16
AVERAGE MONTHLY: 25.4 TOTAL FOR MONTH: 0.55 1 = FOG OR MIST
DPTR FM NORMAL: 2.4 DPTR FM NORMAL: 0.16 2 = FOG REDUCING VISIBILITY
HIGHEST: 53 ON 17 GRTST 24HR 0.23 ON 6- 6 TO 1/4 MILE OR LESS
LOWEST: -14 ON 1 3 = THUNDER
SNOW, ICE PELLETS, HAIL 4 = ICE PELLETS
TOTAL MONTH: 7.8 INCHES 5 = HAIL
GRTST 24HR 2.0 ON 6- 6 6 = FREEZING RAIN OR DRIZZLE
GRTST DEPTH: 6 ON 8, 7 7 = DUSTSTORM OR SANDSTORM:
VSBY 1/2 MILE OR LESS
8 = SMOKE OR HAZE
[NO. OF DAYS WITH] [WEATHER - DAYS WITH] 9 = BLOWING SNOW
X = TORNADO
MAX 32 OR BELOW: 7 0.01 INCH OR MORE: 9
MAX 90 OR ABOVE: 0 0.10 INCH OR MORE: 2
MIN 32 OR BELOW: 29 0.50 INCH OR MORE: 0
MIN 0 OR BELOW: 4 1.00 INCH OR MORE: 0
[HDD (BASE 65) ]
TOTAL THIS MO. 1219 CLEAR (SCALE 0-3) 16
DPTR FM NORMAL -85 PTCLDY (SCALE 4-7) 12
TOTAL FM JUL 1 3752 CLOUDY (SCALE 8-10) 3
DPTR FM NORMAL -682
[CDD (BASE 65) ]
TOTAL THIS MO. 0
DPTR FM NORMAL 0 [PRESSURE DATA]
TOTAL FM JAN 1 0 HIGHEST SLP 30.71 ON 28
DPTR FM NORMAL 0 LOWEST SLP 29.69 ON 31
[REMARKS]
#FINAL-01-22#