000
CXUS56 KTFX 161541
CF6HLN
PRELIMINARY LOCAL CLIMATOLOGICAL DATA (WS FORM: F-6)
STATION: HELENA MT
MONTH: NOVEMBER
YEAR: 2023
LATITUDE: 46 35 N
LONGITUDE: 112 0 W
TEMPERATURE IN F: :PCPN: SNOW: WIND :SUNSHINE: SKY :PK WND
================================================================================
1 2 3 4 5 6A 6B 7 8 9 10 11 12 13 14 15 16 17 18
12Z AVG MX 2MIN
DY MAX MIN AVG DEP HDD CDD WTR SNW DPTH SPD SPD DIR MIN PSBL S-S WX SPD DR
================================================================================
1 34 18 26 -12 39 0 0.00 0.0 5 0.7 6 270 M M 4 128 7 270
2 51 30 41 3 24 0 T 0.0 5 2.1 14 280 M M 9 18 19 270
3 57 40 49 11 16 0 T 0.0 1 8.3 16 280 M M 7 22 260
4 50 31 41 4 24 0 0.00 0.0 T 2.4 9 230 M M 2 10 200
5 58 35 47 10 18 0 0.01 0.0 0 9.8 26 290 M M 5 36 260
6 53 33 43 7 22 0 T 0.0 0 4.4 24 260 M M 7 39 240
7 53 37 45 9 20 0 0.00 0.0 0 9.9 28 260 M M 5 38 260
8 50 36 43 7 22 0 0.00 0.0 0 12.9 26 280 M M 1 36 280
9 49 24 37 2 28 0 0.00 0.0 0 2.8 15 270 M M 0 21 270
10 47 27 37 2 28 0 0.00 0.0 0 3.9 22 280 M M 4 30 280
11 60 30 45 11 20 0 T 0.0 0 8.6 39 280 M M 4 58 260
12 57 32 45 11 20 0 0.00 0.0 0 3.6 13 280 M M 1 15 280
13 61 32 47 13 18 0 0.00 0.0 0 3.8 20 250 M M 0 25 260
14 53 29 41 8 24 0 0.00 0.0 0 5.1 15 260 M M 1 20 250
15 63 26 45 12 20 0 0.00 0.0 0 7.3 26 280 M M 3 35 280
16 52 33 43 10 22 0 0.00 0.0 M 9.8 25 270 M M 5 33 270
17 54 26 40 8 25 0 0.00 0.0 0 3.3 12 270 M M 0 16 270
18 51 25 38 6 27 0 0.00 0.0 0 1.5 7 240 M M 1 8 240
19 48 26 37 5 28 0 0.00 0.0 0 7.1 28 270 M M 6 38 250
20 47 27 37 6 28 0 0.00 0.0 0 11.0 25 260 M M 3 34 260
21 47 22 35 4 30 0 0.00 0.0 0 3.6 9 260 M M 0 13 20
22 50 25 38 8 27 0 0.00 0.0 0 4.5 23 260 M M 7 30 250
23 38 25 32 2 33 0 0.01 T 0 10.7 20 350 M M 10 26 330
24 29 17 23 -7 42 0 0.00 0.0 T 4.9 15 360 M M 9 21 360
25 34 12 23 -6 42 0 0.00 0.0 0 1.7 8 230 M M 2 12 70
26 39 17 28 -1 37 0 0.00 0.0 0 2.1 7 180 M M 1 8 180
27 43 16 30 1 35 0 0.00 0.0 0 2.1 12 240 M M 0 17 260
28 43 15 29 1 36 0 0.00 0.0 0 1.8 9 250 M M 0 11 50
29 43 14 29 1 36 0 0.00 0.0 0 3.0 12 270 M M 0 8 14 280
30 33 17 25 -3 40 0 0.00 0.0 0 1.2 8 250 M M 6 8 10 250
================================================================================
SM 1447 777 831 0 0.02 T 153.9 M 103
================================================================================
AV 48.2 25.9 5.1 FASTST M M 3 MAX(MPH)
MISC ----> 39 280 58 260
================================================================================
NOTES:
# LAST OF SEVERAL OCCURRENCES
COLUMN 17 PEAK WIND IN M.P.H.
PRELIMINARY LOCAL CLIMATOLOGICAL DATA (WS FORM: F-6) , PAGE 2
STATION: HELENA MT
MONTH: NOVEMBER
YEAR: 2023
LATITUDE: 46 35 N
LONGITUDE: 112 0 W
[TEMPERATURE DATA] [PRECIPITATION DATA] SYMBOLS USED IN COLUMN 16
AVERAGE MONTHLY: 37.1 TOTAL FOR MONTH: 0.02 1 = FOG OR MIST
DPTR FM NORMAL: 4.3 DPTR FM NORMAL: -0.57 2 = FOG REDUCING VISIBILITY
HIGHEST: 63 ON 15 GRTST 24HR 0.01 ON 5- 5 TO 1/4 MILE OR LESS
LOWEST: 12 ON 25 3 = THUNDER
SNOW, ICE PELLETS, HAIL 4 = ICE PELLETS
TOTAL MONTH: T 5 = HAIL
GRTST 24HR T ON 23-23 6 = FREEZING RAIN OR DRIZZLE
GRTST DEPTH: 6 ON M 7 = DUSTSTORM OR SANDSTORM:
VSBY 1/2 MILE OR LESS
8 = SMOKE OR HAZE
[NO. OF DAYS WITH] [WEATHER - DAYS WITH] 9 = BLOWING SNOW
X = TORNADO
MAX 32 OR BELOW: 1 0.01 INCH OR MORE: 2
MAX 90 OR ABOVE: 0 0.10 INCH OR MORE: 0
MIN 32 OR BELOW: 24 0.50 INCH OR MORE: 0
MIN 0 OR BELOW: 0 1.00 INCH OR MORE: 0
[HDD (BASE 65) ]
TOTAL THIS MO. 831 CLEAR (SCALE 0-3) 15
DPTR FM NORMAL -135 PTCLDY (SCALE 4-7) 12
TOTAL FM JUL 1 1561 CLOUDY (SCALE 8-10) 3
DPTR FM NORMAL -282
[CDD (BASE 65) ]
TOTAL THIS MO. 0
DPTR FM NORMAL 0 [PRESSURE DATA]
TOTAL FM JAN 1 588 HIGHEST SLP 30.69 ON 20
DPTR FM NORMAL 155 LOWEST SLP 29.63 ON 6
[REMARKS]
#FINAL-11-23#