000
CXUS54 KMAF 291111
CF6HOB
PRELIMINARY LOCAL CLIMATOLOGICAL DATA (WS FORM: F-6)
STATION: LEA AIRPORT, HOBBS
MONTH: MARCH
YEAR: 2024
LATITUDE: 32 40 N
LONGITUDE: 103-12 E
TEMPERATURE IN F: :PCPN: SNOW: WIND :SUNSHINE: SKY :PK WND
================================================================================
1 2 3 4 5 6A 6B 7 8 9 10 11 12 13 14 15 16 17 18
12Z AVG MX 2MIN
DY MAX MIN AVG DEP HDD CDD WTR SNW DPTH SPD SPD DIR MIN PSBL S-S WX SPD DR
================================================================================
1 73 34 54 M 11 0 0.00 M M 11.8 18 240 M M 1 12 23 270
2 75 41 58 M 7 0 0.00 M M 14.2 28 240 M M 0 36 200
3 77 41 59 M 6 0 0.00 M M 18.1 35 230 M M 1 41 230
4 73 45 59 M 6 0 0.00 M M 13.0 22 260 M M 0 28 260
5 72 43 58 M 7 0 0.00 M M 8.7 16 310 M M 0 17 280
6 73 39 56 M 9 0 0.00 M M 11.8 28 230 M M 2 39 230
7 72 46 59 M 6 0 0.00 M M 13.0 25 230 M M 4 33 220
8 55 34 45 M 20 0 0.00 M M 15.2 23 30 M M 5 26 30
9 52 30 41 M 24 0 0.00 M M 8.5 16 10 M M 4 22 10
10 63 30 47 M 18 0 0.00 M M 8.1 14 150 M M 0 17 180
11 72 36 54 M 11 0 0.00 M M 11.2 20 170 M M 0 28 220
12 77 45 61 M 4 0 0.00 M M 10.1 16 240 M M 0 26 240
13 77 45 61 M 4 0 0.00 M M 15.5 31 250 M M 2 41 250
14 396 43 220 M 0 155 0.00 M M 9.8 24 40 M M 2 33 50
15 52 43 48 M 17 0 0.00 M M 16.9 25 20 M M 10 18 36 40
16 52 45 49 M 16 0 0.00 M M 7.7 12 20 M M 10 1 M M
17 54 45 50 M 15 0 0.00 M M 9.9 16 60 M M 10 1 20 70
18 59 37 48 M 17 0 0.00 M M 8.8 14 120 M M 4 1 20 120
19 66 39 53 M 12 0 0.00 M M 9.5 14 130 M M 2 18 170
20 70 39 55 M 10 0 0.00 M M 7.0 15 230 M M 4 36 250
21 73 45 59 M 6 0 0.00 M M 8.9 29 310 M M 4 44 310
22 77 39 58 M 7 0 0.00 M M 11.3 21 310 M M 0 22 350
23 70 46 58 M 7 0 0.00 M M 17.6 30 160 M M 1 40 160
24 70 48 59 M 6 0 0.00 M M 26.1 46 240 M M 3 8 58 240
25 59 34 47 M 18 0 0.00 M M 16.0 29 240 M M 2 36 240
26 61 27 44 M 21 0 0.00 M M 8.9 28 270 M M 2 37 270
27 66 36 51 M 14 0 0.00 M M 15.9 31 280 M M 0 39 280
28 75 32 54 M 11 0 0.00 M M 10.6 20 180 M M 0 28 200
================================================================================
SM 2211 1107 310 155 0.00 M 344.1 M 73
================================================================================
AV 79.0 39.5 12.3 FASTST M M 3 MAX(MPH)
MISC ----> 46 240 58 240
================================================================================
NOTES:
# LAST OF SEVERAL OCCURRENCES
COLUMN 17 PEAK WIND IN M.P.H.
PRELIMINARY LOCAL CLIMATOLOGICAL DATA (WS FORM: F-6) , PAGE 2
STATION: LEA AIRPORT, HOBBS
MONTH: MARCH
YEAR: 2024
LATITUDE: 32 40 N
LONGITUDE: 103-12 E
[TEMPERATURE DATA] [PRECIPITATION DATA] SYMBOLS USED IN COLUMN 16
AVERAGE MONTHLY: 59.3 TOTAL FOR MONTH: 0.00 1 = FOG OR MIST
DPTR FM NORMAL: 0.0 DPTR FM NORMAL: -0.66 2 = FOG REDUCING VISIBILITY
HIGHEST: 396 ON 14 GRTST 24HR 0.00 ON 1- 1 TO 1/4 MILE OR LESS
LOWEST: 27 ON 26 3 = THUNDER
SNOW, ICE PELLETS, HAIL 4 = ICE PELLETS
TOTAL MONTH: M 5 = HAIL
GRTST 24HR M ON M 6 = FREEZING RAIN OR DRIZZLE
GRTST DEPTH: M ON M 7 = DUSTSTORM OR SANDSTORM:
VSBY 1/2 MILE OR LESS
8 = SMOKE OR HAZE
[NO. OF DAYS WITH] [WEATHER - DAYS WITH] 9 = BLOWING SNOW
X = TORNADO
MAX 32 OR BELOW: 0 0.01 INCH OR MORE: 0
MAX 90 OR ABOVE: 1 0.10 INCH OR MORE: 0
MIN 32 OR BELOW: 4 0.50 INCH OR MORE: 0
MIN 0 OR BELOW: 0 1.00 INCH OR MORE: 0
[HDD (BASE 65) ]
TOTAL THIS MO. 310 CLEAR (SCALE 0-3) 18
DPTR FM NORMAL M PTCLDY (SCALE 4-7) 7
TOTAL FM JUL 1 2609 CLOUDY (SCALE 8-10) 3
DPTR FM NORMAL M
[CDD (BASE 65) ]
TOTAL THIS MO. 155
DPTR FM NORMAL M [PRESSURE DATA]
TOTAL FM JAN 1 155 HIGHEST SLP M ON M
DPTR FM NORMAL M LOWEST SLP M ON M
[REMARKS]