000
CXUS54 KMAF 011110
CF6HOB
PRELIMINARY LOCAL CLIMATOLOGICAL DATA (WS FORM: F-6)
STATION: LEA AIRPORT, HOBBS
MONTH: JUNE
YEAR: 2023
LATITUDE: 32 40 N
LONGITUDE: 103-12 E
TEMPERATURE IN F: :PCPN: SNOW: WIND :SUNSHINE: SKY :PK WND
================================================================================
1 2 3 4 5 6A 6B 7 8 9 10 11 12 13 14 15 16 17 18
12Z AVG MX 2MIN
DY MAX MIN AVG DEP HDD CDD WTR SNW DPTH SPD SPD DIR MIN PSBL S-S WX SPD DR
================================================================================
1 86 64 75 M 0 10 0.00 M M 12.7 29 130 M M 5 41 130
2 77 59 68 M 0 3 0.00 M M 10.1 20 20 M M 7 3 26 20
3 81 54 68 M 0 3 0.06 M M 8.7 24 320 M M 5 3 35 320
4 82 55 69 M 0 4 0.00 M M 9.0 15 40 M M 2 18 40
5 79 57 68 M 0 3 0.50 M M 8.2 16 10 M M 6 3 32 10
6 81 59 70 M 0 5 0.00 M M 5.6 12 130 M M 2 16 120
7 88 61 75 M 0 10 0.38 M M 10.1 25 340 M M 4 3 37 300
8 88 59 74 M 0 9 0.00 M M 7.6 15 170 M M 0 16 160
9 91 61 76 M 0 11 0.00 M M 6.7 13 250 M M 0 18 140
10 93 55 74 M 0 9 0.00 M M 7.9 12 270 M M 0 14 260
11 97 61 79 M 0 14 0.00 M M 7.9 22 210 M M 0 23 220
12 91 66 79 M 0 14 0.00 M M 9.5 17 90 M M 1 1 25 60
13 95 68 82 M 0 17 0.00 M M 11.7 25 240 M M 2 1 37 240
14 95 55 75 M 0 10 0.00 M M 9.1 13 150 M M 1 1 18 330
15 100 63 82 M 0 17 0.00 M M 12.1 24 240 M M 0 36 240
16 99 63 81 M 0 16 0.00 M M 9.5 18 260 M M 0 26 260
17 100 66 83 M 0 18 0.00 M M 11.1 24 250 M M 0 40 260
18 99 61 80 M 0 15 0.00 M M 10.6 20 240 M M 0 26 330
19 104 73 89 M 0 24 0.00 M M 11.5 24 240 M M 0 31 240
20 106 72 89 M 0 24 0.00 M M 8.5 14 330 M M 0 21 330
21 106 72 89 M 0 24 0.00 M M 9.1 17 60 M M 0 28 60
22 104 64 84 M 0 19 0.00 M M 12.6 22 90 M M 2 8 32 70
23 104 72 88 M 0 23 0.00 M M 7.2 25 140 M M 1 31 70
24 453 73 263 M 0 198 0.00 M M 13.5 20 250 M M 0 29 250
25 106 68 87 M 0 22 0.00 M M 9.8 16 320 M M 0 23 320
26 104 70 87 M 0 22 0.00 M M 8.9 20 320 M M 0 31 320
27 106 75 91 M 0 26 0.00 M M 16.6 24 160 M M 0 32 180
28 102 79 91 M 0 26 0.00 M M 18.7 26 160 M M 0 36 160
29 100 77 89 M 0 24 0.00 M M 16.5 25 150 M M 1 36 130
30 95 70 83 M 0 18 0.00 M M 11.5 23 300 M M 0 29 150
================================================================================
SM 3212 1952 0 638 0.94 M 312.4 M 39
================================================================================
AV107.1 65.1 10.4 FASTST M M 1 MAX(MPH)
MISC ----> 29 130 41 130
================================================================================
NOTES:
# LAST OF SEVERAL OCCURRENCES
COLUMN 17 PEAK WIND IN M.P.H.
PRELIMINARY LOCAL CLIMATOLOGICAL DATA (WS FORM: F-6) , PAGE 2
STATION: LEA AIRPORT, HOBBS
MONTH: JUNE
YEAR: 2023
LATITUDE: 32 40 N
LONGITUDE: 103-12 E
[TEMPERATURE DATA] [PRECIPITATION DATA] SYMBOLS USED IN COLUMN 16
AVERAGE MONTHLY: 86.1 TOTAL FOR MONTH: 0.94 1 = FOG OR MIST
DPTR FM NORMAL: 0.0 DPTR FM NORMAL: M 2 = FOG REDUCING VISIBILITY
HIGHEST: 453 ON 24 GRTST 24HR 0.50 ON 5- 5 TO 1/4 MILE OR LESS
LOWEST: 54 ON 3 3 = THUNDER
SNOW, ICE PELLETS, HAIL 4 = ICE PELLETS
TOTAL MONTH: M 5 = HAIL
GRTST 24HR M ON M 6 = FREEZING RAIN OR DRIZZLE
GRTST DEPTH: M ON M 7 = DUSTSTORM OR SANDSTORM:
VSBY 1/2 MILE OR LESS
8 = SMOKE OR HAZE
[NO. OF DAYS WITH] [WEATHER - DAYS WITH] 9 = BLOWING SNOW
X = TORNADO
MAX 32 OR BELOW: 0 0.01 INCH OR MORE: 3
MAX 90 OR ABOVE: 22 0.10 INCH OR MORE: 2
MIN 32 OR BELOW: 0 0.50 INCH OR MORE: 0
MIN 0 OR BELOW: 0 1.00 INCH OR MORE: 0
[HDD (BASE 65) ]
TOTAL THIS MO. 0 CLEAR (SCALE 0-3) 25
DPTR FM NORMAL M PTCLDY (SCALE 4-7) 5
TOTAL FM JUL 1 2993 CLOUDY (SCALE 8-10) 0
DPTR FM NORMAL M
[CDD (BASE 65) ]
TOTAL THIS MO. 638
DPTR FM NORMAL M [PRESSURE DATA]
TOTAL FM JAN 1 858 HIGHEST SLP M ON M
DPTR FM NORMAL M LOWEST SLP M ON M
[REMARKS]
#FINAL-06-23#