000
CXUS54 KHGX 011510
CF6HOU
PRELIMINARY LOCAL CLIMATOLOGICAL DATA (WS FORM: F-6)
STATION: HOUSTON/HOBBY AIRPORT
MONTH: DECEMBER
YEAR: 2021
LATITUDE: 29 38 N
LONGITUDE: 95 17 W
TEMPERATURE IN F: :PCPN: SNOW: WIND :SUNSHINE: SKY :PK WND
================================================================================
1 2 3 4 5 6A 6B 7 8 9 10 11 12 13 14 15 16 17 18
12Z AVG MX 2MIN
DY MAX MIN AVG DEP HDD CDD WTR SNW DPTH SPD SPD DIR MIN PSBL S-S WX SPD DR
================================================================================
1 80 53 67 8 0 2 0.00 0.0 0 3.6 12 220 M M 5 18 17 240
2 80 56 68 9 0 3 0.00 0.0 0 3.5 10 180 M M 6 128 14 230
3 83 62 73 14 0 8 0.00 0.0 0 7.1 16 160 M M 6 12 22 190
4 83 66 75 16 0 10 T 0.0 0 6.3 16 150 M M 7 12 21 170
5 81 65 73 14 0 8 0.00 0.0 0 8.8 18 160 M M 8 12 29 170
6 80 62 71 13 0 6 0.29 0.0 0 11.9 25 220 M M 9 13 37 220
7 67 57 62 4 3 0 T 0.0 0 6.0 14 50 M M 10 17 40
8 73 63 68 10 0 3 0.00 0.0 0 7.1 15 110 M M 10 18 19 120
9 87 68 78 20 0 13 0.00 0.0 0 12.7 22 210 M M 8 1 29 220
10 85 76 81 23 0 16 T 0.0 0 15.2 31 200 M M 9 40 210
11 78 51 65 7 0 0 0.04 0.0 0 15.1 26 360 M M 9 36 350
12 63 45 54 -3 11 0 0.00 0.0 0 7.7 18 20 M M 3 25 20
13 71 51 61 4 4 0 T 0.0 0 7.8 16 120 M M 8 18 20 110
14 83 69 76 19 0 11 0.00 0.0 0 9.1 18 170 M M 8 12 24 180
15 83 74 79 22 0 14 0.00 0.0 0 12.8 23 160 M M 8 32 160
16 84 71 78 21 0 13 0.00 0.0 0 10.2 17 160 M M 7 1 24 170
17 82 71 77 21 0 12 0.00 0.0 0 11.7 21 190 M M 8 29 140
18 78 54 66 10 0 1 1.43 0.0 0 12.6 26 10 M M 10 13 34 330
19 60 50 55 -1 10 0 T 0.0 0 12.5 22 350 M M 9 31 10
20 59 47 53 -3 12 0 0.09 0.0 0 6.9 15 60 M M 7 23 50
21 65 42 54 -2 11 0 0.00 0.0 0 4.3 10 10 M M 1 1 15 360
22 73 48 61 5 4 0 0.00 0.0 0 6.9 15 170 M M 3 23 140
23 78 57 68 12 0 3 0.00 0.0 0 10.0 20 200 M M 3 27 180
24 82 64 73 17 0 8 0.00 0.0 0 12.9 25 200 M M 5 34 200
25 84 64 74 18 0 9 0.00 0.0 0 8.3 23 210 M M 6 18 29 200
26 84 67 76 21 0 11 0.00 0.0 0 9.7 22 190 M M 8 1 31 190
27 81 68 75 20 0 10 0.00 0.0 0 9.0 20 200 M M 8 26 170
28 84 72 78 23 0 13 0.00 0.0 0 12.4 24 190 M M 7 33 170
29 85 71 78 23 0 13 0.00 0.0 0 9.0 17 210 M M 8 18 23 200
30 83 66 75 20 0 10 0.00 0.0 0 6.4 14 180 M M 8 128 19 150
31 85 73 79 24 0 14 0.00 0.0 0 11.5 22 180 M M 8 18 29 180
================================================================================
SM 2424 1903 55 211 1.85 0.0 289.0 M 220
================================================================================
AV 78.2 61.4 9.3 FASTST M M 7 MAX(MPH)
MISC ----> 31 200 40 210
================================================================================
NOTES:
# LAST OF SEVERAL OCCURRENCES
COLUMN 17 PEAK WIND IN M.P.H.
PRELIMINARY LOCAL CLIMATOLOGICAL DATA (WS FORM: F-6) , PAGE 2
STATION: HOUSTON/HOBBY AIRPORT
MONTH: DECEMBER
YEAR: 2021
LATITUDE: 29 38 N
LONGITUDE: 95 17 W
[TEMPERATURE DATA] [PRECIPITATION DATA] SYMBOLS USED IN COLUMN 16
AVERAGE MONTHLY: 69.8 TOTAL FOR MONTH: 1.85 1 = FOG OR MIST
DPTR FM NORMAL: 12.9 DPTR FM NORMAL: -2.49 2 = FOG REDUCING VISIBILITY
HIGHEST: 87 ON 9 GRTST 24HR 1.43 ON 18-18 TO 1/4 MILE OR LESS
LOWEST: 42 ON 21 3 = THUNDER
SNOW, ICE PELLETS, HAIL 4 = ICE PELLETS
TOTAL MONTH: 0.0 INCH 5 = HAIL
GRTST 24HR 0.0 6 = FREEZING RAIN OR DRIZZLE
GRTST DEPTH: 0 7 = DUSTSTORM OR SANDSTORM:
VSBY 1/2 MILE OR LESS
8 = SMOKE OR HAZE
[NO. OF DAYS WITH] [WEATHER - DAYS WITH] 9 = BLOWING SNOW
X = TORNADO
MAX 32 OR BELOW: 0 0.01 INCH OR MORE: 4
MAX 90 OR ABOVE: 0 0.10 INCH OR MORE: 2
MIN 32 OR BELOW: 0 0.50 INCH OR MORE: 1
MIN 0 OR BELOW: 0 1.00 INCH OR MORE: 1
[HDD (BASE 65) ]
TOTAL THIS MO. 55 CLEAR (SCALE 0-3) 4
DPTR FM NORMAL -231 PTCLDY (SCALE 4-7) 15
TOTAL FM JUL 1 135 CLOUDY (SCALE 8-10) 12
DPTR FM NORMAL -305
[CDD (BASE 65) ]
TOTAL THIS MO. 211
DPTR FM NORMAL 178 [PRESSURE DATA]
TOTAL FM JAN 1 3910 HIGHEST SLP 30.35 ON 12
DPTR FM NORMAL 549 LOWEST SLP 29.68 ON 28
[REMARKS]
#FINAL-12-21#