000
CXUS52 KMHX 010600
CF6HSE
PRELIMINARY LOCAL CLIMATOLOGICAL DATA (WS FORM: F-6)
STATION: CAPE HATTERAS NC
MONTH: AUGUST
YEAR: 2022
LATITUDE: 35 13 N
LONGITUDE: 75 37 W
TEMPERATURE IN F: :PCPN: SNOW: WIND :SUNSHINE: SKY :PK WND
================================================================================
1 2 3 4 5 6A 6B 7 8 9 10 11 12 13 14 15 16 17 18
12Z AVG MX 2MIN
DY MAX MIN AVG DEP HDD CDD WTR SNW DPTH SPD SPD DIR MIN PSBL S-S WX SPD DR
================================================================================
1 85 76 81 0 0 16 0.02 0.0 0 12.1 20 260 M M 1 18 33 250
2 86 78 82 1 0 17 0.00 0.0 0 9.9 15 240 M M 1 18 22 240
3 87 75 81 0 0 16 0.08 0.0 0 8.1 17 180 M M 2 1 21 190
4 87 79 83 2 0 18 0.00 0.0 0 8.1 14 210 M M 0 19 220
5 87 77 82 1 0 17 0.00 0.0 0 6.6 12 190 M M 0 16 180
6 89 78 84 3 0 19 0.00 0.0 0 7.3 14 170 M M 0 17 180
7 89 80 85 4 0 20 T 0.0 0 7.5 13 200 M M 1 18 170
8 88 78 83 2 0 18 0.01 0.0 0 7.2 13 210 M M 1 1 18 210
9 87 78 83 2 0 18 0.00 0.0 0 9.6 15 230 M M 0 8 21 220
10 87 78 83 2 0 18 0.00 0.0 0 10.6 16 220 M M 1 1 24 230
11 88 77 83 2 0 18 T 0.0 0 8.8 16 300 M M 1 138 28 270
12 79 70 75 -6 0 10 0.67 0.0 0 5.1 16 300 M M 7 123 27 300
13 84 72 78 -3 0 13 0.00 0.0 0 7.5 13 40 M M 0 20 40
14 84 68 76 -5 0 11 0.00 0.0 0 6.4 13 40 M M 0 20 30
15 85 68 77 -4 0 12 0.14 0.0 0 6.2 10 50 M M 2 13 18 40
16 83 67 75 -6 0 10 0.32 0.0 0 6.5 13 80 M M 4 138 16 20
17 82 72 77 -4 0 12 T 0.0 0 7.8 15 40 M M 6 25 10
18 82 71 77 -4 0 12 0.00 0.0 0 6.2 13 30 M M 0 19 30
19 82 69 76 -5 0 11 0.03 0.0 0 5.0 14 130 M M 4 18 130
20 84 74 79 -2 0 14 0.12 0.0 0 3.8 10 210 M M 4 13 15 180
21 85 75 80 0 0 15 T 0.0 0 6.0 13 300 M M 2 22 270
22 83 72 78 -2 0 13 0.49 0.0 0 13.0 23 260 M M 4 13 36 250
23 84 74 79 -1 0 14 0.03 0.0 0 8.6 16 210 M M 1 1 23 210
24 86 72 79 -1 0 14 0.00 0.0 0 3.1 9 120 M M 1 11 110
25 88 70 79 -1 0 14 0.00 0.0 0 5.7 14 110 M M 1 19 110
26 85 73 79 -1 0 14 0.44 0.0 0 6.5 16 120 M M 4 13 20 140
27 87 73 80 0 0 15 0.00 0.0 0 5.1 10 130 M M 0 8 13 90
28 86 73 80 0 0 15 0.03 0.0 0 4.0 10 140 M M 3 15 100
29 85 74 80 0 0 15 0.31 0.0 0 3.4 14 120 M M 2 18 17 120
30 85 75 80 0 0 15 0.02 0.0 0 8.6 16 230 M M 3 1 23 220
31 85 76 81 1 0 16 0.00 0.0 0 6.4 10 230 M M 2 20 270
================================================================================
SM 2644 2292 0 460 2.71 0.0 220.7 M 58
================================================================================
AV 85.3 73.9 7.1 FASTST M M 2 MAX(MPH)
MISC ----> 23 260 36 250
================================================================================
NOTES:
# LAST OF SEVERAL OCCURRENCES
COLUMN 17 PEAK WIND IN M.P.H.
PRELIMINARY LOCAL CLIMATOLOGICAL DATA (WS FORM: F-6) , PAGE 2
STATION: CAPE HATTERAS NC
MONTH: AUGUST
YEAR: 2022
LATITUDE: 35 13 N
LONGITUDE: 75 37 W
[TEMPERATURE DATA] [PRECIPITATION DATA] SYMBOLS USED IN COLUMN 16
AVERAGE MONTHLY: 79.6 TOTAL FOR MONTH: 2.71 1 = FOG OR MIST
DPTR FM NORMAL: -1.1 DPTR FM NORMAL: -4.02 2 = FOG REDUCING VISIBILITY
HIGHEST: 89 ON 7, 6 GRTST 24HR 0.67 ON 11-12 TO 1/4 MILE OR LESS
LOWEST: 67 ON 16 3 = THUNDER
SNOW, ICE PELLETS, HAIL 4 = ICE PELLETS
TOTAL MONTH: 0.0 INCH 5 = HAIL
GRTST 24HR 0.0 6 = FREEZING RAIN OR DRIZZLE
GRTST DEPTH: 0 7 = DUSTSTORM OR SANDSTORM:
VSBY 1/2 MILE OR LESS
8 = SMOKE OR HAZE
[NO. OF DAYS WITH] [WEATHER - DAYS WITH] 9 = BLOWING SNOW
X = TORNADO
MAX 32 OR BELOW: 0 0.01 INCH OR MORE: 14
MAX 90 OR ABOVE: 0 0.10 INCH OR MORE: 7
MIN 32 OR BELOW: 0 0.50 INCH OR MORE: 1
MIN 0 OR BELOW: 0 1.00 INCH OR MORE: 0
[HDD (BASE 65) ]
TOTAL THIS MO. 0 CLEAR (SCALE 0-3) 23
DPTR FM NORMAL 0 PTCLDY (SCALE 4-7) 8
TOTAL FM JUL 1 0 CLOUDY (SCALE 8-10) 0
DPTR FM NORMAL 0
[CDD (BASE 65) ]
TOTAL THIS MO. 460
DPTR FM NORMAL -27 [PRESSURE DATA]
TOTAL FM JAN 1 1697 HIGHEST SLP M ON M
DPTR FM NORMAL 104 LOWEST SLP 29.86 ON 17
[REMARKS]
#FINAL-08-22#