000
CXUS54 KHUN 052021
CF6HSV
PRELIMINARY LOCAL CLIMATOLOGICAL DATA (WS FORM: F-6)
STATION: HUNTSVILLE
MONTH: JUNE
YEAR: 2022
LATITUDE: 34 39 N
LONGITUDE: 86 46 W
TEMPERATURE IN F: :PCPN: SNOW: WIND :SUNSHINE: SKY :PK WND
================================================================================
1 2 3 4 5 6A 6B 7 8 9 10 11 12 13 14 15 16 17 18
12Z AVG MX 2MIN
DY MAX MIN AVG DEP HDD CDD WTR SNW DPTH SPD SPD DIR MIN PSBL S-S WX SPD DR
================================================================================
1 93 69 81 5 0 16 0.00 0.0 0 3.2 10 220 M M 2 15 210
2 89 70 80 4 0 15 0.06 0.0 0 4.0 28 250 M M 6 13 40 260
3 85 67 76 0 0 11 0.00 0.0 0 7.8 16 10 M M 5 22 40
4 87 59 73 -3 0 8 0.00 0.0 0 4.6 13 140 M M 4 18 130
5 88 65 77 1 0 12 0.00 0.0 0 6.7 14 150 M M 4 21 170
6 88 68 78 1 0 13 T 0.0 0 9.7 18 170 M M 6 38 26 180
7 90 70 80 3 0 15 1.19 0.0 0 8.8 21 190 M M 8 13 26 160
8 85 70 78 1 0 13 0.48 0.0 0 6.2 18 230 M M 8 138 27 230
9 85 65 75 -2 0 10 0.00 0.0 0 5.9 14 350 M M 6 20 340
10 79 61 70 -8 0 5 0.00 0.0 0 2.7 10 130 M M 6 17 150
11 88 61 75 -3 0 10 0.00 0.0 0 4.0 9 220 M M 2 15 220
12 91 69 80 2 0 15 0.00 0.0 0 5.5 12 180 M M 4 18 210
13 96 75 86 8 0 21 0.00 0.0 0 5.4 14 200 M M 2 8 20 170
14 96 76 86 8 0 21 0.00 0.0 0 3.5 12 230 M M 2 15 260
15 98 75 87 8 0 22 T 0.0 0 5.5 37 150 M M 3 38 48 150
16 97 69 83 4 0 18 0.00 0.0 0 4.5 14 120 M M 1 16 120
17 95 71 83 4 0 18 0.01 0.0 0 4.0 36 20 M M 4 38 46 20
18 93 69 81 2 0 16 0.00 0.0 0 8.1 21 10 M M 2 1 29 20
19 91 61 76 -3 0 11 0.00 0.0 0 7.9 16 20 M M 0 20 50
20 93 61 77 -3 0 12 0.00 0.0 0 4.2 12 140 M M 1 15 110
21 97 68 83 3 0 18 0.00 0.0 0 3.5 12 10 M M 2 18 10
22 99 73 86 6 0 21 0.00 0.0 0 4.1 14 360 M M 2 1 20 360
23 97 73 85 5 0 20 0.00 0.0 0 6.1 16 10 M M 2 23 350
24 97 67 82 2 0 17 0.00 0.0 0 3.0 12 10 M M 2 16 110
25 96 73 85 5 0 20 0.00 0.0 0 6.9 14 130 M M 2 19 150
26 95 75 85 5 0 20 T 0.0 0 5.9 20 350 M M 6 3 26 350
27 90 73 82 2 0 17 0.00 0.0 0 8.5 17 50 M M 6 22 10
28 92 69 81 0 0 16 0.00 0.0 0 6.2 13 110 M M 5 18 360
29 93 72 83 2 0 18 0.03 0.0 0 5.0 16 100 M M 6 8 19 100
30 93 72 83 2 0 18 T 0.0 0 6.8 20 160 M M 5 24 170
================================================================================
SM 2756 2066 0 467 1.77 0.0 168.2 M 114
================================================================================
AV 91.9 68.9 5.6 FASTST M M 4 MAX(MPH)
MISC ----> 37 150 48 150
================================================================================
NOTES:
# LAST OF SEVERAL OCCURRENCES
COLUMN 17 PEAK WIND IN M.P.H.
PRELIMINARY LOCAL CLIMATOLOGICAL DATA (WS FORM: F-6) , PAGE 2
STATION: HUNTSVILLE
MONTH: JUNE
YEAR: 2022
LATITUDE: 34 39 N
LONGITUDE: 86 46 W
[TEMPERATURE DATA] [PRECIPITATION DATA] SYMBOLS USED IN COLUMN 16
AVERAGE MONTHLY: 80.4 TOTAL FOR MONTH: 1.77 1 = FOG OR MIST
DPTR FM NORMAL: 1.8 DPTR FM NORMAL: -2.29 2 = FOG REDUCING VISIBILITY
HIGHEST: 99 ON 22 GRTST 24HR 1.67 ON 7- 8 TO 1/4 MILE OR LESS
LOWEST: 59 ON 4 3 = THUNDER
SNOW, ICE PELLETS, HAIL 4 = ICE PELLETS
TOTAL MONTH: 0.0 INCH 5 = HAIL
GRTST 24HR 0.0 6 = FREEZING RAIN OR DRIZZLE
GRTST DEPTH: 0 7 = DUSTSTORM OR SANDSTORM:
VSBY 1/2 MILE OR LESS
8 = SMOKE OR HAZE
[NO. OF DAYS WITH] [WEATHER - DAYS WITH] 9 = BLOWING SNOW
X = TORNADO
MAX 32 OR BELOW: 0 0.01 INCH OR MORE: 5
MAX 90 OR ABOVE: 21 0.10 INCH OR MORE: 2
MIN 32 OR BELOW: 0 0.50 INCH OR MORE: 1
MIN 0 OR BELOW: 0 1.00 INCH OR MORE: 1
[HDD (BASE 65) ]
TOTAL THIS MO. 0 CLEAR (SCALE 0-3) 13
DPTR FM NORMAL 0 PTCLDY (SCALE 4-7) 16
TOTAL FM JUL 1 2773 CLOUDY (SCALE 8-10) 1
DPTR FM NORMAL -58
[CDD (BASE 65) ]
TOTAL THIS MO. 467
DPTR FM NORMAL 60 [PRESSURE DATA]
TOTAL FM JAN 1 795 HIGHEST SLP 30.24 ON 21
DPTR FM NORMAL 80 LOWEST SLP 29.79 ON 7
[REMARKS]
#FINAL-06-22#