000
CXUS51 KRLX 012205
CLMHTS
CLIMATE REPORT
NATIONAL WEATHER SERVICE CHARLESTON WV
605 PM EDT WED NOV 01 2023
...................................
...THE HUNTINGTON WV CLIMATE SUMMARY FOR THE MONTH OF OCTOBER 2023...
CLIMATE NORMAL PERIOD: 1991 TO 2020
CLIMATE RECORD PERIOD: 1897 TO 2023
WEATHER OBSERVED NORMAL DEPART LAST YEAR`S
VALUE DATE(S) VALUE FROM VALUE
NORMAL
..............................................................
TEMPERATURE (F)
RECORD
HIGH 95 10/03/2019
10/01/2019
LOW 16 10/27/1962
HIGHEST 88 10/03 79
10/04
LOWEST 33 10/23 32
AVG. MAXIMUM 71.0 68.6 2.4 67.0
AVG. MINIMUM 48.4 46.1 2.3 41.7
MEAN 59.7 57.4 2.3 54.4
DAYS MAX >= 90 0 0.2 -0.2 0
DAYS MAX <= 32 0 0.0 0.0 0
DAYS MAX >= 80 9 0
DAYS MIN <= 32 0 2.0 -2.0 2
PRECIPITATION (INCHES)
RECORD
MAXIMUM 6.38 2006
MINIMUM T 1963
TOTALS 2.02 3.02 -1.00 1.18
DAILY AVG. 0.07 0.10 -0.03 0.04
DAYS >= .01 9 10.2 -1.2 7
DAYS >= .10 5 5.9 -0.9 3
DAYS >= .50 1 2.2 -1.2 1
DAYS >= 1.00 0 0.7 -0.7 0
GREATEST
24 HR. TOTAL 0.80 10/19 TO 10/20 0.69
SNOWFALL (INCHES)
RECORDS
TOTAL 4.0 1925
24 HR TOTAL 2.2 10/30/1925 TO 10/30/1925
SNOW DEPTH 2 10/30/1925
10/29/1925
TOTALS 0.0 0.2 -0.2 0.0
SINCE 7/1 0.0 0.2 -0.2 MM
SNOWDEPTH AVG. 0 0
DAYS >= TRACE 0 0.1 -0.1 0
DAYS >= 1.0 0 0.1 -0.1 0
GREATEST
SNOW DEPTH 0 0
24 HR TOTAL 0.0 0.0
DEGREE DAYS
HEATING TOTAL 207 263 -56 321
SINCE 7/1 211 307 -96 MM
COOLING TOTAL 49 26 23 0
SINCE 1/1 1121 1232 -111 MM
FALL FREEZE DATES
RECORD
EARLIEST 31 09/24/1983
LATEST 32 11/21/1985
NORMAL 10/26
1ST OBS. 2023 --
..............................................................
WIND (MPH)
AVERAGE WIND SPEED 4.7
HIGHEST WIND SPEED/DIRECTION 18/260 DATE 10/14
18/180 10/19
HIGHEST GUST SPEED/DIRECTION 29/250 DATE 10/14
SKY COVER
AVERAGE SKY COVER 0.48
NUMBER OF DAYS FAIR 13
NUMBER OF DAYS PC 8
NUMBER OF DAYS CLOUDY 10
AVERAGE RH (PERCENT) 68
WEATHER CONDITIONS. NUMBER OF DAYS WITH
THUNDERSTORM 0 MIXED PRECIP 0
HEAVY RAIN 2 RAIN 6
LIGHT RAIN 13 FREEZING RAIN 0
LT FREEZING RAIN 0 HAIL 0
HEAVY SNOW 0 SNOW 0
LIGHT SNOW 0 SLEET 0
FOG 16 FOG W/VIS <= 1/4 MILE 7
HAZE 1
- INDICATES NEGATIVE NUMBERS.
R INDICATES RECORD WAS SET OR TIED.
MM INDICATES DATA IS MISSING.
T INDICATES TRACE AMOUNT.
$$