000
CXUS54 KHGX 310709
CF6IAH
PRELIMINARY LOCAL CLIMATOLOGICAL DATA (WS FORM: F-6)
STATION: HOUSTON INTERCONTINENTAL
MONTH: APRIL
YEAR: 2020
LATITUDE: 29 58 N
LONGITUDE: 95 21 W
TEMPERATURE IN F: :PCPN: SNOW: WIND :SUNSHINE: SKY :PK WND
================================================================================
1 2 3 4 5 6A 6B 7 8 9 10 11 12 13 14 15 16 17 18
12Z AVG MX 2MIN
DY MAX MIN AVG DEP HDD CDD WTR SNW DPTH SPD SPD DIR MIN PSBL S-S WX SPD DR
================================================================================
1 75 52 64 -2 1 0 0.00 0.0 0 9.3 21 140 M M 5 27 130
2 75 59 67 1 0 2 T 0.0 0 10.2 24 130 M M 10 29 120
3 82 65 74 7 0 9 0.56 0.0 0 8.4 16 130 M M 9 13 20 140
4 68 54 61 -6 4 0 0.78 0.0 0 10.3 18 10 M M 10 1 21 360
5 74 58 66 -1 0 1 0.00 0.0 0 7.3 15 50 M M 10 1 20 60
6 77 64 71 4 0 6 0.27 0.0 0 5.9 16 150 M M 10 12 20 130
7 87 72 80 12 0 15 T 0.0 0 5.1 10 160 M M 9 128 15 240
8 88 72 80 12 0 15 T 0.0 0 4.7 12 240 M M 8 18 14 230
9 91 67 79 11 0 14 1.57 T 0 5.9 26 30 M M 9 135 33 130
10 74 62 68 0 0 3 0.00 0.0 0 10.3 22 40 M M 7 26 60
11 77 59 68 0 0 3 T 0.0 0 12.6 22 130 M M 8 27 130
12 92 66 79 10 0 14 0.01 0.0 0 11.4 25 280 M M 6 18 34 260
13 70 51 61 -8 4 0 0.00 0.0 0 12.9 22 350 M M 1 29 340
14 71 48 60 -9 5 0 0.00 0.0 0 11.8 21 360 M M 2 26 360
15 72 47 60 -9 5 0 0.00 0.0 0 7.1 17 50 M M 3 21 360
16 75 48 62 -8 3 0 0.00 0.0 0 10.0 21 140 M M 3 26 120
17 83 60 72 2 0 7 T 0.0 0 6.0 16 330 M M 9 19 340
18 76 61 69 -1 0 4 1.14 0.0 0 8.1 18 340 M M 10 123 23 350
19 83 66 75 5 0 10 0.84 0.0 0 6.6 25 170 M M 7 1238 33 190
20 84 63 74 4 0 9 0.00 0.0 0 6.1 14 60 M M 7 12 17 50
21 86 67 77 6 0 12 0.00 0.0 0 8.6 20 130 M M 7 18 23 130
22 84 71 78 7 0 13 T 0.0 0 10.4 21 180 M M 10 8 30 180
23 88 62 75 4 0 10 0.00 0.0 0 9.3 23 350 M M 4 18 29 350
24 92 59 76 4 0 11 0.11 0.0 0 8.6 17 170 M M 1 3 24 170
25 81 64 73 1 0 8 T 0.0 0 8.2 21 20 M M 5 3 27 20
26 86 55 71 -1 0 6 0.00 0.0 0 4.8 13 100 M M 3 16 120
27 84 58 71 -1 0 6 0.00 0.0 0 12.2 26 130 M M 5 32 120
28 84 74 79 7 0 14 T 0.0 0 10.3 18 160 M M 9 3 26 170
29 83 62 73 0 0 8 0.92 0.0 0 10.5 38 350 M M 7 13 47 350
30 84 56 70 -3 0 5 0.00 0.0 0 4.2 15 340 M M 1 20 340
================================================================================
SM 2426 1822 22 205 6.20 T 257.1 M 195
================================================================================
AV 80.9 60.7 8.6 FASTST M M 7 MAX(MPH)
MISC ----> # 38 350 # 47 350
================================================================================
NOTES:
# LAST OF SEVERAL OCCURRENCES
COLUMN 17 PEAK WIND IN M.P.H.
PRELIMINARY LOCAL CLIMATOLOGICAL DATA (WS FORM: F-6) , PAGE 2
STATION: HOUSTON INTERCONTINENTAL
MONTH: APRIL
YEAR: 2020
LATITUDE: 29 58 N
LONGITUDE: 95 21 W
[TEMPERATURE DATA] [PRECIPITATION DATA] SYMBOLS USED IN COLUMN 16
AVERAGE MONTHLY: 70.8 TOTAL FOR MONTH: 6.20 1 = FOG OR MIST
DPTR FM NORMAL: 1.3 DPTR FM NORMAL: 2.89 2 = FOG REDUCING VISIBILITY
HIGHEST: 92 ON 24,12 GRTST 24HR 1.57 ON 9- 9 TO 1/4 MILE OR LESS
LOWEST: 47 ON 15 3 = THUNDER
SNOW, ICE PELLETS, HAIL 4 = ICE PELLETS
TOTAL MONTH: T 5 = HAIL
GRTST 24HR T ON 9- 9 6 = FREEZING RAIN OR DRIZZLE
GRTST DEPTH: 0 7 = DUSTSTORM OR SANDSTORM:
VSBY 1/2 MILE OR LESS
8 = SMOKE OR HAZE
[NO. OF DAYS WITH] [WEATHER - DAYS WITH] 9 = BLOWING SNOW
X = TORNADO
MAX 32 OR BELOW: 0 0.01 INCH OR MORE: 9
MAX 90 OR ABOVE: 3 0.10 INCH OR MORE: 8
MIN 32 OR BELOW: 0 0.50 INCH OR MORE: 6
MIN 0 OR BELOW: 0 1.00 INCH OR MORE: 2
[HDD (BASE 65) ]
TOTAL THIS MO. 22 CLEAR (SCALE 0-3) 7
DPTR FM NORMAL -15 PTCLDY (SCALE 4-7) 11
TOTAL FM JUL 1 1032 CLOUDY (SCALE 8-10) 12
DPTR FM NORMAL -334
[CDD (BASE 65) ]
TOTAL THIS MO. 205
DPTR FM NORMAL 33 [PRESSURE DATA]
TOTAL FM JAN 1 482 HIGHEST SLP 30.24 ON 15
DPTR FM NORMAL 201 LOWEST SLP 29.50 ON 12
[REMARKS]
#FINAL-04-20#