000
CXUS55 KPIH 011539
CF6IDA
PRELIMINARY LOCAL CLIMATOLOGICAL DATA (WS FORM: F-6)
STATION: IDAHO FALLS
MONTH: SEPTEMBER
YEAR: 2022
LATITUDE: 43 31 N
LONGITUDE: 112 4 W
TEMPERATURE IN F: :PCPN: SNOW: WIND :SUNSHINE: SKY :PK WND
================================================================================
1 2 3 4 5 6A 6B 7 8 9 10 11 12 13 14 15 16 17 18
12Z AVG MX 2MIN
DY MAX MIN AVG DEP HDD CDD WTR SNW DPTH SPD SPD DIR MIN PSBL S-S WX SPD DR
================================================================================
1 96 51 74 12 0 9 0.00 M M 11.8 24 200 M M 0 34 200
2 93 47 70 8 0 5 0.00 M M 4.5 12 200 M M 0 16 260
3 100 45 73 11 0 8 0.00 M M 6.1 14 220 M M 0 8 19 230
4 97 56 77 15 0 12 0.00 M M 12.7 25 210 M M 0 34 200
5 97 50 74 13 0 9 0.00 M M 10.9 25 210 M M 4 33 210
6 99 48 74 13 0 9 0.00 M M 5.3 16 210 M M 1 8 21 210
7 99 51 75 14 0 10 0.00 M M 6.8 20 200 M M 0 8 29 210
8 89 51 70 10 0 5 T M M 15.1 37 240 M M 1 8 53 230
9 74 40 57 -3 8 0 0.00 M M 10.1 18 40 M M 0 26 40
10 77 36 57 -3 8 0 0.00 M M 5.4 12 360 M M 0 16 350
11 85 38 62 2 3 0 0.00 M M 5.5 14 260 M M 0 18 270
12 89 38 64 5 1 0 0.00 M M 4.4 10 260 M M 0 13 210
13 76 49 63 4 2 0 0.03 M M 6.4 20 230 M M 4 26 250
14 74 51 63 5 2 0 T M M 5.5 13 190 M M 6 3 20 200
15 70 46 58 0 7 0 0.28 M M 5.1 28 240 M M 4 13 38 230
16 70 48 59 1 6 0 0.00 M M 7.0 20 220 M M 4 12 24 210
17 67 44 56 -1 9 0 0.00 M M 6.7 21 190 M M 2 29 180
18 80 44 62 5 3 0 0.02 M M 7.8 23 30 M M 1 27 30
19 83 42 63 6 2 0 0.00 M M 6.7 24 230 M M 0 35 240
20 86 40 63 7 2 0 0.00 M M 5.8 16 240 M M 0 22 250
21 79 44 62 6 3 0 0.71 M M 9.2 30 150 M M 4 138 40 150
22 65 49 57 1 8 0 0.05 M M 16.3 31 230 M M 3 13 39 220
23 70 44 57 2 8 0 0.00 M M 13.4 22 200 M M 0 29 220
24 74 38 56 1 9 0 0.00 M M 5.1 14 220 M M 0 20 240
25 78 40 59 5 6 0 0.00 M M 3.5 8 350 M M 0 11 230
26 82 42 62 8 3 0 0.00 M M 2.8 7 350 M M 0 10 320
27 83 43 63 10 2 0 0.00 M M 3.8 12 210 M M 0 16 210
28 86 42 64 11 1 0 0.00 M M 6.9 18 120 M M 0 24 120
29 75 52 64 12 1 0 T M M 13.1 31 210 M M 2 40 220
30 64 43 54 2 11 0 T M M 8.4 18 220 M M 3 3 23 340
================================================================================
SM 2457 1352 105 67 1.09 M 232.1 M 39
================================================================================
AV 81.9 45.1 7.7 FASTST M M 1 MAX(MPH)
MISC ----> 37 240 53 230
================================================================================
NOTES:
# LAST OF SEVERAL OCCURRENCES
COLUMN 17 PEAK WIND IN M.P.H.
PRELIMINARY LOCAL CLIMATOLOGICAL DATA (WS FORM: F-6) , PAGE 2
STATION: IDAHO FALLS
MONTH: SEPTEMBER
YEAR: 2022
LATITUDE: 43 31 N
LONGITUDE: 112 4 W
[TEMPERATURE DATA] [PRECIPITATION DATA] SYMBOLS USED IN COLUMN 16
AVERAGE MONTHLY: 63.5 TOTAL FOR MONTH: 1.09 1 = FOG OR MIST
DPTR FM NORMAL: 5.8 DPTR FM NORMAL: 0.12 2 = FOG REDUCING VISIBILITY
HIGHEST: 100 ON 3 GRTST 24HR 0.76 ON 21-22 TO 1/4 MILE OR LESS
LOWEST: 36 ON 10 3 = THUNDER
SNOW, ICE PELLETS, HAIL 4 = ICE PELLETS
TOTAL MONTH: M 5 = HAIL
GRTST 24HR M ON M 6 = FREEZING RAIN OR DRIZZLE
GRTST DEPTH: M ON M 7 = DUSTSTORM OR SANDSTORM:
VSBY 1/2 MILE OR LESS
8 = SMOKE OR HAZE
[NO. OF DAYS WITH] [WEATHER - DAYS WITH] 9 = BLOWING SNOW
X = TORNADO
MAX 32 OR BELOW: 0 0.01 INCH OR MORE: 5
MAX 90 OR ABOVE: 7 0.10 INCH OR MORE: 2
MIN 32 OR BELOW: 0 0.50 INCH OR MORE: 1
MIN 0 OR BELOW: 0 1.00 INCH OR MORE: 0
[HDD (BASE 65) ]
TOTAL THIS MO. 105 CLEAR (SCALE 0-3) 23
DPTR FM NORMAL -126 PTCLDY (SCALE 4-7) 7
TOTAL FM JUL 1 105 CLOUDY (SCALE 8-10) 0
DPTR FM NORMAL -198
[CDD (BASE 65) ]
TOTAL THIS MO. 67
DPTR FM NORMAL 55 [PRESSURE DATA]
TOTAL FM JAN 1 565 HIGHEST SLP 30.36 ON 25
DPTR FM NORMAL 317 LOWEST SLP 29.71 ON 8
[REMARKS]
1ST: HIGH OF 96 BREAKS OLD RECORD OF 94 SET IN 1983.
3RD: HIGH OF 100 BREAKS THE PREVIOUS RECORD OF 97 SET IN 1950. THIS
ALSO BREAKS THE RECORD FOR THE ENTIRE MONTH OF SEPTEMBER. THE
PREVIOUS RECORD WAS 97 SET ON SEPTEMBER 5 2020.
4TH: HIGH OF 97 BREAKS THE PREVIOUS RECORD OF 93 SET IN 1950.
5TH: HIGH OF 97 TIES THE OLD RECORD SET IN 2020.
6TH: HIGH OF 99 BREAKS THE PREVIOUS RECORD OF 94 SET IN 1955.
7TH: A RECORD HIGH TEMPERATURE OF 99 WAS SET AT IDAHO FALLS ID TODAY.
THIS BREAKS THE OLD RECORD OF 93 SET IN 1979.
20TH: HIGH OF 86 BREAKS THE PREVIOUS RECORD OF 83 SET IN 1966.
#FINAL-09-22#