000
CXUS55 KPIH 031345
CF6IDA
PRELIMINARY LOCAL CLIMATOLOGICAL DATA (WS FORM: F-6)
STATION: IDAHO FALLS
MONTH: AUGUST
YEAR: 2022
LATITUDE: 43 31 N
LONGITUDE: 112 4 W
TEMPERATURE IN F: :PCPN: SNOW: WIND :SUNSHINE: SKY :PK WND
================================================================================
1 2 3 4 5 6A 6B 7 8 9 10 11 12 13 14 15 16 17 18
12Z AVG MX 2MIN
DY MAX MIN AVG DEP HDD CDD WTR SNW DPTH SPD SPD DIR MIN PSBL S-S WX SPD DR
================================================================================
1 97 52 75 6 0 10 0.00 M M 6.3 24 190 M M 0 33 190
2 85 59 72 3 0 7 0.08 M M 10.5 24 230 M M 6 32 220
3 89 53 71 2 0 6 0.00 M M 4.6 14 210 M M 1 1 18 200
4 96 51 74 5 0 9 0.00 M M 9.2 33 210 M M 0 47 210
5 73 58 66 -3 0 1 0.05 M M 5.5 15 240 M M 6 3 22 230
6 75 55 65 -4 0 0 0.38 M M 5.8 29 310 M M 6 13 40 320
7 84 49 67 -2 0 2 0.00 M M 4.3 16 210 M M 0 1 20 210
8 91 46 69 1 0 4 0.00 M M 4.1 13 220 M M 0 20 220
9 95 49 72 4 0 7 0.00 M M 5.5 14 10 M M 0 17 10
10 90 55 73 5 0 8 T M M 9.8 31 210 M M 0 38 43 230
11 89 62 76 8 0 11 0.07 M M 4.9 29 220 M M 2 38 40 230
12 94 57 76 8 0 11 0.00 M M 5.7 18 130 M M 0 38 27 130
13 91 59 75 7 0 10 T M M 8.5 28 50 M M 1 8 39 40
14 91 55 73 6 0 8 0.00 M M 4.3 12 70 M M 0 19 70
15 94 52 73 6 0 8 0.00 M M 2.4 12 60 M M 0 16 50
16 96 49 73 6 0 8 0.00 M M 3.9 9 30 M M 0 13 350
17 98 53 76 10 0 11 0.00 M M 5.0 13 350 M M 0 16 350
18 97 52 75 9 0 10 0.00 M M 6.1 18 180 M M 0 25 200
19 94 57 76 10 0 11 T M M 9.2 40 150 M M 1 8 54 140
20 88 57 73 7 0 8 T M M 6.4 20 200 M M 2 28 200
21 90 56 73 7 0 8 0.03 M M 5.4 18 190 M M 2 3 26 200
22 92 53 73 8 0 8 T M M 7.0 30 270 M M 1 3 41 280
23 91 52 72 7 0 7 0.00 M M 4.9 14 10 M M 0 8 17 10
24 95 52 74 9 0 9 0.00 M M 8.4 36 230 M M 1 8 49 230
25 93 62 78 14 0 13 0.00 M M 7.9 20 220 M M 1 27 230
26 90 51 71 7 0 6 0.01 M M 10.3 31 270 M M 1 3 49 270
27 86 50 68 4 0 3 0.00 M M 15.1 30 260 M M 0 46 250
28 82 59 71 7 0 6 0.00 M M 15.7 24 200 M M 0 33 210
29 88 44 66 3 0 1 0.00 M M 4.9 13 210 M M 0 19 190
30 94 46 70 7 0 5 0.00 M M 4.6 13 220 M M 0 21 220
31 97 50 74 11 0 9 0.00 M M 4.3 10 150 M M 0 15 80
================================================================================
SM 2805 1655 0 225 0.62 M 210.5 M 31
================================================================================
AV 90.5 53.4 6.8 FASTST M M 1 MAX(MPH)
MISC ----> 40 150 54 140
================================================================================
NOTES:
# LAST OF SEVERAL OCCURRENCES
COLUMN 17 PEAK WIND IN M.P.H.
PRELIMINARY LOCAL CLIMATOLOGICAL DATA (WS FORM: F-6) , PAGE 2
STATION: IDAHO FALLS
MONTH: AUGUST
YEAR: 2022
LATITUDE: 43 31 N
LONGITUDE: 112 4 W
[TEMPERATURE DATA] [PRECIPITATION DATA] SYMBOLS USED IN COLUMN 16
AVERAGE MONTHLY: 71.9 TOTAL FOR MONTH: 0.62 1 = FOG OR MIST
DPTR FM NORMAL: 5.4 DPTR FM NORMAL: 0.03 2 = FOG REDUCING VISIBILITY
HIGHEST: 98 ON 17 GRTST 24HR 0.39 ON 5- 6 TO 1/4 MILE OR LESS
LOWEST: 44 ON 29 3 = THUNDER
SNOW, ICE PELLETS, HAIL 4 = ICE PELLETS
TOTAL MONTH: M 5 = HAIL
GRTST 24HR M ON M 6 = FREEZING RAIN OR DRIZZLE
GRTST DEPTH: M ON M 7 = DUSTSTORM OR SANDSTORM:
VSBY 1/2 MILE OR LESS
8 = SMOKE OR HAZE
[NO. OF DAYS WITH] [WEATHER - DAYS WITH] 9 = BLOWING SNOW
X = TORNADO
MAX 32 OR BELOW: 0 0.01 INCH OR MORE: 6
MAX 90 OR ABOVE: 21 0.10 INCH OR MORE: 1
MIN 32 OR BELOW: 0 0.50 INCH OR MORE: 0
MIN 0 OR BELOW: 0 1.00 INCH OR MORE: 0
[HDD (BASE 65) ]
TOTAL THIS MO. 0 CLEAR (SCALE 0-3) 28
DPTR FM NORMAL -42 PTCLDY (SCALE 4-7) 3
TOTAL FM JUL 1 0 CLOUDY (SCALE 8-10) 0
DPTR FM NORMAL -69
[CDD (BASE 65) ]
TOTAL THIS MO. 225
DPTR FM NORMAL 135 [PRESSURE DATA]
TOTAL FM JAN 1 498 HIGHEST SLP 30.22 ON 7
DPTR FM NORMAL 262 LOWEST SLP 29.65 ON 27
[REMARKS]
16TH: HIGH OF 96 TIES PREVIOUS RECORD SET IN 2013.
17TH: HIGH OF 97 TIES PREVIOUS RECORD SET IN 2020.
18TH: HIGH OF 97 BREAKS PREVIOUS RECORD OF 95 SET IN 2020.
31ST: HIGH OF 97 BREAKS PREVIOUS RECORD OF 94 SET IN 1991.
#FINAL-08-22#