000
CXUS55 KPIH 012125 RRA
CF6IDA
PRELIMINARY LOCAL CLIMATOLOGICAL DATA (WS FORM: F-6)
STATION: IDAHO FALLS
MONTH: SEPTEMBER
YEAR: 2021
LATITUDE: 43 31 N
LONGITUDE: 112 4 W
TEMPERATURE IN F: :PCPN: SNOW: WIND :SUNSHINE: SKY :PK WND
================================================================================
1 2 3 4 5 6A 6B 7 8 9 10 11 12 13 14 15 16 17 18
12Z AVG MX 2MIN
DY MAX MIN AVG DEP HDD CDD WTR SNW DPTH SPD SPD DIR MIN PSBL S-S WX SPD DR
================================================================================
1 77 44 61 -1 4 0 0.00 M M 8.6 17 210 M M 3 8 23 190
2 79 40 60 -2 5 0 0.00 M M 6.7 16 200 M M 0 8 24 200
3 75 43 59 -3 6 0 0.00 M M 8.8 18 220 M M 0 8 22 220
4 81 35 58 -4 7 0 0.00 M M 3.3 16 200 M M 0 21 250
5 87 38 63 2 2 0 0.00 M M 5.4 15 200 M M 0 8 21 220
6 89 41 65 4 0 0 0.00 M M 9.4 20 210 M M 0 8 28 190
7 86 42 64 3 1 0 0.00 M M 3.7 10 200 M M 3 8 17 140
8 92 42 67 7 0 2 0.00 M M 5.7 14 200 M M 0 8 18 200
9 95 44 70 10 0 5 0.00 M M 4.9 16 210 M M 0 22 240
10 92 51 72 12 0 7 0.03 M M 8.5 39 240 M M 2 8 55 240
11 78 57 68 8 0 3 T M M 13.0 25 210 M M 2 36 210
12 81 44 63 4 2 0 0.00 M M 9.1 24 220 M M 0 33 210
13 81 49 65 6 0 0 0.00 M M 10.5 18 210 M M 0 26 210
14 77 45 61 3 4 0 0.00 M M 10.6 20 210 M M 0 25 200
15 83 41 62 4 3 0 0.00 M M 11.5 29 200 M M 0 38 220
16 76 48 62 4 3 0 0.00 M M 15.4 29 210 M M 0 38 210
17 80 33 57 0 8 0 0.00 M M 5.8 17 210 M M 0 22 210
18 81 43 62 5 3 0 T M M 13.9 38 200 M M 1 3 53 200
19 59 42 51 -6 14 0 0.38 M M 12.2 30 220 M M 6 13 41 220
20 60 39 50 -6 15 0 0.00 M M 6.2 15 200 M M 6 1 21 210
21 68 33 51 -5 14 0 0.00 M M 3.0 10 250 M M 0 15 250
22 77 34 56 0 9 0 0.00 M M 7.6 20 220 M M 0 25 210
23 74 42 58 3 7 0 0.00 M M 5.8 14 160 M M 1 23 230
24 75 37 56 1 9 0 0.00 M M 3.2 8 200 M M 0 20 160
25 82 38 60 6 5 0 0.00 M M 6.8 21 210 M M 0 30 200
26 83 39 61 7 4 0 0.00 M M 7.9 21 200 M M 0 26 190
27 82 37 60 7 5 0 0.00 M M 5.5 18 220 M M 0 27 220
28 60 39 50 -3 15 0 0.00 M M 16.4 32 220 M M 2 45 200
29 61 28 45 -7 20 0 0.00 M M 2.6 12 290 M M 0 16 270
30 66 26 46 -6 19 0 0.00 M M 2.1 8 340 M M 0 8 11 350
================================================================================
SM 2337 1214 184 17 0.41 M 234.1 M 26
================================================================================
AV 77.9 40.5 7.8 FASTST M M 1 MAX(MPH)
MISC ----> 39 240 55 240
================================================================================
NOTES:
# LAST OF SEVERAL OCCURRENCES
COLUMN 17 PEAK WIND IN M.P.H.
PRELIMINARY LOCAL CLIMATOLOGICAL DATA (WS FORM: F-6) , PAGE 2
STATION: IDAHO FALLS
MONTH: SEPTEMBER
YEAR: 2021
LATITUDE: 43 31 N
LONGITUDE: 112 4 W
[TEMPERATURE DATA] [PRECIPITATION DATA] SYMBOLS USED IN COLUMN 16
AVERAGE MONTHLY: 59.2 TOTAL FOR MONTH: 0.41 1 = FOG OR MIST
DPTR FM NORMAL: 1.5 DPTR FM NORMAL: -0.56 2 = FOG REDUCING VISIBILITY
HIGHEST: 95 ON 9 GRTST 24HR 0.38 ON 19-19 TO 1/4 MILE OR LESS
LOWEST: 26 ON 30 3 = THUNDER
SNOW, ICE PELLETS, HAIL 4 = ICE PELLETS
TOTAL MONTH: M 5 = HAIL
GRTST 24HR M ON M 6 = FREEZING RAIN OR DRIZZLE
GRTST DEPTH: M ON M 7 = DUSTSTORM OR SANDSTORM:
VSBY 1/2 MILE OR LESS
8 = SMOKE OR HAZE
[NO. OF DAYS WITH] [WEATHER - DAYS WITH] 9 = BLOWING SNOW
X = TORNADO
MAX 32 OR BELOW: 0 0.01 INCH OR MORE: 2
MAX 90 OR ABOVE: 3 0.10 INCH OR MORE: 1
MIN 32 OR BELOW: 2 0.50 INCH OR MORE: 0
MIN 0 OR BELOW: 0 1.00 INCH OR MORE: 0
[HDD (BASE 65) ]
TOTAL THIS MO. 184 CLEAR (SCALE 0-3) 27
DPTR FM NORMAL -47 PTCLDY (SCALE 4-7) 3
TOTAL FM JUL 1 235 CLOUDY (SCALE 8-10) 0
DPTR FM NORMAL -68
[CDD (BASE 65) ]
TOTAL THIS MO. 17
DPTR FM NORMAL 5 [PRESSURE DATA]
TOTAL FM JAN 1 445 HIGHEST SLP 30.56 ON 21
DPTR FM NORMAL 197 LOWEST SLP 29.64 ON 28
[REMARKS]
8TH: HIGH OF 92 BREAKS OLD RECORD OF 91 SET IN 1979.
9TH: HIGH OF 95 BREAKS OLD RECORD OF 90 SET IN 1966.
#FINAL-09-21#