000
CXUS55 KPIH 011334
CF6IDA
PRELIMINARY LOCAL CLIMATOLOGICAL DATA (WS FORM: F-6)
STATION: IDAHO FALLS ID
MONTH: APRIL
YEAR: 2021
LATITUDE: 43 31 N
LONGITUDE: 112 4 W
TEMPERATURE IN F: :PCPN: SNOW: WIND :SUNSHINE: SKY :PK WND
================================================================================
1 2 3 4 5 6A 6B 7 8 9 10 11 12 13 14 15 16 17 18
12Z AVG MX 2MIN
DY MAX MIN AVG DEP HDD CDD WTR SNW DPTH SPD SPD DIR MIN PSBL S-S WX SPD DR
================================================================================
1 63 24 44 3 21 0 0.00 M M 6.6 17 210 M M 0 23 220
2 69 27 48 6 17 0 0.00 M M 7.8 23 220 M M 0 32 220
3 71 31 51 9 14 0 0.00 M M 7.1 21 210 M M 1 28 200
4 72 33 53 11 12 0 0.00 M M 9.0 26 220 M M 1 36 220
5 54 33 44 2 21 0 0.19 M M 12.8 28 220 M M 7 1 36 220
6 45 30 38 -4 27 0 0.13 M M 11.3 23 210 M M 9 1 27 210
7 58 27 43 0 22 0 0.00 M M 7.4 16 190 M M 1 25 190
8 53 29 41 -2 24 0 T M M 21.8 51 220 M M 4 7 68 220
9 50 22 36 -7 29 0 0.00 M M 7.8 18 340 M M 0 27 340
10 60 24 42 -1 23 0 0.00 M M 18.4 46 240 M M 1 66 240
11 45 28 37 -7 28 0 0.00 M M 10.1 24 10 M M 4 34 30
12 48 24 36 -8 29 0 0.00 M M 13.5 22 20 M M 3 29 30
13 52 27 40 -4 25 0 0.00 M M 20.9 32 20 M M 1 42 40
14 43 29 36 -8 29 0 0.03 M M 14.4 25 20 M M 9 33 20
15 47 31 39 -5 26 0 0.10 M M 10.9 22 10 M M 9 18 29 30
16 53 31 42 -3 23 0 0.00 M M 13.3 24 10 M M 7 30 10
17 59 24 42 -3 23 0 0.00 M M 7.0 18 30 M M 0 24 40
18 64 28 46 1 19 0 0.00 M M 10.7 21 220 M M 0 29 200
19 47 27 37 -9 28 0 T M M 17.9 33 20 M M 1 18 46 20
20 49 19 34 -12 31 0 0.00 M M 8.5 20 20 M M 0 25 20
21 57 22 40 -6 25 0 0.00 M M 6.8 15 40 M M 0 8 22 30
22 61 20 41 -5 24 0 T M M 9.2 28 290 M M 2 37 340
23 59 32 46 0 19 0 T M M 8.4 21 250 M M 6 28 250
24 59 40 50 3 15 0 T M M 12.9 35 220 M M 6 44 220
25 49 40 45 -2 20 0 0.22 M M 12.8 23 210 M M 7 1 29 210
26 51 38 45 -2 20 0 0.03 M M 11.2 21 280 M M 9 27 280
27 58 34 46 -2 19 0 T M M 8.1 18 190 M M 5 25 200
28 65 33 49 1 16 0 0.00 M M 10.4 17 230 M M 0 27 270
29 72 36 54 6 11 0 0.00 M M 7.2 15 190 M M 0 18 210
30 83 36 60 12 5 0 0.00 M M 9.7 26 200 M M 0 34 210
================================================================================
SM 1716 879 645 0 0.70 M 333.9 M 93
================================================================================
AV 57.2 29.3 11.1 FASTST M M 3 MAX(MPH)
MISC ----> 51 220 68 220
================================================================================
NOTES:
# LAST OF SEVERAL OCCURRENCES
PRECIPITATION AMOUNTS ARE SUSPECT DURING FREEZING/FROZEN EVENTS
COLUMN 17 PEAK WIND IN M.P.H.
PRELIMINARY LOCAL CLIMATOLOGICAL DATA (WS FORM: F-6) , PAGE 2
STATION: IDAHO FALLS ID
MONTH: APRIL
YEAR: 2021
LATITUDE: 43 31 N
LONGITUDE: 112 4 W
[TEMPERATURE DATA] [PRECIPITATION DATA] SYMBOLS USED IN COLUMN 16
AVERAGE MONTHLY: 43.3 TOTAL FOR MONTH: 0.70 1 = FOG OR MIST
DPTR FM NORMAL: -1.5 DPTR FM NORMAL: -0.44 2 = FOG REDUCING VISIBILITY
HIGHEST: 83 ON 30 GRTST 24HR 0.32 ON 5- 6 TO 1/4 MILE OR LESS
LOWEST: 19 ON 20 3 = THUNDER
SNOW, ICE PELLETS, HAIL 4 = ICE PELLETS
TOTAL MONTH: M 5 = HAIL
GRTST 24HR M ON M 6 = FREEZING RAIN OR DRIZZLE
GRTST DEPTH: M ON M 7 = DUSTSTORM OR SANDSTORM:
VSBY 1/2 MILE OR LESS
8 = SMOKE OR HAZE
[NO. OF DAYS WITH] [WEATHER - DAYS WITH] 9 = BLOWING SNOW
X = TORNADO
MAX 32 OR BELOW: 0 0.01 INCH OR MORE: 6
MAX 90 OR ABOVE: 0 0.10 INCH OR MORE: 4
MIN 32 OR BELOW: 21 0.50 INCH OR MORE: 0
MIN 0 OR BELOW: 0 1.00 INCH OR MORE: 0
[HDD (BASE 65) ]
TOTAL THIS MO. 645 CLEAR (SCALE 0-3) 18
DPTR FM NORMAL 36 PTCLDY (SCALE 4-7) 8
TOTAL FM JUL 1 7283 CLOUDY (SCALE 8-10) 4
DPTR FM NORMAL -31
[CDD (BASE 65) ]
TOTAL THIS MO. 0
DPTR FM NORMAL 0 [PRESSURE DATA]
TOTAL FM JAN 1 0 HIGHEST SLP 30.43 ON 1
DPTR FM NORMAL 0 LOWEST SLP 29.58 ON 26
[REMARKS]
22ND: LOW OF 20 TIES OLD RECORD SET IN 1967.
30TH: HIGH OF 83 BREAKS OLD RECORD OF 78 SET IN 1977.
#FINAL-04-21#