000
CXUS55 KPIH 011326 RRA
CF6IDA
PRELIMINARY LOCAL CLIMATOLOGICAL DATA (WS FORM: F-6)
STATION: IDAHO FALLS ID
MONTH: DECEMBER
YEAR: 2020
LATITUDE: 43 31 N
LONGITUDE: 112 4 W
TEMPERATURE IN F: :PCPN: SNOW: WIND :SUNSHINE: SKY :PK WND
================================================================================
1 2 3 4 5 6A 6B 7 8 9 10 11 12 13 14 15 16 17 18
12Z AVG MX 2MIN
DY MAX MIN AVG DEP HDD CDD WTR SNW DPTH SPD SPD DIR MIN PSBL S-S WX SPD DR
================================================================================
1 31 12 22 -3 43 0 0.00 M M 8.5 17 210 M M 3 1 27 170
2 35 9 22 -2 43 0 0.00 M M 4.9 13 20 M M 0 1 15 10
3 35 7 21 -3 44 0 0.00 M M 5.5 10 20 M M 0 11 20
4 37 8 23 0 42 0 0.00 M M 4.7 9 360 M M 0 11 360
5 42 11 27 4 38 0 0.00 M M 5.6 13 350 M M 0 16 350
6 43 10 27 4 38 0 0.00 M M 5.5 12 350 M M 0 15 360
7 36 7 22 0 43 0 0.00 M M 2.5 9 170 M M 0 12 340
8 41 9 25 3 40 0 0.00 M M 5.0 9 360 M M 1 11 10
9 42 7 25 3 40 0 0.00 M M 4.6 13 200 M M 1 16 200
10 35 12 24 3 41 0 0.00 M M 2.1 10 210 M M 1 12 210
11 27 9 18 -3 47 0 T M M 8.1 22 210 M M 7 18 28 210
12 24 3 14 -7 51 0 0.04 M M 3.2 12 220 M M 5 12 13 200
13 25 1 13 -8 52 0 0.07 M M 3.9 10 210 M M 6 18 14 190
14 27 20 24 4 41 0 0.11 M M 6.9 16 210 M M 10 1 19 220
15 28 16 22 2 43 0 0.02 M M 6.6 18 210 M M 10 18 22 220
16 28 21 25 5 40 0 0.01 M M 6.4 18 220 M M 10 1 25 220
17 32 21 27 7 38 0 0.11 M M 5.2 15 220 M M 10 1 18 230
18 31 23 27 7 38 0 0.00 M M 11.5 24 200 M M 10 12 31 210
19 34 17 26 6 39 0 0.00 M M 8.6 24 220 M M 7 30 230
20 37 27 32 12 33 0 0.00 M M 10.5 26 200 M M 10 36 200
21 48 28 38 18 27 0 0.00 M M 9.3 21 210 M M 7 1 28 210
22 39 19 29 9 36 0 0.09 M M 12.3 40 220 M M 6 1289 55 220
23 27 5 16 -3 49 0 0.00 M M 8.8 18 210 M M 0 23 220
24 22 2 12 -7 53 0 0.00 M M 6.3 12 360 M M 0 15 350
25 26 5 16 -3 49 0 0.00 M M 5.7 12 360 M M 3 16 350
26 34 22 28 9 37 0 0.24 M M 7.6 21 210 M M 10 12 26 220
27 30 3 17 -2 48 0 0.05 M M 9.4 20 220 M M 8 12 23 220
28 18 -1 9 -10 56 0 0.00 M M 10.4 18 10 M M 1 22 10
29 18 -9 5 -14 60 0 0.00 M M 5.5 13 230 M M 8 12 17 240
30 18 14 16 -3 49 0 0.06 M M 3.8 12 360 M M 10 1 15 360
31 26 15 21 1 44 0 T M M 3.5 13 350 M M 10 1 15 350
================================================================================
SM 976 353 1342 0 0.80 M 202.4 M 154
================================================================================
AV 31.5 11.4 6.5 FASTST M M 5 MAX(MPH)
MISC ----> 40 220 55 220
================================================================================
NOTES:
# LAST OF SEVERAL OCCURRENCES
PRECIPITATION AMOUNTS ARE SUSPECT DURING FREEZING/FROZEN EVENTS
COLUMN 17 PEAK WIND IN M.P.H.
PRELIMINARY LOCAL CLIMATOLOGICAL DATA (WS FORM: F-6) , PAGE 2
STATION: IDAHO FALLS ID
MONTH: DECEMBER
YEAR: 2020
LATITUDE: 43 31 N
LONGITUDE: 112 4 W
[TEMPERATURE DATA] [PRECIPITATION DATA] SYMBOLS USED IN COLUMN 16
AVERAGE MONTHLY: 21.4 TOTAL FOR MONTH: 0.80 1 = FOG OR MIST
DPTR FM NORMAL: 0.6 DPTR FM NORMAL: -0.07 2 = FOG REDUCING VISIBILITY
HIGHEST: 48 ON 21 GRTST 24HR 0.29 ON 26-27 TO 1/4 MILE OR LESS
LOWEST: -9 ON 29 3 = THUNDER
SNOW, ICE PELLETS, HAIL 4 = ICE PELLETS
TOTAL MONTH: M 5 = HAIL
GRTST 24HR M ON M 6 = FREEZING RAIN OR DRIZZLE
GRTST DEPTH: M ON M 7 = DUSTSTORM OR SANDSTORM:
VSBY 1/2 MILE OR LESS
8 = SMOKE OR HAZE
[NO. OF DAYS WITH] [WEATHER - DAYS WITH] 9 = BLOWING SNOW
X = TORNADO
MAX 32 OR BELOW: 17 0.01 INCH OR MORE: 10
MAX 90 OR ABOVE: 0 0.10 INCH OR MORE: 3
MIN 32 OR BELOW: 31 0.50 INCH OR MORE: 0
MIN 0 OR BELOW: 2 1.00 INCH OR MORE: 0
[HDD (BASE 65) ]
TOTAL THIS MO. 1342 CLEAR (SCALE 0-3) 13
DPTR FM NORMAL -28 PTCLDY (SCALE 4-7) 9
TOTAL FM JUL 1 3155 CLOUDY (SCALE 8-10) 9
DPTR FM NORMAL -120
[CDD (BASE 65) ]
TOTAL THIS MO. 0
DPTR FM NORMAL 0 [PRESSURE DATA]
TOTAL FM JAN 1 280 HIGHEST SLP 30.81 ON 24
DPTR FM NORMAL 16 LOWEST SLP 29.68 ON 22
[REMARKS]
#FINAL-12-20#