000
CXUS53 KUNR 010945
CF6IEN
PRELIMINARY LOCAL CLIMATOLOGICAL DATA (WS FORM: F-6)
STATION: PINE RIDGE SD
MONTH: JUNE
YEAR: 2020
LATITUDE: 43 1 N
LONGITUDE: 102 31 W
TEMPERATURE IN F: :PCPN: SNOW: WIND :SUNSHINE: SKY :PK WND
================================================================================
1 2 3 4 5 6A 6B 7 8 9 10 11 12 13 14 15 16 17 18
12Z AVG MX 2MIN
DY MAX MIN AVG DEP HDD CDD WTR SNW DPTH SPD SPD DIR MIN PSBL S-S WX SPD DR
================================================================================
1 95 56 76 15 0 11 0.00 M M 5.4 13 290 M M 0 19 250
2 83 59 71 10 0 6 0.00 M M 9.1 23 360 M M 0 31 350
3 90 58 74 12 0 9 0.02 M M 9.8 23 210 M M 0 3 32 200
4 87 56 72 10 0 7 0.01 M M 7.1 24 40 M M 0 36 30
5 86 53 70 8 0 5 0.00 M M 10.7 29 140 M M 2 12 41 150
6 93 58 76 13 0 11 0.03 M M 9.2 41 250 M M 0 38 62 250
7 89 52 71 8 0 6 0.00 M M 6.8 17 310 M M 2 26 310
8 82 53 68 5 0 3 0.16 M M 10.4 25 310 M M 7 1 36 320
9 68 43 56 -8 9 0 0.32 M M 12.9 25 350 M M 6 1 36 340
10 77 37 57 -7 8 0 0.00 M M 7.8 22 310 M M 3 38 280
11 84 40 62 -2 3 0 0.00 M M 4.4 15 190 M M 0 22 190
12 93 64 79 14 0 14 0.00 M M 14.2 26 180 M M 0 39 180
13 93 67 80 15 0 15 0.00 M M 15.0 25 140 M M 0 38 170
14 96 54 75 10 0 10 0.00 M M 10.6 25 240 M M 0 39 230
15 83 48 66 0 0 1 0.00 M M 9.3 30 150 M M 0 46 150
16 97 73 85 19 0 20 T M M 21.5 39 170 M M 0 59 160
17 88 53 71 5 0 6 0.12 M M 6.3 26 20 M M 3 38 37 30
18 77 49 63 -4 2 0 T M M 6.1 14 270 M M 4 23 340
19 67 44 56 -11 9 0 0.24 M M 5.8 17 280 M M 7 13 24 280
20 81 54 68 1 0 3 0.00 M M 7.3 20 170 M M 1 3 27 160
21 85 53 69 1 0 4 0.36 M M 5.1 22 30 M M 3 13 30 20
22 76 50 63 -5 2 0 0.09 M M 3.7 16 350 M M 2 3 25 340
23 82 47 65 -3 0 0 0.00 M M 4.5 14 350 M M 0 1 22 310
24 92 61 77 8 0 12 0.00 M M 8.5 20 180 M M 0 27 150
25 90 65 78 9 0 13 0.02 M M 9.4 22 190 M M 2 32 170
26 86 61 74 5 0 9 T M M 5.4 14 180 M M 2 21 170
27 95 63 79 9 0 14 0.00 M M 7.7 20 180 M M 0 28 180
28 96 65 81 11 0 16 0.00 M M 10.6 28 180 M M 0 3 44 180
29 97 57 77 7 0 12 0.00 M M 9.4 25 140 M M 0 36 140
30 81 52 67 -3 0 2 0.00 M M 9.9 24 280 M M 5 36 270
================================================================================
SM 2589 1645 33 209 1.37 M 263.9 M 49
================================================================================
AV 86.3 54.8 8.8 FASTST M M 2 MAX(MPH)
MISC ----> # 41 250 # 62 250
================================================================================
NOTES:
# LAST OF SEVERAL OCCURRENCES
COLUMN 17 PEAK WIND IN M.P.H.
PRELIMINARY LOCAL CLIMATOLOGICAL DATA (WS FORM: F-6) , PAGE 2
STATION: PINE RIDGE SD
MONTH: JUNE
YEAR: 2020
LATITUDE: 43 1 N
LONGITUDE: 102 31 W
[TEMPERATURE DATA] [PRECIPITATION DATA] SYMBOLS USED IN COLUMN 16
AVERAGE MONTHLY: 70.6 TOTAL FOR MONTH: 1.37 1 = FOG OR MIST
DPTR FM NORMAL: 4.8 DPTR FM NORMAL: -2.06 2 = FOG REDUCING VISIBILITY
HIGHEST: 97 ON 29,16 GRTST 24HR 0.36 ON 21-21 TO 1/4 MILE OR LESS
LOWEST: 37 ON 10 3 = THUNDER
SNOW, ICE PELLETS, HAIL 4 = ICE PELLETS
TOTAL MONTH: M 5 = HAIL
GRTST 24HR M ON M 6 = FREEZING RAIN OR DRIZZLE
GRTST DEPTH: M ON M 7 = DUSTSTORM OR SANDSTORM:
VSBY 1/2 MILE OR LESS
8 = SMOKE OR HAZE
[NO. OF DAYS WITH] [WEATHER - DAYS WITH] 9 = BLOWING SNOW
X = TORNADO
MAX 32 OR BELOW: 0 0.01 INCH OR MORE: 10
MAX 90 OR ABOVE: 12 0.10 INCH OR MORE: 5
MIN 32 OR BELOW: 0 0.50 INCH OR MORE: 0
MIN 0 OR BELOW: 0 1.00 INCH OR MORE: 0
[HDD (BASE 65) ]
TOTAL THIS MO. 33 CLEAR (SCALE 0-3) 25
DPTR FM NORMAL -54 PTCLDY (SCALE 4-7) 5
TOTAL FM JUL 1 6999 CLOUDY (SCALE 8-10) 0
DPTR FM NORMAL -215
[CDD (BASE 65) ]
TOTAL THIS MO. 209
DPTR FM NORMAL 99 [PRESSURE DATA]
TOTAL FM JAN 1 231 HIGHEST SLP 30.21 ON 11
DPTR FM NORMAL 104 LOWEST SLP 29.35 ON 28
[REMARKS]
#FINAL-06-20#