000
CXUS55 KVEF 010910
CF6IGM
PRELIMINARY LOCAL CLIMATOLOGICAL DATA (WS FORM: F-6)
STATION: KINGMAN AZ
MONTH: NOVEMBER
YEAR: 2021
LATITUDE: 35 16 N
LONGITUDE: 113 57 W
TEMPERATURE IN F: :PCPN: SNOW: WIND :SUNSHINE: SKY :PK WND
================================================================================
1 2 3 4 5 6A 6B 7 8 9 10 11 12 13 14 15 16 17 18
12Z AVG MX 2MIN
DY MAX MIN AVG DEP HDD CDD WTR SNW DPTH SPD SPD DIR MIN PSBL S-S WX SPD DR
================================================================================
1 75 49 62 5 3 0 0.00 M M 10.3 24 240 M M 0 29 240
2 75 48 62 5 3 0 0.00 M M 5.1 14 130 M M 0 17 130
3 77 47 62 6 3 0 0.00 M M 6.9 15 360 M M 0 18 330
4 80 50 65 9 0 0 0.00 M M 7.8 16 150 M M 0 21 240
5 80 45 63 7 2 0 0.00 M M 6.9 15 210 M M 0 21 250
6 80 50 65 10 0 0 0.00 M M 11.8 25 230 M M 0 31 240
7 79 52 66 11 0 1 0.00 M M 10.0 23 240 M M 0 28 240
8 77 44 61 7 4 0 0.00 M M 9.1 24 230 M M 0 30 230
9 71 49 60 6 5 0 0.00 M M 11.8 30 240 M M 1 35 240
10 74 43 59 5 6 0 0.00 M M 7.3 18 340 M M 0 24 340
11 74 46 60 7 5 0 0.00 M M 9.9 21 360 M M 0 26 20
12 76 47 62 9 3 0 0.00 M M 10.2 18 20 M M 0 24 10
13 78 43 61 9 4 0 0.00 M M 5.7 14 130 M M 0 16 40
14 80 42 61 9 4 0 0.00 M M 5.0 13 20 M M 0 17 20
15 80 40 60 9 5 0 0.00 M M 6.2 18 230 M M 0 22 240
16 73 46 60 9 5 0 0.00 M M 8.4 17 250 M M 0 22 240
17 70 37 54 3 11 0 0.00 M M 7.6 15 10 M M 0 19 10
18 72 36 54 4 11 0 0.00 M M 6.1 17 250 M M 0 20 230
19 72 44 58 8 7 0 0.00 M M 9.1 18 240 M M 0 24 260
20 71 41 56 7 9 0 0.00 M M 5.3 17 360 M M 0 20 360
21 68 41 55 6 10 0 0.00 M M 13.0 25 360 M M 0 31 360
22 70 36 53 5 12 0 0.00 M M 5.9 14 10 M M 0 17 360
23 70 40 55 7 10 0 0.00 M M 7.6 24 210 M M 1 30 200
24 58 36 47 -1 18 0 0.00 M M 13.6 31 350 M M 0 38 350
25 63 32 48 1 17 0 0.00 M M 15.9 33 40 M M 0 8 43 40
26 65 35 50 3 15 0 0.00 M M 6.8 17 140 M M 0 20 140
27 68 32 50 3 15 0 0.00 M M 3.1 9 30 M M 0 14 30
28 72 36 54 8 11 0 0.00 M M 4.6 12 140 M M 0 13 140
29 72 36 54 8 11 0 0.00 M M 4.4 12 20 M M 0 14 20
30 73 37 55 9 10 0 0.00 M M 6.9 14 10 M M 0 19 10
================================================================================
SM 2193 1260 219 1 0.00 M 242.3 M 2
================================================================================
AV 73.1 42.0 8.1 FASTST M M 0 MAX(MPH)
MISC ----> 33 40 43 40
================================================================================
NOTES:
# LAST OF SEVERAL OCCURRENCES
COLUMN 17 PEAK WIND IN M.P.H.
PRELIMINARY LOCAL CLIMATOLOGICAL DATA (WS FORM: F-6) , PAGE 2
STATION: KINGMAN AZ
MONTH: NOVEMBER
YEAR: 2021
LATITUDE: 35 16 N
LONGITUDE: 113 57 W
[TEMPERATURE DATA] [PRECIPITATION DATA] SYMBOLS USED IN COLUMN 16
AVERAGE MONTHLY: 57.6 TOTAL FOR MONTH: 0.00 1 = FOG OR MIST
DPTR FM NORMAL: 6.3 DPTR FM NORMAL: -0.62 2 = FOG REDUCING VISIBILITY
HIGHEST: 80 ON 15,14 GRTST 24HR 0.00 ON 1- 1 TO 1/4 MILE OR LESS
LOWEST: 32 ON 27,25 3 = THUNDER
SNOW, ICE PELLETS, HAIL 4 = ICE PELLETS
TOTAL MONTH: M 5 = HAIL
GRTST 24HR M ON M 6 = FREEZING RAIN OR DRIZZLE
GRTST DEPTH: M ON M 7 = DUSTSTORM OR SANDSTORM:
VSBY 1/2 MILE OR LESS
8 = SMOKE OR HAZE
[NO. OF DAYS WITH] [WEATHER - DAYS WITH] 9 = BLOWING SNOW
X = TORNADO
MAX 32 OR BELOW: 0 0.01 INCH OR MORE: 0
MAX 90 OR ABOVE: 0 0.10 INCH OR MORE: 0
MIN 32 OR BELOW: 2 0.50 INCH OR MORE: 0
MIN 0 OR BELOW: 0 1.00 INCH OR MORE: 0
[HDD (BASE 65) ]
TOTAL THIS MO. 219 CLEAR (SCALE 0-3) 30
DPTR FM NORMAL -194 PTCLDY (SCALE 4-7) 0
TOTAL FM JUL 1 366 CLOUDY (SCALE 8-10) 0
DPTR FM NORMAL -170
[CDD (BASE 65) ]
TOTAL THIS MO. 1
DPTR FM NORMAL -1 [PRESSURE DATA]
TOTAL FM JAN 1 2490 HIGHEST SLP 30.40 ON 25
DPTR FM NORMAL 317 LOWEST SLP 29.77 ON 23
[REMARKS]
#FINAL-11-21#