000
CXUS51 KPHI 011401
CLMILG
CLIMATE REPORT
NATIONAL WEATHER SERVICE MOUNT HOLLY NJ
1001 AM EDT SAT APR 01 2023
...................................
...THE WILMINGTON DE CLIMATE SUMMARY FOR THE MONTH OF MARCH 2023...
CLIMATE NORMAL PERIOD: 1991 TO 2020
CLIMATE RECORD PERIOD: 1894 TO 2023
WEATHER OBSERVED NORMAL DEPART LAST YEAR`S
VALUE DATE(S) VALUE FROM VALUE DATE(S)
NORMAL
................................................................
TEMPERATURE (F)
RECORD
HIGH 86 03/30/1998
03/21/1948
LOW 2 03/10/1984
HIGHEST 67 73 -6 78
LOWEST 26 18 8 20
AVG. MAXIMUM 55.4 52.5 2.9 56.5
AVG. MINIMUM 35.9 33.9 2.0 35.9
MEAN 45.6 43.2 2.4 46.2
DAYS MAX >= 90 0 0.0 0.0 0
DAYS MAX <= 32 0 0.6 -0.6 0
DAYS MIN <= 32 10 14.2 -4.2 13
DAYS MIN <= 0 0 0.0 0.0 0
PRECIPITATION (INCHES)
RECORD
MAXIMUM 9.17 2000
MINIMUM 0.29 2006
TOTALS 2.26 4.16 -1.90 2.59
DAILY AVG. 0.07 0.13 -0.06 0.08
DAYS >= .01 9 11.2 -2.2 7
DAYS >= .10 6 7.0 -1.0 6
DAYS >= .50 2 3.1 -1.1 2
DAYS >= 1.00 0 1.1 -1.1 0
GREATEST
24 HR. TOTAL 0.89 03/03 TO 03/04 0.60
SNOWFALL (INCHES)
RECORDS
TOTAL 20.3 1958
24 HR TOTAL MM
TOTALS T 3.1 -3.1 1.4
SINCE 7/1 0.4 20.1 -19.7 MM
SNOWDEPTH AVG. 0 0
DAYS >= 1.0 0 0.9 -0.9 1
GREATEST
SNOW DEPTH 0 1 03/13
24 HR TOTAL T 03/03 TO 03/03 MM
03/11 TO 03/11
03/14 TO 03/14
DEGREE DAYS
HEATING TOTAL 595 676 -81 573
SINCE 7/1 3597 4166 -569 MM
COOLING TOTAL 0 1 -1 0
SINCE 1/1 0 1 -1 MM
................................................................
WIND (MPH)
AVERAGE WIND SPEED 10.2
HIGHEST WIND SPEED/DIRECTION 39/280 DATE 03/14
HIGHEST GUST SPEED/DIRECTION 51/280 DATE 03/14
SKY COVER
POSSIBLE SUNSHINE (PERCENT) MM
AVERAGE SKY COVER 0.40
NUMBER OF DAYS FAIR 13
NUMBER OF DAYS PC 12
NUMBER OF DAYS CLOUDY 6
AVERAGE RH (PERCENT) 58
WEATHER CONDITIONS. NUMBER OF DAYS WITH
THUNDERSTORM 1 MIXED PRECIP 0
HEAVY RAIN 4 RAIN 7
LIGHT RAIN 13 FREEZING RAIN 0
LT FREEZING RAIN 0 HEAVY SNOW 0
SNOW 0 LIGHT SNOW 2
SLEET 1 FOG 12
FOG W/VIS <= 1/4 MILE 4 HAZE 3
- INDICATES NEGATIVE NUMBERS.
R INDICATES RECORD WAS SET OR TIED.
MM INDICATES DATA IS MISSING.
T INDICATES TRACE AMOUNT.
$$