000
CXUS53 KILX 011428
CF6ILX
PRELIMINARY LOCAL CLIMATOLOGICAL DATA (WS FORM: F-6)
STATION: LINCOLN IL
MONTH: NOVEMBER
YEAR: 2021
LATITUDE: 40 9 N
LONGITUDE: 89 20 W
TEMPERATURE IN F: :PCPN: SNOW: WIND :SUNSHINE: SKY :PK WND
================================================================================
1 2 3 4 5 6A 6B 7 8 9 10 11 12 13 14 15 16 17 18
12Z AVG MX 2MIN
DY MAX MIN AVG DEP HDD CDD WTR SNW DPTH SPD SPD DIR MIN PSBL S-S WX SPD DR
================================================================================
1 44 34 39 -9 26 0 T 0.0 0 M M M M M M M M
2 49 29 39 -8 26 0 0.00 0.0 0 M M M M M M M M
3 50 23 37 -10 28 0 0.00 0.0 0 M M M M M M M M
4 53 25 39 -7 26 0 0.00 0.0 0 M M M M M M M M
5 53 26 40 -6 25 0 0.00 0.0 0 M M M M M M M M
6 60 28 44 -2 21 0 0.00 0.0 0 M M M M M M M M
7 67 32 50 5 15 0 0.00 0.0 0 M M M M M M M M
8 68 43 56 11 9 0 0.00 0.0 0 M M M M M M M M
9 60 41 51 7 14 0 0.00 0.0 0 M M M M M M 1 M M
10 61 39 50 6 15 0 T 0.0 0 M M M M M M 1 M M
11 55 43 49 5 16 0 0.37 0.0 0 M M M M M M M M
12 44 35 40 -3 25 0 0.01 T 0 M M M M M M M M
13 39 35 37 -6 28 0 T T 0 M M M M M M M M
14 41 31 36 -6 29 0 0.05 T 0 M M M M M M M M
15 48 29 39 -3 26 0 T 0.0 0 M M M M M M M M
16 62 31 47 5 18 0 0.00 0.0 0 M M M M M M M M
17 63 42 53 12 12 0 0.03 0.0 0 M M M M M M M M
18 42 28 35 -6 30 0 0.00 0.0 0 M M M M M M M M
19 42 17 30 -10 35 0 0.00 0.0 0 M M M M M M M M
20 55 35 45 5 20 0 0.01 T 0 M M M M M M 4 M M
21 58 31 45 6 20 0 0.04 0.0 0 M M M M M M M M
22 38 19 29 -10 36 0 0.00 0.0 0 M M M M M M M M
23 47 16 32 -7 33 0 0.00 0.0 0 M M M M M M M M
24 55 36 46 8 19 0 0.03 0.0 0 M M M M M M M M
25 51 19 35 -3 30 0 0.12 0.0 0 M M M M M M M M
26 35 16 26 -12 39 0 0.00 0.0 0 M M M M M M M M
27 47 29 38 1 27 0 0.01 0.0 0 M M M M M M M M
28 43 20 32 -5 33 0 0.00 0.0 0 M M M M M M M M
29 47 18 33 -3 32 0 T T 0 M M M M M M M M
30 53 29 41 5 24 0 0.00 0.0 0 M M M M M M M M
================================================================================
SM 1530 879 737 0 0.67 T M M M
================================================================================
AV 51.0 29.3 M FASTST M M M MAX(MPH)
MISC ----> M M M M
================================================================================
NOTES:
# LAST OF SEVERAL OCCURRENCES
COLUMN 17 PEAK WIND IN M.P.H.
PRELIMINARY LOCAL CLIMATOLOGICAL DATA (WS FORM: F-6) , PAGE 2
STATION: LINCOLN IL
MONTH: NOVEMBER
YEAR: 2021
LATITUDE: 40 9 N
LONGITUDE: 89 20 W
[TEMPERATURE DATA] [PRECIPITATION DATA] SYMBOLS USED IN COLUMN 16
AVERAGE MONTHLY: 40.2 TOTAL FOR MONTH: 0.67 1 = FOG OR MIST
DPTR FM NORMAL: -1.5 DPTR FM NORMAL: -2.21 2 = FOG REDUCING VISIBILITY
HIGHEST: 68 ON 8 GRTST 24HR 0.37 ON 11-11 TO 1/4 MILE OR LESS
LOWEST: 16 ON 26,23 3 = THUNDER
SNOW, ICE PELLETS, HAIL 4 = ICE PELLETS
TOTAL MONTH: T 5 = HAIL
GRTST 24HR T ON 12-12 6 = FREEZING RAIN OR DRIZZLE
GRTST DEPTH: 0 7 = DUSTSTORM OR SANDSTORM:
VSBY 1/2 MILE OR LESS
8 = SMOKE OR HAZE
[NO. OF DAYS WITH] [WEATHER - DAYS WITH] 9 = BLOWING SNOW
X = TORNADO
MAX 32 OR BELOW: 0 0.01 INCH OR MORE: 9
MAX 90 OR ABOVE: 0 0.10 INCH OR MORE: 2
MIN 32 OR BELOW: 20 0.50 INCH OR MORE: 0
MIN 0 OR BELOW: 0 1.00 INCH OR MORE: 0
[HDD (BASE 65) ]
TOTAL THIS MO. 737 CLEAR (SCALE 0-3) 0
DPTR FM NORMAL 37 PTCLDY (SCALE 4-7) 0
TOTAL FM JUL 1 969 CLOUDY (SCALE 8-10) 30
DPTR FM NORMAL -176
[CDD (BASE 65) ]
TOTAL THIS MO. 0
DPTR FM NORMAL -1 [PRESSURE DATA]
TOTAL FM JAN 1 1192 HIGHEST SLP M ON M
DPTR FM NORMAL 178 LOWEST SLP M ON M
[REMARKS]
#FINAL-11-21#