000
CXUS53 KLBF 010757
CLMIML
CLIMATE REPORT
NATIONAL WEATHER SERVICE NORTH PLATTE NE
257 AM CDT MON MAY 01 2023
...................................
...THE IMPERIAL CLIMATE SUMMARY FOR THE MONTH OF APRIL 2023...
CLIMATE NORMAL PERIOD 1991 TO 2020
CLIMATE RECORD PERIOD 1893 TO 2023
WEATHER OBSERVED NORMAL DEPART LAST YEAR`S
VALUE DATE(S) VALUE FROM VALUE DATE(S)
NORMAL
................................................................
TEMPERATURE (F)
RECORD
HIGH 96 04/22/2022
LOW -1 04/01/1936
HIGHEST 92 04/12 85 7 96 04/22
LOWEST 19 04/23 19 0 15 04/13
AVG. MAXIMUM 66.1 63.0 3.1 65.4
AVG. MINIMUM 32.0 34.6 -2.6 31.3
MEAN 49.0 48.8 0.2 48.3
DAYS MAX >= 90 2 0.1 1.9 1
DAYS MAX <= 32 0 0.4 -0.4 0
DAYS MIN <= 32 15 10.7 4.3 17
DAYS MIN <= 0 0 0.0 0.0 0
PRECIPITATION (INCHES)
RECORD
MAXIMUM 6.73 1971
MINIMUM 0.08 2022
TOTALS 0.10 1.79 -1.69 0.08
DAILY AVG. 0.00 0.06 -0.06 0.00
DAYS >= .01 3 8.9 -5.9 2
DAYS >= .10 0 4.7 -4.7 0
DAYS >= .50 0 1.3 -1.3 0
DAYS >= 1.00 0 0.3 -0.3 0
GREATEST
24 HR. TOTAL 0.05 04/25 TO 04/25 0.06 04/29 TO 04/29
SNOWFALL (INCHES)
TOTALS MM
DEGREE DAYS
HEATING TOTAL 481 488 -7 501
SINCE 7/1 6316 5716 600 MM
COOLING TOTAL 8 2 6 8
SINCE 1/1 8 2 6 MM
................................................................
WIND (MPH)
HIGHEST WIND SPEED/DIRECTION 49/330 DATE 04/19
HIGHEST GUST SPEED/DIRECTION 65/340 DATE 04/19
AVERAGE RH (PERCENT) 50
WEATHER CONDITIONS. NUMBER OF DAYS WITH
THUNDERSTORM 0 MIXED PRECIP 0
HEAVY RAIN 0 RAIN 0
LIGHT RAIN 4 FREEZING RAIN 0
LT FREEZING RAIN 0 HAIL 0
HEAVY SNOW 0 SNOW 0
LIGHT SNOW 1 SLEET 0
FOG 3 FOG W/VIS <= 1/4 MILE 0
HAZE 7
- INDICATES NEGATIVE NUMBERS.
R INDICATES RECORD WAS SET OR TIED.
MM INDICATES DATA IS MISSING.
T INDICATES TRACE AMOUNT.
$$