000
CXUS53 KDLH 022038
CF6INL
PRELIMINARY LOCAL CLIMATOLOGICAL DATA (WS FORM: F-6)
STATION: INTERNATIONAL FALLS
MONTH: JULY
YEAR: 2023
LATITUDE: 48 34 N
LONGITUDE: 93 23 W
TEMPERATURE IN F: :PCPN: SNOW: WIND :SUNSHINE: SKY :PK WND
================================================================================
1 2 3 4 5 6A 6B 7 8 9 10 11 12 13 14 15 16 17 18
12Z AVG MX 2MIN
DY MAX MIN AVG DEP HDD CDD WTR SNW DPTH SPD SPD DIR MIN PSBL S-S WX SPD DR
================================================================================
1 81 56 69 5 0 4 0.00 0.0 0 3.0 10 10 M M 0 1 17 60
2 84 53 69 5 0 4 0.00 0.0 0 3.9 12 150 M M 1 1 17 220
3 81 53 67 3 0 2 T 0.0 0 6.0 17 290 M M 2 3 24 270
4 75 49 62 -2 3 0 0.19 0.0 0 2.5 10 120 M M 6 1 15 250
5 66 41 54 -10 11 0 0.02 0.0 0 7.7 17 310 M M 6 1 23 310
6 73 37 55 -9 10 0 0.00 0.0 0 3.6 13 230 M M 3 19 240
7 71 52 62 -2 3 0 0.12 0.0 0 5.4 13 270 M M 6 13 22 260
8 72 48 60 -5 5 0 0.04 0.0 0 3.5 10 270 M M 2 14 330
9 M 52 M M M M M 0.0 0 M M M M M 5 138 M M
10 M M M M M M 0.00 0.0 0 M M M M M 3 8 M M
11 M M M M M M 0.00 0.0 0 M M M M M 1 M M
12 74 45 60 -5 5 0 0.00 0.0 0 1.5 10 290 M M 0 1 16 300
13 75 47 61 -4 4 0 0.00 0.0 0 5.3 15 230 M M 3 24 260
14 78 51 65 0 0 0 0.00 0.0 0 6.1 21 300 M M 3 12 30 280
15 67 50 59 -6 6 0 T 0.0 0 5.4 18 300 M M 9 26 310
16 67 47 57 -8 8 0 0.39 0.0 0 8.8 25 320 M M 8 1 33 310
17 68 54 61 -4 4 0 0.13 0.0 0 6.5 17 310 M M 9 18 27 310
18 72 57 65 0 0 0 T 0.0 0 3.1 9 60 M M 6 1 13 350
19 74 57 66 1 0 1 1.10 0.0 0 6.4 20 330 M M 8 13 29 220
20 78 58 68 3 0 3 0.00 0.0 0 6.9 14 330 M M 6 19 320
21 81 53 67 2 0 2 T 0.0 0 3.2 13 270 M M 4 3 19 170
22 80 54 67 2 0 2 0.23 0.0 0 4.6 15 310 M M 3 138 21 300
23 75 52 64 -1 1 0 0.00 0.0 0 3.0 9 300 M M 1 18 13 300
24 79 47 63 -2 2 0 0.00 0.0 0 2.5 10 30 M M 1 12 14 40
25 81 51 66 1 0 1 T 0.0 0 4.4 13 120 M M 2 18 17 110
26 89 67 78 13 0 13 T 0.0 0 3.1 9 290 M M 2 3 14 290
27 80 56 68 3 0 3 0.53 0.0 0 4.6 20 320 M M 3 13 30 280
28 72 53 63 -2 2 0 0.00 0.0 0 6.0 14 350 M M 3 18 10
29 73 48 61 -4 4 0 0.00 0.0 0 5.8 16 350 M M 3 28 320
30 76 46 61 -4 4 0 0.00 0.0 0 3.5 12 290 M M 1 17 300
31 77 50 64 -1 1 0 0.00 0.0 0 2.8 10 290 M M 0 14 290
================================================================================
SM 2119 1484 73 35 2.75 0.0 129.1 M 110
================================================================================
AV 75.7 51.2 4.6 FASTST M M 4 MAX(MPH)
MISC ----> 25 320 33 310
================================================================================
NOTES:
# LAST OF SEVERAL OCCURRENCES
COLUMN 17 PEAK WIND IN M.P.H.
PRELIMINARY LOCAL CLIMATOLOGICAL DATA (WS FORM: F-6) , PAGE 2
STATION: INTERNATIONAL FALLS
MONTH: JULY
YEAR: 2023
LATITUDE: 48 34 N
LONGITUDE: 93 23 W
[TEMPERATURE DATA] [PRECIPITATION DATA] SYMBOLS USED IN COLUMN 16
AVERAGE MONTHLY: 63.4 TOTAL FOR MONTH: 2.75 1 = FOG OR MIST
DPTR FM NORMAL: -1.5 DPTR FM NORMAL: -1.22 2 = FOG REDUCING VISIBILITY
HIGHEST: 89 ON 26 GRTST 24HR 1.10 ON 19-19 TO 1/4 MILE OR LESS
LOWEST: 37 ON 6 3 = THUNDER
SNOW, ICE PELLETS, HAIL 4 = ICE PELLETS
TOTAL MONTH: 0.0 INCH 5 = HAIL
GRTST 24HR 0.0 6 = FREEZING RAIN OR DRIZZLE
GRTST DEPTH: 0 7 = DUSTSTORM OR SANDSTORM:
VSBY 1/2 MILE OR LESS
8 = SMOKE OR HAZE
[NO. OF DAYS WITH] [WEATHER - DAYS WITH] 9 = BLOWING SNOW
X = TORNADO
MAX 32 OR BELOW: 0 0.01 INCH OR MORE: 9
MAX 90 OR ABOVE: 0 0.10 INCH OR MORE: 7
MIN 32 OR BELOW: 0 0.50 INCH OR MORE: 2
MIN 0 OR BELOW: 0 1.00 INCH OR MORE: 1
[HDD (BASE 65) ]
TOTAL THIS MO. 73 CLEAR (SCALE 0-3) 19
DPTR FM NORMAL -2 PTCLDY (SCALE 4-7) 9
TOTAL FM JUL 1 73 CLOUDY (SCALE 8-10) 3
DPTR FM NORMAL 3
[CDD (BASE 65) ]
TOTAL THIS MO. 35
DPTR FM NORMAL -35 [PRESSURE DATA]
TOTAL FM JAN 1 149 HIGHEST SLP 30.21 ON 29
DPTR FM NORMAL 36 LOWEST SLP 29.61 ON 9
[REMARKS]
#FINAL-07-23#