000
CXUS56 KFGZ 010910
CF6INW
PRELIMINARY LOCAL CLIMATOLOGICAL DATA (WS FORM: F-6)
STATION: WINSLOW AZ AIRPORT
MONTH: NOVEMBER
YEAR: 2022
LATITUDE: 35 1 N
LONGITUDE: 110 44 W
TEMPERATURE IN F: :PCPN: SNOW: WIND :SUNSHINE: SKY :PK WND
================================================================================
1 2 3 4 5 6A 6B 7 8 9 10 11 12 13 14 15 16 17 18
12Z AVG MX 2MIN
DY MAX MIN AVG DEP HDD CDD WTR SNW DPTH SPD SPD DIR MIN PSBL S-S WX SPD DR
================================================================================
1 68 36 52 1 13 0 0.00 M M 11.1 22 200 M M 0 27 200
2 67 36 52 2 13 0 0.04 M M 12.5 33 200 M M 2 40 200
3 50 30 40 -10 25 0 0.02 M M 15.9 37 250 M M 5 1 45 250
4 51 28 40 -9 25 0 T M M 6.3 14 330 M M 2 19 340
5 66 26 46 -3 19 0 0.00 M M 5.9 15 240 M M 0 18 240
6 73 34 54 5 11 0 0.00 M M 7.7 18 200 M M 0 26 210
7 71 39 55 7 10 0 T M M 10.3 26 210 M M 0 31 220
8 70 32 51 3 14 0 0.00 M M 11.8 29 210 M M 0 35 200
9 64 41 53 6 12 0 T M M 17.9 44 210 M M 5 8 55 210
10 51 25 38 -9 27 0 0.00 M M 3.6 9 340 M M 2 12 110
11 49 22 36 -10 29 0 0.00 M M 3.9 10 60 M M 0 13 10
12 55 17 36 -10 29 0 0.00 M M 3.0 9 210 M M 0 11 220
13 59 24 42 -4 23 0 0.00 M M 10.4 31 250 M M 2 38 260
14 51 20 36 -9 29 0 0.00 M M 4.5 10 10 M M 0 13 10
15 51 18 35 -10 30 0 0.00 M M 6.9 16 310 M M 0 20 310
16 49 12 31 -13 34 0 0.00 M M 4.4 12 290 M M 0 16 330
17 50 11 31 -13 34 0 0.00 M M 1.9 7 230 M M 0 9 200
18 48 18 33 -11 32 0 0.00 M M 5.5 14 320 M M 1 16 320
19 51 25 38 -5 27 0 0.00 M M 10.0 18 310 M M 0 26 320
20 50 16 33 -10 32 0 0.00 M M 3.2 9 20 M M 0 12 320
21 52 13 33 -9 32 0 0.00 M M 2.9 9 120 M M 0 11 120
22 50 14 32 -10 33 0 0.00 M M 1.9 8 130 M M 0 9 360
23 57 12 35 -6 30 0 0.00 M M 4.9 16 320 M M 0 19 330
24 53 28 41 0 24 0 0.00 M M 10.8 22 320 M M 0 27 320
25 52 18 35 -6 30 0 0.00 M M 4.2 9 270 M M 0 12 320
26 60 17 39 -1 26 0 0.00 M M 5.5 13 280 M M 1 16 290
27 54 27 41 1 24 0 0.00 M M 4.8 12 270 M M 0 13 270
28 57 24 41 2 24 0 0.00 M M 13.4 33 230 M M 0 42 240
29 56 26 41 2 24 0 0.00 M M 9.4 25 270 M M 0 30 270
30 57 20 39 0 26 0 0.00 M M 3.6 13 140 M M 0 16 150
================================================================================
SM 1692 709 741 0 0.06 M 218.1 M 20
================================================================================
AV 56.4 23.6 7.3 FASTST M M 1 MAX(MPH)
MISC ----> 44 210 55 210
================================================================================
NOTES:
# LAST OF SEVERAL OCCURRENCES
COLUMN 17 PEAK WIND IN M.P.H.
PRELIMINARY LOCAL CLIMATOLOGICAL DATA (WS FORM: F-6) , PAGE 2
STATION: WINSLOW AZ AIRPORT
MONTH: NOVEMBER
YEAR: 2022
LATITUDE: 35 1 N
LONGITUDE: 110 44 W
[TEMPERATURE DATA] [PRECIPITATION DATA] SYMBOLS USED IN COLUMN 16
AVERAGE MONTHLY: 40.0 TOTAL FOR MONTH: 0.06 1 = FOG OR MIST
DPTR FM NORMAL: -4.6 DPTR FM NORMAL: -0.42 2 = FOG REDUCING VISIBILITY
HIGHEST: 73 ON 6 GRTST 24HR 0.06 ON 2- 3 TO 1/4 MILE OR LESS
LOWEST: 11 ON 17 3 = THUNDER
SNOW, ICE PELLETS, HAIL 4 = ICE PELLETS
TOTAL MONTH: M 5 = HAIL
GRTST 24HR M ON M 6 = FREEZING RAIN OR DRIZZLE
GRTST DEPTH: M ON M 7 = DUSTSTORM OR SANDSTORM:
VSBY 1/2 MILE OR LESS
8 = SMOKE OR HAZE
[NO. OF DAYS WITH] [WEATHER - DAYS WITH] 9 = BLOWING SNOW
X = TORNADO
MAX 32 OR BELOW: 0 0.01 INCH OR MORE: 2
MAX 90 OR ABOVE: 0 0.10 INCH OR MORE: 0
MIN 32 OR BELOW: 25 0.50 INCH OR MORE: 0
MIN 0 OR BELOW: 0 1.00 INCH OR MORE: 0
[HDD (BASE 65) ]
TOTAL THIS MO. 741 CLEAR (SCALE 0-3) 28
DPTR FM NORMAL 129 PTCLDY (SCALE 4-7) 2
TOTAL FM JUL 1 1019 CLOUDY (SCALE 8-10) 0
DPTR FM NORMAL 129
[CDD (BASE 65) ]
TOTAL THIS MO. 0
DPTR FM NORMAL 0 [PRESSURE DATA]
TOTAL FM JAN 1 1580 HIGHEST SLP M ON M
DPTR FM NORMAL 251 LOWEST SLP 29.66 ON 29
[REMARKS]
#FINAL-11-22#