000
CXUS56 KFGZ 010910
CF6INW
PRELIMINARY LOCAL CLIMATOLOGICAL DATA (WS FORM: F-6)
STATION: WINSLOW AZ AIRPORT
MONTH: JANUARY
YEAR: 2024
LATITUDE: 35 1 N
LONGITUDE: 110 44 W
TEMPERATURE IN F: :PCPN: SNOW: WIND :SUNSHINE: SKY :PK WND
================================================================================
1 2 3 4 5 6A 6B 7 8 9 10 11 12 13 14 15 16 17 18
12Z AVG MX 2MIN
DY MAX MIN AVG DEP HDD CDD WTR SNW DPTH SPD SPD DIR MIN PSBL S-S WX SPD DR
================================================================================
1 43 22 33 -1 32 0 0.00 M M 5.1 9 320 M M 0 12 140
2 50 18 34 0 31 0 0.00 M M 3.0 9 270 M M 0 8 10 270
3 55 24 40 6 25 0 0.00 M M 10.1 25 200 M M 1 32 190
4 43 23 33 -1 32 0 0.01 M M 9.6 22 290 M M 8 12 27 290
5 46 17 32 -2 33 0 0.00 M M 5.4 13 350 M M 2 18 310
6 47 16 32 -3 33 0 0.00 M M 9.3 26 200 M M 1 35 190
7 40 24 32 -3 33 0 0.01 M M 16.5 37 220 M M 6 52 220
8 40 14 27 -8 38 0 0.00 M M 12.3 28 320 M M 2 38 320
9 43 8 26 -9 39 0 0.00 M M 5.3 13 140 M M 0 16 110
10 54 14 34 -1 31 0 0.00 M M 10.8 35 230 M M 0 47 230
11 41 12 27 -8 38 0 0.04 M M 14.8 33 250 M M 3 12 45 290
12 49 9 29 -6 36 0 0.00 M M 7.1 22 230 M M 0 8 29 230
13 58 22 40 5 25 0 0.00 M M 8.1 20 270 M M 1 26 270
14 60 35 48 12 17 0 0.00 M M 12.7 22 250 M M 0 27 250
15 56 20 38 2 27 0 0.00 M M 3.8 10 320 M M 0 14 330
16 54 19 37 1 28 0 0.00 M M 3.5 9 60 M M 0 14 90
17 62 24 43 7 22 0 0.00 M M 11.7 30 240 M M 2 37 250
18 62 24 43 7 22 0 0.00 M M 4.0 13 220 M M 0 15 220
19 56 24 40 4 25 0 0.00 M M 2.5 8 300 M M 0 10 80
20 61 25 43 7 22 0 0.00 M M 4.2 18 220 M M 2 23 220
21 51 39 45 9 20 0 0.01 M M 5.5 20 240 M M 10 23 220
22 53 37 45 8 20 0 T M M 3.2 12 240 M M 8 14 250
23 49 39 44 7 21 0 0.66 M M 5.8 13 320 M M 10 1 16 330
24 53 37 45 8 20 0 T M M 4.7 12 280 M M 8 13 280
25 53 36 45 8 20 0 0.14 M M 10.4 29 310 M M 7 1 40 320
26 51 33 42 5 23 0 0.00 M M 9.2 17 330 M M 4 23 310
27 53 28 41 4 24 0 0.00 M M 2.8 9 20 M M 0 13 10
28 54 26 40 2 25 0 0.00 M M 1.6 9 260 M M 0 10 330
29 55 28 42 4 23 0 0.00 M M 2.0 8 230 M M 0 8 230
30 59 28 44 6 21 0 0.00 M M 3.7 9 130 M M 0 11 130
31 65 26 46 8 19 0 0.00999.0 M 3.4 12 240 M M 1 15 230
================================================================================
SM 1616 751 825 0 0.87999.0 212.1 M 76
================================================================================
AV 52.1 24.2 6.8 FASTST M M 2 MAX(MPH)
MISC ----> 37 220 52 220
================================================================================
NOTES:
# LAST OF SEVERAL OCCURRENCES
COLUMN 17 PEAK WIND IN M.P.H.
PRELIMINARY LOCAL CLIMATOLOGICAL DATA (WS FORM: F-6) , PAGE 2
STATION: WINSLOW AZ AIRPORT
MONTH: JANUARY
YEAR: 2024
LATITUDE: 35 1 N
LONGITUDE: 110 44 W
[TEMPERATURE DATA] [PRECIPITATION DATA] SYMBOLS USED IN COLUMN 16
AVERAGE MONTHLY: 38.2 TOTAL FOR MONTH: 0.87 1 = FOG OR MIST
DPTR FM NORMAL: 2.3 DPTR FM NORMAL: 0.36 2 = FOG REDUCING VISIBILITY
HIGHEST: 65 ON 31 GRTST 24HR 0.66 ON 23-23 TO 1/4 MILE OR LESS
LOWEST: 8 ON 9 3 = THUNDER
SNOW, ICE PELLETS, HAIL 4 = ICE PELLETS
TOTAL MONTH: 999.0 INCHES 5 = HAIL
GRTST 24HR 999.0 ON 31-31 6 = FREEZING RAIN OR DRIZZLE
GRTST DEPTH: M ON M 7 = DUSTSTORM OR SANDSTORM:
VSBY 1/2 MILE OR LESS
8 = SMOKE OR HAZE
[NO. OF DAYS WITH] [WEATHER - DAYS WITH] 9 = BLOWING SNOW
X = TORNADO
MAX 32 OR BELOW: 0 0.01 INCH OR MORE: 6
MAX 90 OR ABOVE: 0 0.10 INCH OR MORE: 2
MIN 32 OR BELOW: 24 0.50 INCH OR MORE: 1
MIN 0 OR BELOW: 0 1.00 INCH OR MORE: 0
[HDD (BASE 65) ]
TOTAL THIS MO. 825 CLEAR (SCALE 0-3) 23
DPTR FM NORMAL -77 PTCLDY (SCALE 4-7) 5
TOTAL FM JUL 1 2418 CLOUDY (SCALE 8-10) 3
DPTR FM NORMAL -298
[CDD (BASE 65) ]
TOTAL THIS MO. 0
DPTR FM NORMAL 0 [PRESSURE DATA]
TOTAL FM JAN 1 0 HIGHEST SLP M ON M
DPTR FM NORMAL 0 LOWEST SLP 29.49 ON 7
[REMARKS]
#FINAL-01-24#