000
CXUS55 KPSR 211754
CF6IPL
PRELIMINARY LOCAL CLIMATOLOGICAL DATA (WS FORM: F-6)
STATION: IMPERIAL CA
MONTH: AUGUST
YEAR: 2021
LATITUDE: 32 50 N
LONGITUDE: 115 35 W
TEMPERATURE IN F: :PCPN: SNOW: WIND :SUNSHINE: SKY :PK WND
================================================================================
1 2 3 4 5 6A 6B 7 8 9 10 11 12 13 14 15 16 17 18
12Z AVG MX 2MIN
DY MAX MIN AVG DEP HDD CDD WTR SNW DPTH SPD SPD DIR MIN PSBL S-S WX SPD DR
================================================================================
1 111 81 96 2 0 31 0.00 M M 5.6 14 130 M M 1 17 120
2 114 79 97 3 0 32 0.00 M M 5.0 15 260 M M 2 18 260
3 117 81 99 5 0 34 0.00 M M 5.8 13 250 M M 3 15 260
4 119 83 101 7 0 36 0.00 M M 5.6 15 250 M M 3 20 250
5 112 87 100 6 0 35 0.00 0.0 M 12.7 22 140 M M 1 25 130
6 110 84 97 3 0 32 0.00 0.0 M 11.1 21 140 M M 1 25 150
7 110 77 94 0 0 29 0.00 0.0 M 6.0 16 140 M M 1 19 130
8 109 82 96 2 0 31 0.00 0.0 M 9.1 21 140 M M 0 26 130
9 107 85 96 2 0 31 0.00 M M 10.0 21 140 M M 0 26 110
10 105 81 93 -1 0 28 T M M 11.6 39 70 M M 1 38 45 80
11 100 76 88 -6 0 23 T M M 5.2 16 280 M M 0 22 250
12 105 84 95 1 0 30 0.00 M M 7.6 18 250 M M 0 23 250
13 107 82 95 1 0 30 0.00 M M 7.0 16 260 M M 0 20 260
14 100 84 92 -2 0 27 0.00 M M 5.3 21 140 M M 0 8 26 130
15 100 83 92 -2 0 27 T M M 4.1 12 110 M M 1 15 120
16 107 81 94 0 0 29 0.00 M M 9.6 20 130 M M 0 23 130
17 107 86 97 3 0 32 0.00 M M 10.7 24 160 M M 0 29 160
18 102 79 91 -3 0 26 0.00 M M 10.2 25 280 M M 0 34 290
19 98 74 86 -8 0 21 0.00 M M 7.0 17 330 M M 0 23 340
20 101 78 90 -4 0 25 0.00 M M 6.7 17 130 M M 1 20 130
21 101 74 88 -5 0 23 0.00 M M 10.0 23 140 M M 0 29 120
22 100 68 84 -9 0 19 0.00 M M 3.1 12 80 M M 0 18 80
23 105 73 89 -4 0 24 0.00 M M 7.1 17 130 M M 0 20 130
24 107 72 90 -3 0 25 0.00 M M 4.8 12 280 M M 1 8 15 130
25 112 79 96 3 0 31 0.00 M M 4.8 16 260 M M 0 21 250
26 114 83 99 6 0 34 0.00 M M 5.7 14 260 M M 0 17 270
27 116 82 99 6 0 34 0.00 M M 5.6 14 130 M M 0 17 120
28 110 82 96 4 0 31 T M M 10.0 25 150 M M 3 8 31 160
29 102 85 94 2 0 29 T M M 4.8 14 130 M M 0 38 17 150
30 112 82 97 5 0 32 T M M 7.0 28 200 M M 0 38 36 200
31 104 76 90 -2 0 25 0.23 M M 9.8 32 140 M M 2 138 39 140
================================================================================
SM 3324 2483 0 896 0.23 0.0 228.6 M 21
================================================================================
AV107.2 80.1 7.4 FASTST M M 1 MAX(MPH)
MISC ----> 39 70 45 80
================================================================================
NOTES:
# LAST OF SEVERAL OCCURRENCES
COLUMN 17 PEAK WIND IN M.P.H.
PRELIMINARY LOCAL CLIMATOLOGICAL DATA (WS FORM: F-6) , PAGE 2
STATION: IMPERIAL CA
MONTH: AUGUST
YEAR: 2021
LATITUDE: 32 50 N
LONGITUDE: 115 35 W
[TEMPERATURE DATA] [PRECIPITATION DATA] SYMBOLS USED IN COLUMN 16
AVERAGE MONTHLY: 93.7 TOTAL FOR MONTH: 0.23 1 = FOG OR MIST
DPTR FM NORMAL: 0.1 DPTR FM NORMAL: 0.08 2 = FOG REDUCING VISIBILITY
HIGHEST: 119 ON 4 GRTST 24HR 0.23 ON 31-31 TO 1/4 MILE OR LESS
LOWEST: 68 ON 22 3 = THUNDER
SNOW, ICE PELLETS, HAIL 4 = ICE PELLETS
TOTAL MONTH: 0.0 INCH 5 = HAIL
GRTST 24HR 0.0 6 = FREEZING RAIN OR DRIZZLE
GRTST DEPTH: M ON M 7 = DUSTSTORM OR SANDSTORM:
VSBY 1/2 MILE OR LESS
8 = SMOKE OR HAZE
[NO. OF DAYS WITH] [WEATHER - DAYS WITH] 9 = BLOWING SNOW
X = TORNADO
MAX 32 OR BELOW: 0 0.01 INCH OR MORE: 1
MAX 90 OR ABOVE: 31 0.10 INCH OR MORE: 1
MIN 32 OR BELOW: 0 0.50 INCH OR MORE: 0
MIN 0 OR BELOW: 0 1.00 INCH OR MORE: 0
[HDD (BASE 65) ]
TOTAL THIS MO. 0 CLEAR (SCALE 0-3) 31
DPTR FM NORMAL 0 PTCLDY (SCALE 4-7) 0
TOTAL FM JUL 1 0 CLOUDY (SCALE 8-10) 0
DPTR FM NORMAL 0
[CDD (BASE 65) ]
TOTAL THIS MO. 896
DPTR FM NORMAL 11 [PRESSURE DATA]
TOTAL FM JAN 1 3363 HIGHEST SLP 29.99 ON 14
DPTR FM NORMAL 250 LOWEST SLP 29.49 ON 27
[REMARKS]
#FINAL-08-21#
PRECIP DATA FOR 8/31 USED USC00044223 1.5 NNE DUE TO EQUIPMENT OUTAGE