000
CXUS51 KCTP 010800
CF6IPT
PRELIMINARY LOCAL CLIMATOLOGICAL DATA (WS FORM: F-6)
STATION: WILLIAMSPORT PA
MONTH: SEPTEMBER
YEAR: 2023
LATITUDE: 41 15 N
LONGITUDE: 76 55 W
TEMPERATURE IN F: :PCPN: SNOW: WIND :SUNSHINE: SKY :PK WND
================================================================================
1 2 3 4 5 6A 6B 7 8 9 10 11 12 13 14 15 16 17 18
12Z AVG MX 2MIN
DY MAX MIN AVG DEP HDD CDD WTR SNW DPTH SPD SPD DIR MIN PSBL S-S WX SPD DR
================================================================================
1 77 54 66 -3 0 1 0.00 0.0 0 3.3 7 230 M M 0 9 230
2 82 53 68 -1 0 3 0.00 0.0 0 3.2 7 200 M M 4 12 9 200
3 91 62 77 8 0 12 0.00 0.0 0 4.3 11 230 M M 1 12 14 230
4 93 67 80 11 0 15 0.00 0.0 0 8.1 13 260 M M 1 16 260
5 93 66 80 12 0 15 0.00 0.0 0 4.1 12 270 M M 2 15 250
6 92 69 81 13 0 16 0.00 0.0 0 3.1 12 250 M M 3 1 15 230
7 90 67 79 11 0 14 0.31 0.0 0 2.9 30 270 M M 5 1238 46 280
8 83 66 75 8 0 10 0.01 0.0 0 2.2 10 240 M M 7 13 14 240
9 84 67 76 9 0 11 0.47 0.0 0 2.5 21 300 M M 8 138 30 310
10 80 67 74 7 0 9 0.06 0.0 0 1.8 7 60 M M 8 13 11 90
11 78 61 70 4 0 5 0.13 0.0 0 3.1 13 20 M M 7 1 17 340
12 80 60 70 4 0 5 0.00 0.0 0 3.8 13 260 M M 6 1 17 260
13 79 59 69 3 0 4 0.05 0.0 0 6.0 14 260 M M 6 1 19 250
14 73 51 62 -3 3 0 0.00 0.0 0 3.8 15 340 M M 3 20 350
15 76 47 62 -3 3 0 0.00 0.0 0 4.9 15 310 M M 0 21 300
16 78 49 64 -1 1 0 0.00 0.0 0 5.1 15 250 M M 1 21 260
17 61 49 55 -9 10 0 0.56 0.0 0 2.1 8 270 M M 7 1 11 270
18 76 54 65 1 0 0 0.14 0.0 0 5.6 20 330 M M 7 29 330
19 73 50 62 -2 3 0 0.00 0.0 0 6.0 17 270 M M 2 26 290
20 76 50 63 0 2 0 0.00 0.0 0 2.9 10 220 M M 3 14 240
21 76 49 63 0 2 0 0.00 0.0 0 2.7 9 340 M M 3 1 15 330
22 74 49 62 0 3 0 0.00 0.0 0 3.8 16 110 M M 3 12 21 100
23 61 53 57 -5 8 0 0.25 0.0 0 2.6 10 40 M M 7 1 18 50
24 64 57 61 -1 4 0 0.84 0.0 0 3.5 7 250 M M 10 1 9 330
25 68 58 63 2 2 0 0.03 0.0 0 5.9 20 70 M M 10 18 27 70
26 61 54 58 -3 7 0 0.08 0.0 0 0.8 13 110 M M 10 18 20 110
27 70 53 62 2 3 0 0.00 0.0 0 4.3 12 90 M M 6 16 90
28 69 48 59 -1 6 0 0.00 0.0 0 4.7 13 160 M M 5 1 18 160
29 67 57 62 2 3 0 0.04 0.0 0 2.6 10 100 M M 10 18 15 70
30 79 58 69 10 0 4 0.00 0.0 0 3.2 12 40 M M 7 1 17 30
================================================================================
SM 2304 1704 60 124 2.97 0.0 112.9 M 152
================================================================================
AV 76.8 56.8 3.8 FASTST M M 5 MAX(MPH)
MISC ----> 30 270 46 280
================================================================================
NOTES:
# LAST OF SEVERAL OCCURRENCES
COLUMN 17 PEAK WIND IN M.P.H.
PRELIMINARY LOCAL CLIMATOLOGICAL DATA (WS FORM: F-6) , PAGE 2
STATION: WILLIAMSPORT PA
MONTH: SEPTEMBER
YEAR: 2023
LATITUDE: 41 15 N
LONGITUDE: 76 55 W
[TEMPERATURE DATA] [PRECIPITATION DATA] SYMBOLS USED IN COLUMN 16
AVERAGE MONTHLY: 66.8 TOTAL FOR MONTH: 2.97 1 = FOG OR MIST
DPTR FM NORMAL: 2.1 DPTR FM NORMAL: -1.79 2 = FOG REDUCING VISIBILITY
HIGHEST: 93 ON 5, 4 GRTST 24HR 0.84 ON 24-24 TO 1/4 MILE OR LESS
LOWEST: 47 ON 15 3 = THUNDER
SNOW, ICE PELLETS, HAIL 4 = ICE PELLETS
TOTAL MONTH: 0.0 INCH 5 = HAIL
GRTST 24HR 0.0 6 = FREEZING RAIN OR DRIZZLE
GRTST DEPTH: 0 7 = DUSTSTORM OR SANDSTORM:
VSBY 1/2 MILE OR LESS
8 = SMOKE OR HAZE
[NO. OF DAYS WITH] [WEATHER - DAYS WITH] 9 = BLOWING SNOW
X = TORNADO
MAX 32 OR BELOW: 0 0.01 INCH OR MORE: 13
MAX 90 OR ABOVE: 5 0.10 INCH OR MORE: 7
MIN 32 OR BELOW: 0 0.50 INCH OR MORE: 2
MIN 0 OR BELOW: 0 1.00 INCH OR MORE: 0
[HDD (BASE 65) ]
TOTAL THIS MO. 60 CLEAR (SCALE 0-3) 11
DPTR FM NORMAL -30 PTCLDY (SCALE 4-7) 14
TOTAL FM JUL 1 60 CLOUDY (SCALE 8-10) 5
DPTR FM NORMAL -39
[CDD (BASE 65) ]
TOTAL THIS MO. 124
DPTR FM NORMAL 44 [PRESSURE DATA]
TOTAL FM JAN 1 836 HIGHEST SLP 30.38 ON 22
DPTR FM NORMAL 47 LOWEST SLP 29.74 ON 7
[REMARKS]
#FINAL-09-23#