000
CXUS51 KOKX 010910
CF6ISP
PRELIMINARY LOCAL CLIMATOLOGICAL DATA (WS FORM: F-6)
STATION: ISLIP NY
MONTH: AUGUST
YEAR: 2022
LATITUDE: 40 47 N
LONGITUDE: 73 6 W
TEMPERATURE IN F: :PCPN: SNOW: WIND :SUNSHINE: SKY :PK WND
================================================================================
1 2 3 4 5 6A 6B 7 8 9 10 11 12 13 14 15 16 17 18
12Z AVG MX 2MIN
DY MAX MIN AVG DEP HDD CDD WTR SNW DPTH SPD SPD DIR MIN PSBL S-S WX SPD DR
================================================================================
1 77 68 73 -2 0 8 0.29 0.0 0 5.2 14 350 M M 9 1 16 20
2 88 69 79 4 0 14 0.00 0.0 0 7.8 18 220 M M 4 1 22 220
3 86 72 79 4 0 14 0.00 0.0 0 6.9 13 170 M M 2 17 340
4 90 72 81 6 0 16 0.00 0.0 0 9.2 17 210 M M 2 23 170
5 88 76 82 7 0 17 0.00 0.0 0 7.6 16 220 M M 6 19 210
6 87 75 81 6 0 16 0.00 0.0 0 10.8 18 210 M M 4 25 220
7 88 77 83 8 0 18 0.00 0.0 0 14.0 24 210 M M 5 30 220
8 89 77 83 8 0 18 0.00 0.0 0 13.7 24 220 M M 4 37 220
9 94 76 85 10 0 20 T 0.0 0 10.0 22 220 M M 4 3 26 230
10 86 74 80 6 0 15 0.00 0.0 0 7.5 14 10 M M 7 19 40
11 88 72 80 6 0 15 0.06 0.0 0 5.9 13 160 M M 8 1 20 270
12 85 68 77 3 0 12 0.00 0.0 0 10.0 20 360 M M 6 26 10
13 81 63 72 -2 0 7 0.00 0.0 0 7.1 17 360 M M 3 23 340
14 82 59 71 -3 0 6 0.00 0.0 0 5.5 16 190 M M 5 20 190
15 80 60 70 -4 0 5 0.00 0.0 0 5.1 14 150 M M 4 17 150
16 84 61 73 -1 0 8 0.00 0.0 0 9.2 22 30 M M 5 29 30
17 82 65 74 0 0 9 0.14 0.0 0 6.7 16 50 M M 8 1 25 40
18 86 62 74 0 0 9 T 0.0 0 7.0 20 220 M M 4 24 230
19 89 64 77 3 0 12 0.00 0.0 0 7.4 17 200 M M 3 22 200
20 89 72 81 8 0 16 0.00 0.0 0 6.4 15 160 M M 4 18 150
21 83 66 75 2 0 10 0.00 0.0 0 5.9 14 150 M M 6 18 140
22 82 72 77 4 0 12 0.03 0.0 0 4.4 12 170 M M 9 1 16 170
23 86 72 79 6 0 14 0.00 0.0 0 8.3 17 220 M M 6 3 23 220
24 92 68 80 7 0 15 0.00 0.0 0 8.2 18 220 M M 3 22 260
25 91 68 80 7 0 15 0.00 0.0 0 7.5 16 220 M M 3 20 270
26 87 70 79 7 0 14 0.15 0.0 0 9.1 24 260 M M 4 3 31 260
27 90 71 81 9 0 16 0.00 0.0 0 6.3 17 20 M M 3 21 20
28 83 70 77 5 0 12 0.00 0.0 0 8.4 16 150 M M 7 21 150
29 84 70 77 5 0 12 0.00 0.0 0 7.8 16 170 M M 7 22 180
30 85 74 80 8 0 15 0.00 0.0 0 10.9 20 170 M M 7 25 170
31 86 66 76 4 0 11 T 0.0 0 9.2 20 290 M M 3 28 290
================================================================================
SM 2668 2149 0 401 0.67 0.0 249.0 M 155
================================================================================
AV 86.1 69.3 8.0 FASTST M M 5 MAX(MPH)
MISC ----> # 24 210 37 220
================================================================================
NOTES:
# LAST OF SEVERAL OCCURRENCES
COLUMN 17 PEAK WIND IN M.P.H.
PRELIMINARY LOCAL CLIMATOLOGICAL DATA (WS FORM: F-6) , PAGE 2
STATION: ISLIP NY
MONTH: AUGUST
YEAR: 2022
LATITUDE: 40 47 N
LONGITUDE: 73 6 W
[TEMPERATURE DATA] [PRECIPITATION DATA] SYMBOLS USED IN COLUMN 16
AVERAGE MONTHLY: 77.7 TOTAL FOR MONTH: 0.67 1 = FOG OR MIST
DPTR FM NORMAL: 4.0 DPTR FM NORMAL: -3.57 2 = FOG REDUCING VISIBILITY
HIGHEST: 94 ON 9 GRTST 24HR 0.29 ON 1- 1 TO 1/4 MILE OR LESS
LOWEST: 59 ON 14 3 = THUNDER
SNOW, ICE PELLETS, HAIL 4 = ICE PELLETS
TOTAL MONTH: 0.0 INCH 5 = HAIL
GRTST 24HR 0.0 6 = FREEZING RAIN OR DRIZZLE
GRTST DEPTH: 0 7 = DUSTSTORM OR SANDSTORM:
VSBY 1/2 MILE OR LESS
8 = SMOKE OR HAZE
[NO. OF DAYS WITH] [WEATHER - DAYS WITH] 9 = BLOWING SNOW
X = TORNADO
MAX 32 OR BELOW: 0 0.01 INCH OR MORE: 5
MAX 90 OR ABOVE: 5 0.10 INCH OR MORE: 3
MIN 32 OR BELOW: 0 0.50 INCH OR MORE: 0
MIN 0 OR BELOW: 0 1.00 INCH OR MORE: 0
[HDD (BASE 65) ]
TOTAL THIS MO. 0 CLEAR (SCALE 0-3) 6
DPTR FM NORMAL -2 PTCLDY (SCALE 4-7) 23
TOTAL FM JUL 1 0 CLOUDY (SCALE 8-10) 2
DPTR FM NORMAL -1
[CDD (BASE 65) ]
TOTAL THIS MO. 401
DPTR FM NORMAL 130 [PRESSURE DATA]
TOTAL FM JAN 1 973 HIGHEST SLP M ON M
DPTR FM NORMAL 209 LOWEST SLP 29.73 ON 31
[REMARKS]
#FINAL-08-22#