000
CXUS53 KGRB 140114
CF6ISW
PRELIMINARY LOCAL CLIMATOLOGICAL DATA (WS FORM: F-6)
STATION: WISCONSIN RAPIDS ASOS
MONTH: OCTOBER
YEAR: 2021
LATITUDE: 44 22 N
LONGITUDE: 89 50 W
TEMPERATURE IN F: :PCPN: SNOW: WIND :SUNSHINE: SKY :PK WND
================================================================================
1 2 3 4 5 6A 6B 7 8 9 10 11 12 13 14 15 16 17 18
12Z AVG MX 2MIN
DY MAX MIN AVG DEP HDD CDD WTR SNW DPTH SPD SPD DIR MIN PSBL S-S WX SPD DR
================================================================================
1 85 54 70 16 0 5 0.06 0.0 0 3.5 16 200 M M 2 1 20 220
2 80 60 70 16 0 5 0.02 0.0 0 4.0 17 200 M M 5 1 24 210
3 72 61 67 14 0 2 0.03 0.0 0 5.1 14 300 M M 9 12 19 310
4 72 59 66 13 0 1 0.00 0.0 0 5.4 12 20 M M 10 1 17 350
5 69 54 62 10 3 0 0.00 0.0 0 4.8 10 100 M M 8 1 14 100
6 76 53 65 13 0 0 0.00 0.0 0 6.0 14 110 M M 5 1 19 100
7 65 55 60 9 5 0 0.03 0.0 0 6.6 13 90 M M 10 1 18 70
8 75 54 65 14 0 0 0.00 0.0 0 2.8 10 190 M M 6 1 16 160
9 72 52 62 12 3 0 0.01 0.0 0 6.9 15 110 M M 6 12 21 120
10 78 64 71 21 0 6 T 0.0 0 9.2 22 190 M M 3 1 33 180
11 65 57 61 11 4 0 0.56 0.0 0 5.5 13 10 M M 9 1 17 10
12 64 58 61 12 4 0 0.03 0.0 0 6.0 12 350 M M 10 1 16 360
13 65 57 61 12 4 0 0.07 0.0 0 6.9 20 150 M M 9 1 30 140
14 64 44 54 6 11 0 0.00 0.0 0 9.8 17 220 M M 0 27 270
15 62 36 49 1 16 0 0.00 0.0 0 5.7 17 220 M M 2 1 26 290
16 59 36 48 0 17 0 0.00 0.0 0 9.7 23 290 M M 1 34 290
17 66 33 50 3 15 0 0.00 0.0 0 4.4 17 300 M M 0 25 280
18 73 34 54 7 11 0 0.00 0.0 0 3.0 13 230 M M 0 18 180
19 73 40 57 11 8 0 T 0.0 0 4.5 17 210 M M 1 24 210
20 68 45 57 11 8 0 0.01 0.0 0 7.3 21 110 M M 5 13 27 90
21 53 31 42 -3 23 0 0.07 0.0 0 8.2 18 360 M M 6 1 26 340
22 48 28 38 -7 27 0 0.00 0.0 0 2.3 8 360 M M 5 1 13 280
23 52 29 41 -3 24 0 0.00 0.0 0 2.4 10 360 M M 2 15 10
24 50 28 39 -5 26 0 0.00 0.0 0 9.1 22 60 M M 1 35 70
25 54 33 44 0 21 0 0.00 0.0 0 9.2 21 20 M M 0 28 40
26 53 27 40 -3 25 0 0.00 0.0 0 4.0 14 90 M M 0 19 100
27 59 34 47 4 18 0 0.00 0.0 0 9.8 17 100 M M 1 26 110
28 53 43 48 6 17 0 0.08 0.0 0 8.8 16 70 M M 7 1 22 60
29 56 44 50 8 15 0 0.04 0.0 0 11.3 21 20 M M 7 28 10
30 61 39 50 9 15 0 0.00 0.0 0 5.0 12 20 M M 1 13 50
31 49 34 42 1 23 0 0.00 0.0 0 11.6 26 300 M M 5 37 290
================================================================================
SM 1991 1376 343 19 1.01 0.0 198.8 M 136
================================================================================
AV 64.2 44.4 6.4 FASTST M M 4 MAX(MPH)
MISC ----> 26 300 37 290
================================================================================
NOTES:
# LAST OF SEVERAL OCCURRENCES
COLUMN 17 PEAK WIND IN M.P.H.
PRELIMINARY LOCAL CLIMATOLOGICAL DATA (WS FORM: F-6) , PAGE 2
STATION: WISCONSIN RAPIDS ASOS
MONTH: OCTOBER
YEAR: 2021
LATITUDE: 44 22 N
LONGITUDE: 89 50 W
[TEMPERATURE DATA] [PRECIPITATION DATA] SYMBOLS USED IN COLUMN 16
AVERAGE MONTHLY: 54.3 TOTAL FOR MONTH: 1.01 1 = FOG OR MIST
DPTR FM NORMAL: 6.8 DPTR FM NORMAL: -1.50 2 = FOG REDUCING VISIBILITY
HIGHEST: 85 ON 1 GRTST 24HR 0.59 ON 11-12 TO 1/4 MILE OR LESS
LOWEST: 27 ON 26 3 = THUNDER
SNOW, ICE PELLETS, HAIL 4 = ICE PELLETS
TOTAL MONTH: 0.0 INCH 5 = HAIL
GRTST 24HR 0.0 6 = FREEZING RAIN OR DRIZZLE
GRTST DEPTH: 0 7 = DUSTSTORM OR SANDSTORM:
VSBY 1/2 MILE OR LESS
8 = SMOKE OR HAZE
[NO. OF DAYS WITH] [WEATHER - DAYS WITH] 9 = BLOWING SNOW
X = TORNADO
MAX 32 OR BELOW: 0 0.01 INCH OR MORE: 12
MAX 90 OR ABOVE: 0 0.10 INCH OR MORE: 1
MIN 32 OR BELOW: 5 0.50 INCH OR MORE: 1
MIN 0 OR BELOW: 0 1.00 INCH OR MORE: 0
[HDD (BASE 65) ]
TOTAL THIS MO. 343 CLEAR (SCALE 0-3) 14
DPTR FM NORMAL -204 PTCLDY (SCALE 4-7) 11
TOTAL FM JUL 1 450 CLOUDY (SCALE 8-10) 6
DPTR FM NORMAL -328
[CDD (BASE 65) ]
TOTAL THIS MO. 19
DPTR FM NORMAL 15 [PRESSURE DATA]
TOTAL FM JAN 1 672 HIGHEST SLP 30.33 ON 6
DPTR FM NORMAL 170 LOWEST SLP 29.56 ON 10
[REMARKS]
#FINAL-10-21#