000
CXUS52 TJSJ 010429
CF6ISX
PRELIMINARY LOCAL CLIMATOLOGICAL DATA (WS FORM: F-6)
STATION: HENRY E. ROHLSEN AP/ST CROIX
MONTH: AUGUST
YEAR: 2021
LATITUDE: 17 42 N
LONGITUDE: 64 48 W
TEMPERATURE IN F: :PCPN: SNOW: WIND :SUNSHINE: SKY :PK WND
================================================================================
1 2 3 4 5 6A 6B 7 8 9 10 11 12 13 14 15 16 17 18
12Z AVG MX 2MIN
DY MAX MIN AVG DEP HDD CDD WTR SNW DPTH SPD SPD DIR MIN PSBL S-S WX SPD DR
================================================================================
1 90 77 84 1 0 19 0.00 M M 11.1 18 110 M M 3 22 110
2 87 75 81 -2 0 16 T M M 7.5 10 140 M M 3 18 10 140
3 89 76 83 0 0 18 0.00 M M 11.3 14 110 M M 3 1 14 110
4 90 77 84 1 0 19 0.00 M M 11.3 15 140 M M 4 18 23 120
5 91 78 85 2 0 20 0.00 M M 11.7 20 80 M M 3 26 110
6 90 78 84 1 0 19 0.00 M M 10.1 20 100 M M 2 25 100
7 91 75 83 0 0 18 T M M 9.7 18 100 M M 3 24 110
8 83 76 80 -3 0 15 1.05 M M 9.9 25 100 M M 6 128 32 100
9 89 77 83 -1 0 18 0.16 M M 11.1 22 100 M M 4 1 27 110
10 83 76 80 -4 0 15 0.78 M M 12.7 30 110 M M 6 1 41 130
11 88 77 83 -1 0 18 0.00 M M 10.9 20 100 M M 4 24 90
12 89 78 84 0 0 19 T M M 12.9 21 100 M M 3 24 100
13 90 81 86 2 0 21 0.00 M M 14.3 18 50 M M 4 24 50
14 89 80 85 1 0 20 0.09 M M 13.3 22 100 M M 5 18 28 100
15 82 74 78 -6 0 13 0.95 M M 12.8 24 100 M M 7 1 36 10
16 88 79 84 0 0 19 0.00 M M 13.3 21 90 M M 3 26 90
17 88 78 83 -1 0 18 T M M 12.0 22 100 M M 3 27 90
18 89 78 84 0 0 19 0.00 M M 12.0 23 100 M M 2 27 80
19 90 78 84 0 0 19 0.03 M M 13.1 25 60 M M 4 18 32 50
20 90 80 85 1 0 20 T M M 14.9 23 100 M M 5 8 28 80
21 90 80 85 1 0 20 0.00 M M 14.6 24 90 M M 5 8 30 100
22 88 81 85 1 0 20 T M M 15.2 26 70 M M 6 18 34 70
23 89 81 85 1 0 20 0.00 M M 14.6 28 90 M M 6 8 32 70
24 90 79 85 1 0 20 0.00 M M 12.0 23 90 M M 2 8 28 90
25 89 78 84 0 0 19 0.00 M M 11.7 20 90 M M 3 25 80
26 89 76 83 0 0 18 0.00 M M 10.4 18 90 M M 2 22 100
27 91 79 85 2 0 20 0.00 M M 13.8 24 100 M M 4 28 80
28 90 81 86 3 0 21 0.00 M M 11.8 21 40 M M 4 8 27 40
29 91 77 84 1 0 19 0.00 M M 6.5 16 50 M M 3 8 23 40
30 90 75 83 0 0 18 0.00 M M 5.0 10 130 M M 3 14 150
31 88 74 81 -2 0 16 0.21 M M 4.2 12 20 M M 2 1 16 20
================================================================================
SM 2751 2409 0 574 3.27 M 355.7 M 117
================================================================================
AV 88.7 77.7 11.5 FASTST M M 4 MAX(MPH)
MISC ----> 30 110 41 130
================================================================================
NOTES:
# LAST OF SEVERAL OCCURRENCES
COLUMN 17 PEAK WIND IN M.P.H.
PRELIMINARY LOCAL CLIMATOLOGICAL DATA (WS FORM: F-6) , PAGE 2
STATION: HENRY E. ROHLSEN AP/ST CROIX
MONTH: AUGUST
YEAR: 2021
LATITUDE: 17 42 N
LONGITUDE: 64 48 W
[TEMPERATURE DATA] [PRECIPITATION DATA] SYMBOLS USED IN COLUMN 16
AVERAGE MONTHLY: 83.2 TOTAL FOR MONTH: 3.27 1 = FOG OR MIST
DPTR FM NORMAL: -0.2 DPTR FM NORMAL: 0.04 2 = FOG REDUCING VISIBILITY
HIGHEST: 91 ON 29,27 GRTST 24HR 1.05 ON 7- 8 TO 1/4 MILE OR LESS
LOWEST: 74 ON 31,15 3 = THUNDER
SNOW, ICE PELLETS, HAIL 4 = ICE PELLETS
TOTAL MONTH: M 5 = HAIL
GRTST 24HR M ON M 6 = FREEZING RAIN OR DRIZZLE
GRTST DEPTH: M ON M 7 = DUSTSTORM OR SANDSTORM:
VSBY 1/2 MILE OR LESS
8 = SMOKE OR HAZE
[NO. OF DAYS WITH] [WEATHER - DAYS WITH] 9 = BLOWING SNOW
X = TORNADO
MAX 32 OR BELOW: 0 0.01 INCH OR MORE: 7
MAX 90 OR ABOVE: 14 0.10 INCH OR MORE: 5
MIN 32 OR BELOW: 0 0.50 INCH OR MORE: 3
MIN 0 OR BELOW: 0 1.00 INCH OR MORE: 1
[HDD (BASE 65) ]
TOTAL THIS MO. 0 CLEAR (SCALE 0-3) 13
DPTR FM NORMAL 0 PTCLDY (SCALE 4-7) 18
TOTAL FM JUL 1 0 CLOUDY (SCALE 8-10) 0
DPTR FM NORMAL 0
[CDD (BASE 65) ]
TOTAL THIS MO. 574
DPTR FM NORMAL 2 [PRESSURE DATA]
TOTAL FM JAN 1 4004 HIGHEST SLP M ON M
DPTR FM NORMAL 218 LOWEST SLP 29.83 ON 24
[REMARKS]
#FINAL-08-21#