000
CXHW53 PHFO 201853
CLMITO
CLIMATE REPORT
NATIONAL WEATHER SERVICE HONOLULU HI
853 AM HST TUE FEB 20 2024
...................................
...THE HILO HI CLIMATE SUMMARY FOR THE MONTH OF JANUARY 2024...
CLIMATE NORMAL PERIOD 1991 TO 2020
CLIMATE RECORD PERIOD 1949 TO 2024
WEATHER OBSERVED NORMAL DEPART LAST YEAR`S
VALUE DATE(S) VALUE FROM VALUE DATE(S)
NORMAL
................................................................
TEMPERATURE (F)
RECORD
HIGH 92 01/28/1997
LOW 54 01/10/1995
01/19/1980
01/21/1980
HIGHEST 88 01/28 79 9 87 01/20
LOWEST 59 01/13 64 -5 59 01/11
01/14
AVG. MAXIMUM 82.3 78.7 3.6 82.1
AVG. MINIMUM 63.6 64.1 -0.5 64.3
MEAN 72.9 71.4 1.5 73.2
DAYS MAX >= 93 0 0
DAYS MAX >= 90 0 0
DAYS MAX <= 80 9 5
DAYS MIN >= 72 0 0
DAYS MIN <= 60 0 0
DAYS MIN <= 55 0 0
PRECIPITATION (INCHES)
RECORD
MAXIMUM 32.24 1979
MINIMUM 0.13 1998
TOTALS 3.21 7.86 -4.65 2.06
DAILY AVG. 0.10 0.25 -0.15 0.07
DAYS >= .01 12 15.7 -3.7 15
DAYS >= .10 5 9.6 -4.6 6
DAYS >= .50 3 4.4 -1.4 1
DAYS >= 1.00 1 2.1 -1.1 0
GREATEST
24 HR. TOTAL 1.01 01/07 TO 01/07 0.77
DEGREE DAYS
HEATING TOTAL 0 0 0 0
SINCE 7/1 0 0 0 MM
COOLING TOTAL 254 198 56 260
SINCE 1/1 254 198 56 MM
................................................................
WIND (MPH)
AVERAGE WIND SPEED 6.8
HIGHEST WIND SPEED/DIRECTION MM DATE MM
HIGHEST GUST SPEED/DIRECTION MM DATE MM
SKY COVER
POSSIBLE SUNSHINE (PERCENT) MM
AVERAGE SKY COVER 0.40
NUMBER OF DAYS FAIR 14
NUMBER OF DAYS PC 14
NUMBER OF DAYS CLOUDY 3
AVERAGE RH (PERCENT) 78
WEATHER CONDITIONS. NUMBER OF DAYS WITH
THUNDERSTORM MM MIXED PRECIP MM
HEAVY RAIN 5 RAIN 5
LIGHT RAIN 12 FREEZING RAIN MM
LT FREEZING RAIN MM HAIL MM
HEAVY SNOW MM SNOW MM
LIGHT SNOW MM SLEET MM
FOG 10 FOG W/VIS <= 1/4 MILE MM
HAZE 1
- INDICATES NEGATIVE NUMBERS.
R INDICATES RECORD WAS SET OR TIED.
MM INDICATES DATA IS MISSING.
T INDICATES TRACE AMOUNT.
$$