000
CXUS55 KGLD 021643
CF6ITR
PRELIMINARY LOCAL CLIMATOLOGICAL DATA (WS FORM: F-6)
STATION: BURLINGTON CO
MONTH: FEBRUARY
YEAR: 2022
LATITUDE: 39 15 N
LONGITUDE: 102 17 W
TEMPERATURE IN F: :PCPN: SNOW: WIND :SUNSHINE: SKY :PK WND
================================================================================
1 2 3 4 5 6A 6B 7 8 9 10 11 12 13 14 15 16 17 18
12Z AVG MX 2MIN
DY MAX MIN AVG DEP HDD CDD WTR SNW DPTH SPD SPD DIR MIN PSBL S-S WX SPD DR
================================================================================
1 34 18 26 -5 39 0 0.00 M M 11.0 18 60 M M 2 23 360
2 18 2 10 -21 55 0 0.14 M M 12.8 17 40 M M 10 8 M M
3 16 -11 3 -28 62 0 0.00 M M 8.3 15 240 M M 2 8 28 220
4 36 2 19 -12 46 0 0.00 M M 10.6 21 230 M M 0 26 230
5 44 22 33 2 32 0 0.00 M M 13.1 23 230 M M 0 28 220
6 39 20 30 -1 35 0 0.00 M M 12.4 18 340 M M 1 28 330
7 43 20 32 1 33 0 0.00 M M 11.2 16 240 M M 0 19 250
8 46 27 37 6 28 0 0.00 M M 11.5 24 330 M M 0 33 330
9 46 23 35 4 30 0 0.02 M M 9.2 26 30 M M 3 34 30
10 53 25 39 8 26 0 0.00 M M 11.7 23 240 M M 0 28 240
11 42 17 30 -1 35 0 T M M 13.8 28 20 M M 3 41 10
12 44 15 30 -1 35 0 0.00 M M 9.3 17 320 M M 1 8 23 300
13 60 21 41 9 24 0 0.00 M M 11.6 26 240 M M 0 33 230
14 54 22 38 6 27 0 0.00 M M 13.2 25 180 M M 0 33 170
15 60 27 44 12 21 0 0.00 M M 7.4 20 180 M M 0 24 190
16 38 19 29 -3 36 0 T M M 15.8 29 20 M M 5 43 20
17 36 16 26 -6 39 0 T M M 11.4 24 20 M M 4 32 20
18 53 21 37 5 28 0 0.00 M M 10.3 24 330 M M 1 37 300
19 61 21 41 8 24 0 0.00 M M 14.8 35 200 M M 0 44 190
20 67 28 48 15 17 0 0.00 M M 12.9 26 180 M M 0 35 170
21 46 4 25 -8 40 0 0.00 M M 17.5 31 360 M M 2 44 360
22 14 -1 7 -26 58 0 T M M 17.8 28 10 M M 9 8 39 360
23 15 -8 4 -30 61 0 T M M 9.2 21 130 M M 2 8 25 120
24 20 1 11 -23 54 0 T M M 8.2 21 180 M M 4 8 26 180
25 36 1 19 -15 46 0 0.00 M M 7.6 15 170 M M 2 21 130
26 44 8 26 -9 39 0 0.00 M M 8.5 17 310 M M 1 22 320
27 62 10 36 1 29 0 0.00 M M 8.1 17 250 M M 0 22 250
28 65 20 43 8 22 0 0.00 M M 10.1 17 250 M M 0 22 220
================================================================================
SM 1192 390 1021 0 0.16 M 319.3 M 52
================================================================================
AV 42.6 13.9 11.4 FASTST M M 2 MAX(MPH)
MISC ----> 35 200 # 44 190
================================================================================
NOTES:
# LAST OF SEVERAL OCCURRENCES
COLUMN 17 PEAK WIND IN M.P.H.
PRELIMINARY LOCAL CLIMATOLOGICAL DATA (WS FORM: F-6) , PAGE 2
STATION: BURLINGTON CO
MONTH: FEBRUARY
YEAR: 2022
LATITUDE: 39 15 N
LONGITUDE: 102 17 W
[TEMPERATURE DATA] [PRECIPITATION DATA] SYMBOLS USED IN COLUMN 16
AVERAGE MONTHLY: 28.3 TOTAL FOR MONTH: 0.16 1 = FOG OR MIST
DPTR FM NORMAL: -4.0 DPTR FM NORMAL: -0.11 2 = FOG REDUCING VISIBILITY
HIGHEST: 67 ON 20 GRTST 24HR 0.14 ON 2- 2 TO 1/4 MILE OR LESS
LOWEST: -11 ON 3 3 = THUNDER
SNOW, ICE PELLETS, HAIL 4 = ICE PELLETS
TOTAL MONTH: M 5 = HAIL
GRTST 24HR M ON M 6 = FREEZING RAIN OR DRIZZLE
GRTST DEPTH: M ON M 7 = DUSTSTORM OR SANDSTORM:
VSBY 1/2 MILE OR LESS
8 = SMOKE OR HAZE
[NO. OF DAYS WITH] [WEATHER - DAYS WITH] 9 = BLOWING SNOW
X = TORNADO
MAX 32 OR BELOW: 5 0.01 INCH OR MORE: 2
MAX 90 OR ABOVE: 0 0.10 INCH OR MORE: 1
MIN 32 OR BELOW: 28 0.50 INCH OR MORE: 0
MIN 0 OR BELOW: 3 1.00 INCH OR MORE: 0
[HDD (BASE 65) ]
TOTAL THIS MO. 1021 CLEAR (SCALE 0-3) 22
DPTR FM NORMAL 103 PTCLDY (SCALE 4-7) 4
TOTAL FM JUL 1 3903 CLOUDY (SCALE 8-10) 2
DPTR FM NORMAL -468
[CDD (BASE 65) ]
TOTAL THIS MO. 0
DPTR FM NORMAL 0 [PRESSURE DATA]
TOTAL FM JAN 1 0 HIGHEST SLP 30.64 ON 4
DPTR FM NORMAL 0 LOWEST SLP 29.53 ON 21
[REMARKS]
#FINAL-02-22#